--
-- Host: localhost    Database: clinicalgurukul
-- ------------------------------------------------------


--
-- Table structure for table `checklist_fields`
--

CREATE TABLE `checklist_fields` (
  `id` int(11) NOT NULL AUTO_INCREMENT,
  `section_id` int(11) NOT NULL,
  `field_name` varchar(255) NOT NULL,
  `field_key` varchar(255) NOT NULL,
  `input_type` varchar(50) NOT NULL,
  `description` text DEFAULT NULL,
  `placeholder` varchar(255) DEFAULT NULL,
  `options_json` longtext DEFAULT NULL,
  `is_repeatable` tinyint(1) NOT NULL DEFAULT 0,
  `max_files` int(11) DEFAULT NULL,
  `sort_order` int(11) NOT NULL DEFAULT 0,
  `status` tinyint(1) NOT NULL DEFAULT 1,
  `created_at` timestamp NULL DEFAULT current_timestamp(),
  `updated_at` timestamp NULL DEFAULT current_timestamp() ON UPDATE current_timestamp(),
  PRIMARY KEY (`id`),
  UNIQUE KEY `uq_field_key` (`section_id`,`field_key`),
  KEY `idx_field_section` (`section_id`),
  KEY `idx_field_sort` (`section_id`,`sort_order`),
  CONSTRAINT `fk_field_section` FOREIGN KEY (`section_id`) REFERENCES `checklist_sections` (`id`) ON DELETE CASCADE ON UPDATE CASCADE
) ENGINE=InnoDB AUTO_INCREMENT=209 DEFAULT CHARSET=utf8mb4 COLLATE=utf8mb4_unicode_ci;

--
-- Dumping data for table `checklist_fields`
--

INSERT INTO `checklist_fields` VALUES
(1,1,'Name Of Hospital','name_of_hospital','text',NULL,NULL,NULL,0,NULL,1,1,'2026-08-14 19:06:29','2026-08-14 19:06:29'),
(2,1,'Owner of Hospital','owner_of_hospital','text',NULL,NULL,NULL,0,NULL,2,1,'2026-08-14 19:06:29','2026-08-14 19:06:29'),
(3,1,'Name (Authorized Signatory)','name_authorized_signatory','text',NULL,NULL,NULL,0,NULL,3,1,'2026-08-14 19:06:29','2026-08-14 19:06:29'),
(4,1,'Signature Photo','signature_photo','image',NULL,NULL,NULL,0,NULL,4,1,'2026-08-14 19:06:29','2026-08-14 19:06:29'),
(5,1,'Date of login','date_of_login','date',NULL,NULL,NULL,0,NULL,5,1,'2026-08-14 19:06:29','2026-08-14 19:06:29'),
(6,3,'Legal Tracker','legal_tracker','checklist',NULL,NULL,NULL,0,NULL,6,1,'2026-08-14 19:06:29','2026-08-14 19:06:29'),
(7,3,'GSTIN','gstin','image',NULL,NULL,NULL,0,NULL,7,1,'2026-08-14 19:06:29','2026-08-14 19:06:29'),
(8,3,'PAN','pan','image',NULL,NULL,NULL,0,NULL,8,1,'2026-08-14 19:06:29','2026-08-14 19:06:29'),
(9,3,'TAN','tan','image',NULL,NULL,NULL,0,NULL,9,1,'2026-08-14 19:06:29','2026-08-14 19:06:29'),
(10,3,'Registration under the Clinical Establishment Act (CEA) or State Act','registration_under_the_clinical_establishment_act_cea_or_state_act','image',NULL,NULL,NULL,0,NULL,10,1,'2026-08-14 19:06:29','2026-08-14 19:06:29'),
(11,3,'Registration under the shop and establishment act','registration_under_the_shop_and_establishment_act','image',NULL,NULL,NULL,0,NULL,11,1,'2026-08-14 19:06:29','2026-08-14 19:06:29'),
(12,3,'Registration with local authorities (City corporation/Municipality/Panchayat)','registration_with_local_authorities_city_corporation_municipality_panchayat','image',NULL,NULL,NULL,0,NULL,12,1,'2026-08-14 19:06:29','2026-08-14 19:06:29'),
(13,3,'PCB','pcb','image',NULL,NULL,NULL,0,NULL,13,1,'2026-08-14 19:06:29','2026-08-14 19:06:29'),
(14,3,'MOU-BMW','mou_bmw','image',NULL,NULL,NULL,0,NULL,14,1,'2026-08-14 19:06:29','2026-08-14 19:06:29'),
(15,3,'PCB-Air and Water','pcb_air_and_water','image',NULL,NULL,NULL,0,NULL,15,1,'2026-08-14 19:06:29','2026-08-14 19:06:29'),
(16,3,'Fire NOC','fire_noc','image',NULL,NULL,NULL,0,NULL,16,1,'2026-08-14 19:06:29','2026-08-14 19:06:29'),
(17,3,'Building occupancy','building_occupancy','image',NULL,NULL,NULL,0,NULL,17,1,'2026-08-14 19:06:29','2026-08-14 19:06:29'),
(18,3,'License for store compressed gases Petroleum and Explosives Safety Organisation (PESO)','license_for_store_compressed_gases_petroleum_and_explosives_safety_organisation_peso','image',NULL,NULL,NULL,0,NULL,18,1,'2026-08-14 19:06:29','2026-08-14 19:06:29'),
(19,3,'Lift Licenses for all the lifts','lift_licenses_for_all_the_lifts','image',NULL,NULL,NULL,0,NULL,19,1,'2026-08-14 19:06:29','2026-08-14 19:06:29'),
(20,3,'Canteen Food Safety and Standards Authority of India (FSSAI)','canteen_food_safety_and_standards_authority_of_india_fssai','image',NULL,NULL,NULL,0,NULL,20,1,'2026-08-14 19:06:29','2026-08-14 19:06:29'),
(21,3,'Registration under PC-PNDT Act','registration_under_pc_pndt_act','image',NULL,NULL,NULL,0,NULL,21,1,'2026-08-14 19:06:29','2026-08-14 19:06:29'),
(22,3,'Registration under Medical Termination of Pregnancy (MTP) Act','registration_under_medical_termination_of_pregnancy_mtp_act','image',NULL,NULL,NULL,0,NULL,22,1,'2026-08-14 19:06:29','2026-08-14 19:06:29'),
(23,3,'AERB license for Fixed X-Ray','aerb_license_for_fixed_x_ray','image',NULL,NULL,NULL,0,NULL,23,1,'2026-08-14 19:06:29','2026-08-14 19:06:29'),
(24,3,'AERB license for Mobile X-Ray(s)','aerb_license_for_mobile_x_ray_s','image',NULL,NULL,NULL,0,NULL,24,1,'2026-08-14 19:06:29','2026-08-14 19:06:29'),
(25,3,'AERB license for Dental X-Ray(s)','aerb_license_for_dental_x_ray_s','image',NULL,NULL,NULL,0,NULL,25,1,'2026-08-14 19:06:29','2026-08-14 19:06:29'),
(26,3,'AERB license for Orthopantomogram (OPG)','aerb_license_for_orthopantomogram_opg','image',NULL,NULL,NULL,0,NULL,26,1,'2026-08-14 19:06:29','2026-08-14 19:06:29'),
(27,3,'AERB license for Catheterization Laboratory (CT) Scan','aerb_license_for_catheterization_laboratory_ct_scan','image',NULL,NULL,NULL,0,NULL,27,1,'2026-08-14 19:06:29','2026-08-14 19:06:29'),
(28,3,'AERB license for Mammography','aerb_license_for_mammography','image',NULL,NULL,NULL,0,NULL,28,1,'2026-08-14 19:06:29','2026-08-14 19:06:29'),
(29,3,'AERB license for Bone Mineral Density (BMD)','aerb_license_for_bone_mineral_density_bmd','image',NULL,NULL,NULL,0,NULL,29,1,'2026-08-14 19:06:29','2026-08-14 19:06:29'),
(30,3,'AERB license for C-Arm','aerb_license_for_c_arm','image',NULL,NULL,NULL,0,NULL,30,1,'2026-08-14 19:06:29','2026-08-14 19:06:29'),
(31,3,'AERB license for Cath Lab','aerb_license_for_cath_lab','image',NULL,NULL,NULL,0,NULL,31,1,'2026-08-14 19:06:29','2026-08-14 19:06:29'),
(32,3,'Radiation Safety Officer (RSO) I,II,II','radiation_safety_officer_rso_i_ii_ii','image',NULL,NULL,NULL,0,NULL,32,1,'2026-08-14 19:06:29','2026-08-14 19:06:29'),
(33,3,'Nuclear Medicine','nuclear_medicine','image',NULL,NULL,NULL,0,NULL,33,1,'2026-08-14 19:06:29','2026-08-14 19:06:29'),
(34,3,'Radiotherapy','radiotherapy','image',NULL,NULL,NULL,0,NULL,34,1,'2026-08-14 19:06:29','2026-08-14 19:06:29'),
(35,3,'Pharmacy License (if retail pharmacy exists)','pharmacy_license_if_retail_pharmacy_exists','image',NULL,NULL,NULL,0,NULL,35,1,'2026-08-14 19:06:29','2026-08-14 19:06:29'),
(36,3,'Narcotics license','narcotics_license','image',NULL,NULL,NULL,0,NULL,36,1,'2026-08-14 19:06:29','2026-08-14 19:06:29'),
(37,3,'Blood centre','blood_centre','image',NULL,NULL,NULL,0,NULL,37,1,'2026-08-14 19:06:29','2026-08-14 19:06:29'),
(38,3,'Registration for transplantation','registration_for_transplantation','image',NULL,NULL,NULL,0,NULL,38,1,'2026-08-14 19:06:29','2026-08-14 19:06:29'),
(39,3,'Mental Health Act license','mental_health_act_license','image',NULL,NULL,NULL,0,NULL,39,1,'2026-08-14 19:06:29','2026-08-14 19:06:29'),
(40,3,'Assisted Reproductive Technology (ART) License','assisted_reproductive_technology_art_license','image',NULL,NULL,NULL,0,NULL,40,1,'2026-08-14 19:06:29','2026-08-14 19:06:29'),
(41,3,'Rent agreement (If applicable)','rent_agreement_if_applicable','image',NULL,NULL,NULL,0,NULL,41,1,'2026-08-14 19:06:29','2026-08-14 19:06:29'),
(42,3,'Others, if any','others_if_any','image',NULL,NULL,NULL,0,NULL,42,1,'2026-08-14 19:06:29','2026-08-14 19:06:29'),
(43,4,'MOU Tracker','mou_tracker','checklist',NULL,NULL,NULL,0,NULL,43,1,'2026-08-14 19:06:29','2026-08-14 19:06:29'),
(44,4,'Biomedical Waste Management MOU','biomedical_waste_management_mou','image',NULL,NULL,NULL,0,NULL,44,1,'2026-08-14 19:06:29','2026-08-14 19:06:29'),
(45,4,'Radiology/Imaging Services MOU','radiology_imaging_services_mou','image',NULL,NULL,NULL,0,NULL,45,1,'2026-08-14 19:06:29','2026-08-14 19:06:29'),
(46,4,'Blood Bank MOU','blood_bank_mou','image',NULL,NULL,NULL,0,NULL,46,1,'2026-08-14 19:06:29','2026-08-14 19:06:29'),
(47,4,'Laundry Services MOU','laundry_services_mou','image',NULL,NULL,NULL,0,NULL,47,1,'2026-08-14 19:06:29','2026-08-14 19:06:29'),
(48,4,'Ambulance Services MOU','ambulance_services_mou','image',NULL,NULL,NULL,0,NULL,48,1,'2026-08-14 19:06:29','2026-08-14 19:06:29'),
(49,4,'Equipment AMC / CMC Agreement','equipment_amc_cmc_agreement','image',NULL,NULL,NULL,0,NULL,49,1,'2026-08-14 19:06:29','2026-08-14 19:06:29'),
(50,4,'Calibration Services MOU','calibration_services_mou','image',NULL,NULL,NULL,0,NULL,50,1,'2026-08-14 19:06:29','2026-08-14 19:06:29'),
(51,4,'Dietary / Kitchen / Food Supply Services MOU','dietary_kitchen_food_supply_services_mou','image',NULL,NULL,NULL,0,NULL,51,1,'2026-08-14 19:06:29','2026-08-14 19:06:29'),
(52,4,'Housekeeping / Cleaning Services MOU','housekeeping_cleaning_services_mou','image',NULL,NULL,NULL,0,NULL,52,1,'2026-08-14 19:06:29','2026-08-14 19:06:29'),
(53,4,'Security Services MOU','security_services_mou','image',NULL,NULL,NULL,0,NULL,53,1,'2026-08-14 19:06:29','2026-08-14 19:06:29'),
(54,4,'Pest Control Services MOU','pest_control_services_mou','image',NULL,NULL,NULL,0,NULL,54,1,'2026-08-14 19:06:29','2026-08-14 19:06:29'),
(55,4,'Fire Safety / Fire Equipment Maintenance MOU','fire_safety_fire_equipment_maintenance_mou','image',NULL,NULL,NULL,0,NULL,55,1,'2026-08-14 19:06:29','2026-08-14 19:06:29'),
(56,4,'Medical Gas Pipeline / Oxygen Supply MOU','medical_gas_pipeline_oxygen_supply_mou','image',NULL,NULL,NULL,0,NULL,56,1,'2026-08-14 19:06:29','2026-08-14 19:06:29'),
(57,4,'Hazardous Waste / E‑Waste Disposal MOU','hazardous_waste_e_waste_disposal_mou','image',NULL,NULL,NULL,0,NULL,57,1,'2026-08-14 19:06:29','2026-08-14 19:06:29'),
(58,4,'Sterilization / CSSD/ETO Services MOU','sterilization_cssd_eto_services_mou','image',NULL,NULL,NULL,0,NULL,58,1,'2026-08-14 19:06:29','2026-08-14 19:06:29'),
(59,4,'Pharmacy Supply / Drug Vendor Agreement','pharmacy_supply_drug_vendor_agreement','image',NULL,NULL,NULL,0,NULL,59,1,'2026-08-14 19:06:29','2026-08-14 19:06:29'),
(60,4,'Referral Hospital / Higher Centre MOU','referral_hospital_higher_centre_mou','image',NULL,NULL,NULL,0,NULL,60,1,'2026-08-14 19:06:29','2026-08-14 19:06:29'),
(61,4,'Organ / Tissue / Eye Bank MOU','organ_tissue_eye_bank_mou','image',NULL,NULL,NULL,0,NULL,61,1,'2026-08-14 19:06:29','2026-08-14 19:06:29'),
(62,4,'Dialysis Services MOU','dialysis_services_mou','image',NULL,NULL,NULL,0,NULL,62,1,'2026-08-14 19:06:29','2026-08-14 19:06:29'),
(63,4,'Mortuary Services MOU','mortuary_services_mou','image',NULL,NULL,NULL,0,NULL,63,1,'2026-08-14 19:06:29','2026-08-14 19:06:29'),
(64,4,'Water Testing / RO Plant Maintenance MOU','water_testing_ro_plant_maintenance_mou','image',NULL,NULL,NULL,0,NULL,64,1,'2026-08-14 19:06:29','2026-08-14 19:06:29'),
(65,4,'STP / Environmental Services Agreement','stp_environmental_services_agreement','image',NULL,NULL,NULL,0,NULL,65,1,'2026-08-14 19:06:29','2026-08-14 19:06:29'),
(66,4,'IT / HIS Support Agreement','it_his_support_agreement','image',NULL,NULL,NULL,0,NULL,66,1,'2026-08-14 19:06:29','2026-08-14 19:06:29'),
(67,4,'External Consultant / Specialist Doctor Agreement','external_consultant_specialist_doctor_agreement','image',NULL,NULL,NULL,0,NULL,67,1,'2026-08-14 19:06:29','2026-08-14 19:06:29'),
(68,5,'Clinical Services as per NABH data sheet','clinical_services_as_per_nabh_data_sheet','checklist',NULL,NULL,NULL,0,NULL,68,1,'2026-08-14 19:06:29','2026-08-14 19:06:29'),
(69,5,'Support Services as per NABH data sheet','support_services_as_per_nabh_data_sheet','checklist',NULL,NULL,NULL,0,NULL,69,1,'2026-08-14 19:06:29','2026-08-14 19:06:29'),
(70,6,'Signage of scope of services','signage_of_scope_of_services','image',NULL,NULL,NULL,0,NULL,70,1,'2026-08-14 19:06:29','2026-08-14 19:06:29'),
(71,6,'OPD Assessment form','opd_assessment_form','image',NULL,NULL,NULL,0,NULL,71,1,'2026-08-14 19:06:29','2026-08-14 19:06:29'),
(72,6,'Doctor initial Assessment form','doctor_initial_assessment_form','image',NULL,NULL,NULL,0,NULL,72,1,'2026-08-14 19:06:29','2026-08-14 19:06:29'),
(73,6,'Nursing  initial Assessment form','nursing_initial_assessment_form','image',NULL,NULL,NULL,0,NULL,73,1,'2026-08-14 19:06:29','2026-08-14 19:06:29'),
(74,6,'Emergency initial Assessment form','emergency_initial_assessment_form','image',NULL,NULL,NULL,0,NULL,74,1,'2026-08-14 19:06:29','2026-08-14 19:06:29'),
(75,6,'Doctor Handover Form','doctor_handover_form','image',NULL,NULL,NULL,0,NULL,75,1,'2026-08-14 19:06:29','2026-08-14 19:06:29'),
(76,6,'Nurse Handover Form','nurse_handover_form','image',NULL,NULL,NULL,0,NULL,76,1,'2026-08-14 19:06:29','2026-08-14 19:06:29'),
(77,6,'Scope of laboratory services (list of in-house and out-sourced tests)','scope_of_laboratory_services_list_of_in_house_and_out_sourced_tests','image',NULL,NULL,NULL,0,NULL,77,1,'2026-08-14 19:06:29','2026-08-14 19:06:29'),
(78,6,'TAT Of Lab','tat_of_lab','image',NULL,NULL,NULL,0,NULL,78,1,'2026-08-14 19:06:29','2026-08-14 19:06:29'),
(79,6,'Defined list of critical values for laboratory tests','defined_list_of_critical_values_for_laboratory_tests','image',NULL,NULL,NULL,0,NULL,79,1,'2026-08-14 19:06:29','2026-08-14 19:06:29'),
(80,6,'Documented laboratory quality assurance program','documented_laboratory_quality_assurance_program','image',NULL,NULL,NULL,0,NULL,80,1,'2026-08-14 19:06:29','2026-08-14 19:06:29'),
(81,6,'Documented imaging quality assurance program','documented_imaging_quality_assurance_program','image',NULL,NULL,NULL,0,NULL,81,1,'2026-08-14 19:06:29','2026-08-14 19:06:29'),
(82,6,'Scope of imaging services(list of in-house and out-sourced tests)','scope_of_imaging_services_list_of_in_house_and_out_sourced_tests','image',NULL,NULL,NULL,0,NULL,82,1,'2026-08-14 19:06:29','2026-08-14 19:06:29'),
(83,6,'TAT Of Imaging test','tat_of_imaging_test','image',NULL,NULL,NULL,0,NULL,83,1,'2026-08-14 19:06:29','2026-08-14 19:06:29'),
(84,6,'Defined list of critical values for imaging tests','defined_list_of_critical_values_for_imaging_tests','image',NULL,NULL,NULL,0,NULL,84,1,'2026-08-14 19:06:29','2026-08-14 19:06:29'),
(85,6,'Three discharge summaries (of different clinical specialities if available)','three_discharge_summaries_of_different_clinical_specialities_if_available','image',NULL,NULL,NULL,0,NULL,85,1,'2026-08-14 19:06:29','2026-08-14 19:06:29'),
(86,7,'Filled-in Blood transfusion consent form','filled_in_blood_transfusion_consent_form','image',NULL,NULL,NULL,0,NULL,86,1,'2026-08-14 19:06:29','2026-08-14 19:06:29'),
(87,7,'Blood transfusion reaction reporting form','blood_transfusion_reaction_reporting_form','image',NULL,NULL,NULL,0,NULL,87,1,'2026-08-14 19:06:29','2026-08-14 19:06:29'),
(88,7,'Scope of paediatric services','scope_of_paediatric_services','image',NULL,NULL,NULL,0,NULL,88,1,'2026-08-14 19:06:29','2026-08-14 19:06:29'),
(89,7,'Mock drill report on child/neonatal abduction','mock_drill_report_on_child_neonatal_abduction','image',NULL,NULL,NULL,0,NULL,89,1,'2026-08-14 19:06:29','2026-08-14 19:06:29'),
(90,7,'One filled in anaesthesia record showing consent, pre-anaesthetic check-up, immediate pre-operative check-up, intra and post-anaesthesia monitoring and criteria to discharge from recovery','one_filled_in_anaesthesia_record_showing_consent_pre_anaesthetic_check_up_immediate_pre_operative_check_up_intra_and_post_anaesthesia_monitoring_and_criteria_to_discharge','image',NULL,NULL,NULL,0,NULL,90,1,'2026-08-14 19:06:29','2026-08-14 19:06:29'),
(91,7,'One filled-in surgical procedure and one clinical procedure record showing Pre-procedure diagnosis, consent for procedure, procedure notes, procedural safety checklist, and post-procedure orders','one_filled_in_surgical_procedure_and_one_clinical_procedure_record_showing_pre_procedure_diagnosis_consent_for_procedure_procedure_notes_procedural_safety_checklist_and_p','image',NULL,NULL,NULL,0,NULL,91,1,'2026-08-14 19:06:29','2026-08-14 19:06:29'),
(92,7,'Filled Patient Fall risk scoring sheet                                                  (E.g., MORSE Fall risk assessment)','filled_patient_fall_risk_scoring_sheet_e_g_morse_fall_risk_assessment','image',NULL,NULL,NULL,0,NULL,92,1,'2026-08-14 19:06:29','2026-08-14 19:06:29'),
(93,7,'Filled Pressure ulcer scoring sheet                                                                   (E.g., Braden Scale)','filled_pressure_ulcer_scoring_sheet_e_g_braden_scale','image',NULL,NULL,NULL,0,NULL,93,1,'2026-08-14 19:06:29','2026-08-14 19:06:29'),
(94,7,'Filled Deep Vein Thrombosis                                                              (DVT) assessment scoring sheet (e.g. Well’s score)','filled_deep_vein_thrombosis_dvt_assessment_scoring_sheet_e_g_well_s_score','image',NULL,NULL,NULL,0,NULL,94,1,'2026-08-14 19:06:29','2026-08-14 19:06:29'),
(95,7,'Filled in Pain assessment score tool/sheet','filled_in_pain_assessment_score_tool_sheet','image',NULL,NULL,NULL,0,NULL,95,1,'2026-08-14 19:06:29','2026-08-14 19:06:29'),
(96,7,'Medical record pages showing nutritional screening','medical_record_pages_showing_nutritional_screening','image',NULL,NULL,NULL,0,NULL,96,1,'2026-08-14 19:06:29','2026-08-14 19:06:29'),
(97,7,'Medical record pages showing the nutritional assessment','medical_record_pages_showing_the_nutritional_assessment','image',NULL,NULL,NULL,0,NULL,97,1,'2026-08-14 19:06:29','2026-08-14 19:06:29'),
(98,8,'Drug formulary','drug_formulary','pdf',NULL,NULL,NULL,0,NULL,98,1,'2026-08-14 19:06:29','2026-08-14 19:06:29'),
(99,8,'List of high-risk medications','list_of_high_risk_medications','image',NULL,NULL,NULL,0,NULL,99,1,'2026-08-14 19:06:29','2026-08-14 19:06:29'),
(100,8,'List of Look-Alike Sound-Alike (LASA) medications','list_of_look_alike_sound_alike_lasa_medications','image',NULL,NULL,NULL,0,NULL,100,1,'2026-08-14 19:06:29','2026-08-14 19:06:29'),
(101,8,'One medication storage area showing storage of high risk and Look-Alike Sound-Alike (LASA) medications','one_medication_storage_area_showing_storage_of_high_risk_and_look_alike_sound_alike_lasa_medications','image',NULL,NULL,NULL,0,NULL,101,1,'2026-08-14 19:06:29','2026-08-14 19:06:29'),
(102,8,'List of emergency medicines','list_of_emergency_medicines','image',NULL,NULL,NULL,0,NULL,102,1,'2026-08-14 19:06:29','2026-08-14 19:06:29'),
(103,8,'Photograph of Crash Cart','photograph_of_crash_cart','image',NULL,NULL,NULL,0,NULL,103,1,'2026-08-14 19:06:29','2026-08-14 19:06:29'),
(104,8,'Three sample medication orders (in-patient)','three_sample_medication_orders_in_patient','image',NULL,NULL,NULL,0,NULL,104,1,'2026-08-14 19:06:29','2026-08-14 19:06:29'),
(105,8,'Three sample medication administration records','three_sample_medication_administration_records','image',NULL,NULL,NULL,0,NULL,105,1,'2026-08-14 19:06:29','2026-08-14 19:06:29'),
(106,8,'Record of the usage and disposal of narcotics drugs (narcotics register)','record_of_the_usage_and_disposal_of_narcotics_drugs_narcotics_register','image',NULL,NULL,NULL,0,NULL,106,1,'2026-08-14 19:06:29','2026-08-14 19:06:29'),
(107,9,'Display of patient rights and responsibilities','display_of_patient_rights_and_responsibilities','image',NULL,NULL,NULL,0,NULL,107,1,'2026-08-14 19:06:29','2026-08-14 19:06:29'),
(108,9,'Filled in Feedback form','filled_in_feedback_form','image',NULL,NULL,NULL,0,NULL,108,1,'2026-08-14 19:06:29','2026-08-14 19:06:29'),
(109,10,'Minutes of meeting (last two) of Infection Control Committee','minutes_of_meeting_last_two_of_infection_control_committee','image',NULL,NULL,NULL,0,NULL,109,1,'2026-08-14 19:06:29','2026-08-14 19:06:29'),
(110,10,'Geotagged photographs of Bio Medical Waste (BMW) collection and segregation in patient care areas','geotagged_photographs_of_bio_medical_waste_bmw_collection_and_segregation_in_patient_care_areas','image',NULL,NULL,NULL,0,NULL,110,1,'2026-08-14 19:06:29','2026-08-14 19:06:29'),
(111,10,'Geotagged photographs of central biomedical waste collection area (outside and inside photos)','geotagged_photographs_of_central_biomedical_waste_collection_area_outside_and_inside_photos','image',NULL,NULL,NULL,0,NULL,111,1,'2026-08-14 19:06:29','2026-08-14 19:06:29'),
(112,10,'Details of number of Operation theatres and type of air-conditioning in Operation theatres (OTs)','details_of_number_of_operation_theatres_and_type_of_air_conditioning_in_operation_theatres_ots','image',NULL,NULL,NULL,0,NULL,112,1,'2026-08-14 19:06:29','2026-08-14 19:06:29'),
(113,10,'Availability of laminar flow and High-Efficiency Particulate Air (HEPA) filters','availability_of_laminar_flow_and_high_efficiency_particulate_air_hepa_filters','image',NULL,NULL,NULL,0,NULL,113,1,'2026-08-14 19:06:29','2026-08-14 19:06:29'),
(114,10,'Sterilization area showing areas demarcated for cleaning, packing, sterilization and storage','sterilization_area_showing_areas_demarcated_for_cleaning_packing_sterilization_and_storage','image',NULL,NULL,NULL,0,NULL,114,1,'2026-08-14 19:06:29','2026-08-14 19:06:29'),
(115,11,'Minutes of meeting (last two) of the quality and safety committee(s)','minutes_of_meeting_last_two_of_the_quality_and_safety_committee_s','image',NULL,NULL,NULL,0,NULL,115,1,'2026-08-14 19:06:29','2026-08-14 19:06:29'),
(116,11,'Quality indicator ppt','quality_indicator_ppt','ppt_pdf',NULL,NULL,NULL,0,NULL,116,1,'2026-08-14 19:06:29','2026-08-14 19:06:29'),
(117,11,'List of Clinical audits undertaken by hospital','list_of_clinical_audits_undertaken_by_hospital','image',NULL,NULL,NULL,0,NULL,117,1,'2026-08-14 19:06:29','2026-08-14 19:06:29'),
(118,11,'Upload one clinical audit report','upload_one_clinical_audit_report','image',NULL,NULL,NULL,0,NULL,118,1,'2026-08-14 19:06:29','2026-08-14 19:06:29'),
(119,12,'Organogram(organizational structure)','organogram_organizational_structure','image',NULL,NULL,NULL,0,NULL,119,1,'2026-08-14 19:06:29','2026-08-14 19:06:29'),
(120,12,'Minutes of meeting of Safety Committee (last two)','minutes_of_meeting_of_safety_committee_last_two','image',NULL,NULL,NULL,0,NULL,120,1,'2026-08-14 19:06:29','2026-08-14 19:06:29'),
(121,13,'Facility inspection rounds (last two)','facility_inspection_rounds_last_two','image',NULL,NULL,NULL,0,NULL,121,1,'2026-08-14 19:06:29','2026-08-14 19:06:29'),
(122,13,'Photograph of storage area for Hazardous material','photograph_of_storage_area_for_hazardous_material','image',NULL,NULL,NULL,0,NULL,122,1,'2026-08-14 19:06:29','2026-08-14 19:06:29'),
(123,13,'Scanned copy of few Material Safety Data Sheet (MSDS) sheets','scanned_copy_of_few_material_safety_data_sheet_msds_sheets','image',NULL,NULL,NULL,0,NULL,123,1,'2026-08-14 19:06:29','2026-08-14 19:06:29'),
(124,13,'Preventive maintenance planner for Medical equipment','preventive_maintenance_planner_for_medical_equipment','image',NULL,NULL,NULL,0,NULL,124,1,'2026-08-14 19:06:29','2026-08-14 19:06:29'),
(125,13,'Water testing reports (last two) for drinking water and dialysis water','water_testing_reports_last_two_for_drinking_water_and_dialysis_water','image',NULL,NULL,NULL,0,NULL,125,1,'2026-08-14 19:06:29','2026-08-14 19:06:29'),
(126,13,'Fire exit plan','fire_exit_plan','image',NULL,NULL,NULL,0,NULL,126,1,'2026-08-14 19:06:29','2026-08-14 19:06:29'),
(127,13,'Mock drill reports for fire and non-fire emergencies','mock_drill_reports_for_fire_and_non_fire_emergencies','image',NULL,NULL,NULL,0,NULL,127,1,'2026-08-14 19:06:29','2026-08-14 19:06:29'),
(128,14,'Code of conduct for staff','code_of_conduct_for_staff','image',NULL,NULL,NULL,0,NULL,128,1,'2026-08-14 19:06:29','2026-08-14 19:06:29'),
(129,14,'List of trainings conducted in the past year with dates','list_of_trainings_conducted_in_the_past_year_with_dates','image',NULL,NULL,NULL,0,NULL,129,1,'2026-08-14 19:06:29','2026-08-14 19:06:29'),
(130,14,'Sample record of one training including attendance sheet, pre-post-tests, feedbacks and pictures (if any)','sample_record_of_one_training_including_attendance_sheet_pre_post_tests_feedbacks_and_pictures_if_any','image',NULL,NULL,NULL,0,NULL,130,1,'2026-08-14 19:06:29','2026-08-14 19:06:29'),
(131,14,'Checklist for personal files','checklist_for_personal_files','image',NULL,NULL,NULL,0,NULL,131,1,'2026-08-14 19:06:29','2026-08-14 19:06:29'),
(132,15,'List of software used in the Healthcare Organisation','list_of_software_used_in_the_healthcare_organisation','image',NULL,NULL,NULL,0,NULL,132,1,'2026-08-14 19:06:29','2026-08-14 19:06:29'),
(133,15,'Checklist of documents to be included in the patient medical record','checklist_of_documents_to_be_included_in_the_patient_medical_record','image',NULL,NULL,NULL,0,NULL,133,1,'2026-08-14 19:06:29','2026-08-14 19:06:29'),
(134,15,'TLD BADGE','tld_badge','image',NULL,NULL,NULL,0,NULL,134,1,'2026-08-14 19:06:29','2026-08-14 19:06:29'),
(135,16,'Applied For ( Renewal/ New Application)','applied_for_renewal_new_application','select',NULL,NULL,'[\"Renewal\",\"New Application\"]',0,NULL,135,1,'2026-08-14 19:06:29','2026-08-14 19:59:52'),
(136,16,'Front Photo ( bilingual Name of hospital )','front_photo_bilingual_name_of_hospital','image',NULL,NULL,NULL,0,NULL,136,1,'2026-08-14 19:06:29','2026-08-14 19:06:29'),
(137,16,'Hospital Specialities ( Single Speciality, Multispeciality and Super Speciality)','hospital_specialities_single_speciality_multispeciality_and_super_speciality','select',NULL,NULL,'[\"Single Speciality\",\"Multispeciality\",\"Super Speciality\"]',0,NULL,137,1,'2026-08-14 19:06:29','2026-08-14 19:59:52'),
(138,16,'Total Number of Sanctioned Beds','total_number_of_sanctioned_beds','number',NULL,NULL,NULL,0,NULL,138,1,'2026-08-14 19:06:29','2026-08-14 19:06:29'),
(139,16,'Total number of operational beds','total_number_of_operational_beds','number',NULL,NULL,NULL,0,NULL,139,1,'2026-08-14 19:06:29','2026-08-14 19:06:29'),
(140,16,'Bed distribution','bed_distribution','number',NULL,NULL,NULL,0,NULL,140,1,'2026-08-14 19:06:29','2026-08-14 19:06:29'),
(141,16,'Emergency','emergency','number',NULL,NULL,NULL,0,NULL,141,1,'2026-08-14 19:06:29','2026-08-14 19:06:29'),
(142,16,'Daycare','daycare','number',NULL,NULL,NULL,0,NULL,142,1,'2026-08-14 19:06:29','2026-08-14 19:06:29'),
(143,16,'Recovery room','recovery_room','number',NULL,NULL,NULL,0,NULL,143,1,'2026-08-14 19:06:29','2026-08-14 19:06:29'),
(144,16,'ICU','icu','number',NULL,NULL,NULL,0,NULL,144,1,'2026-08-14 19:06:29','2026-08-14 19:06:29'),
(145,16,'LR Beds','lr_beds','number',NULL,NULL,NULL,0,NULL,145,1,'2026-08-14 19:06:29','2026-08-14 19:06:29'),
(146,16,'Dialysis','dialysis','number',NULL,NULL,NULL,0,NULL,146,1,'2026-08-14 19:06:29','2026-08-14 19:06:29'),
(147,16,'Major Ots','major_ots','number',NULL,NULL,NULL,0,NULL,147,1,'2026-08-14 19:06:29','2026-08-14 19:06:29'),
(148,16,'Minor Ots','minor_ots','number',NULL,NULL,NULL,0,NULL,148,1,'2026-08-14 19:06:29','2026-08-14 19:06:29'),
(149,16,'Cath Lab','cath_lab','number',NULL,NULL,NULL,0,NULL,149,1,'2026-08-14 19:06:29','2026-08-14 19:06:29'),
(150,16,'IVF','ivf','number',NULL,NULL,NULL,0,NULL,150,1,'2026-08-14 19:06:29','2026-08-14 19:06:29'),
(151,16,'Specify the five most frequent clinical services where admissions take place.','specify_the_five_most_frequent_clinical_services_where_admissions_take_place','number',NULL,NULL,NULL,0,NULL,151,1,'2026-08-14 19:06:29','2026-08-14 19:06:29'),
(152,16,'1','1','text',NULL,NULL,NULL,0,NULL,152,1,'2026-08-14 19:06:29','2026-08-14 19:06:29'),
(153,16,'2','2','text',NULL,NULL,NULL,0,NULL,153,1,'2026-08-14 19:06:29','2026-08-14 19:06:29'),
(154,16,'3','3','text',NULL,NULL,NULL,0,NULL,154,1,'2026-08-14 19:06:29','2026-08-14 19:06:29'),
(155,16,'4','4','text',NULL,NULL,NULL,0,NULL,155,1,'2026-08-14 19:06:29','2026-08-14 19:06:29'),
(156,16,'5','5','text',NULL,NULL,NULL,0,NULL,156,1,'2026-08-14 19:06:29','2026-08-14 19:06:29'),
(157,16,'Specify the five most frequent clinical diagnosis for in-patients','specify_the_five_most_frequent_clinical_diagnosis_for_in_patients','text',NULL,NULL,NULL,0,NULL,157,1,'2026-08-14 19:06:29','2026-08-14 19:06:29'),
(158,16,'1','1_2','text',NULL,NULL,NULL,0,NULL,158,1,'2026-08-14 19:06:29','2026-08-14 19:06:29'),
(159,16,'2','2_2','text',NULL,NULL,NULL,0,NULL,159,1,'2026-08-14 19:06:29','2026-08-14 19:06:29'),
(160,16,'3','3_2','text',NULL,NULL,NULL,0,NULL,160,1,'2026-08-14 19:06:29','2026-08-14 19:06:29'),
(161,16,'4','4_2','text',NULL,NULL,NULL,0,NULL,161,1,'2026-08-14 19:06:29','2026-08-14 19:06:29'),
(162,16,'5','5_2','text',NULL,NULL,NULL,0,NULL,162,1,'2026-08-14 19:06:29','2026-08-14 19:06:29'),
(163,16,'Specify the five most frequent surgical procedures in the hospital.','specify_the_five_most_frequent_surgical_procedures_in_the_hospital','text',NULL,NULL,NULL,0,NULL,163,1,'2026-08-14 19:06:29','2026-08-14 19:06:29'),
(164,16,'1','1_3','text',NULL,NULL,NULL,0,NULL,164,1,'2026-08-14 19:06:29','2026-08-14 19:06:29'),
(165,16,'2','2_3','text',NULL,NULL,NULL,0,NULL,165,1,'2026-08-14 19:06:29','2026-08-14 19:06:29'),
(166,16,'3','3_3','text',NULL,NULL,NULL,0,NULL,166,1,'2026-08-14 19:06:29','2026-08-14 19:06:29'),
(167,16,'4','4_3','text',NULL,NULL,NULL,0,NULL,167,1,'2026-08-14 19:06:29','2026-08-14 19:06:29'),
(168,16,'5','5_3','text',NULL,NULL,NULL,0,NULL,168,1,'2026-08-14 19:06:29','2026-08-14 19:06:29'),
(169,17,'Country','country','text',NULL,NULL,NULL,0,NULL,169,1,'2026-08-14 19:06:29','2026-08-14 19:06:29'),
(170,17,'Pin Code','pin_code','text',NULL,NULL,NULL,0,NULL,170,1,'2026-08-14 19:06:29','2026-08-14 19:06:29'),
(171,17,'State','state','text',NULL,NULL,NULL,0,NULL,171,1,'2026-08-14 19:06:29','2026-08-14 19:06:29'),
(172,17,'District','district','text',NULL,NULL,NULL,0,NULL,172,1,'2026-08-14 19:06:29','2026-08-14 19:06:29'),
(173,17,'City/Town/Village','city_town_village','text',NULL,NULL,NULL,0,NULL,173,1,'2026-08-14 19:06:29','2026-08-14 19:06:29'),
(174,17,'Near By Landmark','near_by_landmark','text',NULL,NULL,NULL,0,NULL,174,1,'2026-08-14 19:06:29','2026-08-14 19:06:29'),
(175,17,'Address','address','text',NULL,NULL,NULL,0,NULL,175,1,'2026-08-14 19:06:29','2026-08-14 19:06:29'),
(176,17,'Website(if any)','website_if_any','text',NULL,NULL,NULL,0,NULL,176,1,'2026-08-14 19:06:29','2026-08-14 19:06:29'),
(177,17,'Telephone(s) with STD Codes','telephone_s_with_std_codes','text',NULL,NULL,NULL,0,NULL,177,1,'2026-08-14 19:06:29','2026-08-14 19:06:29'),
(178,17,'Rohini ID','rohini_id','text',NULL,NULL,NULL,0,NULL,178,1,'2026-08-14 19:06:29','2026-08-14 19:06:29'),
(179,17,'HFR ID','hfr_id','text',NULL,NULL,NULL,0,NULL,179,1,'2026-08-14 19:06:29','2026-08-14 19:06:29'),
(180,17,'Name of the Chief Executive Officer (CEO)/Equivalent','name_of_the_chief_executive_officer_ceo_equivalent','text',NULL,NULL,NULL,0,NULL,180,1,'2026-08-14 19:06:29','2026-08-14 19:06:29'),
(181,17,'Mobile Number','mobile_number','text',NULL,NULL,NULL,0,NULL,181,1,'2026-08-14 19:06:29','2026-08-14 19:06:29'),
(182,17,'E-mail Id of Chief Executive Officer (CEO)/Equivalent','e_mail_id_of_chief_executive_officer_ceo_equivalent','text',NULL,NULL,NULL,0,NULL,182,1,'2026-08-14 19:06:29','2026-08-14 19:06:29'),
(183,17,'Name of Quality Manager','name_of_quality_manager','text',NULL,NULL,NULL,0,NULL,183,1,'2026-08-14 19:06:29','2026-08-14 19:06:29'),
(184,17,'Mobile Number','mobile_number_2','text',NULL,NULL,NULL,0,NULL,184,1,'2026-08-14 19:06:29','2026-08-14 19:06:29'),
(185,17,'Alternate Mobile','alternate_mobile','text',NULL,NULL,NULL,0,NULL,185,1,'2026-08-14 19:06:29','2026-08-14 19:06:29'),
(186,17,'Email ID','email_id','text',NULL,NULL,NULL,0,NULL,186,1,'2026-08-14 19:06:29','2026-08-14 19:06:29'),
(187,17,'Date of joining in the hospital','date_of_joining_in_the_hospital','text',NULL,NULL,NULL,0,NULL,187,1,'2026-08-14 19:06:29','2026-08-14 19:06:29'),
(188,17,'Photo Hospital ID card','photo_hospital_id_card','text',NULL,NULL,NULL,0,NULL,188,1,'2026-08-14 19:06:29','2026-08-14 19:06:29'),
(189,18,'Type of ownership of the hospital','type_of_ownership_of_the_hospital','text',NULL,NULL,NULL,0,NULL,189,1,'2026-08-14 19:06:29','2026-08-14 19:06:29'),
(190,18,'hospital is empanelled in Schemes Name','hospital_is_empanelled_in_schemes_name','text',NULL,NULL,NULL,0,NULL,190,1,'2026-08-14 19:06:29','2026-08-14 19:06:29'),
(191,18,'Floor Directory','floor_directory','image',NULL,NULL,NULL,0,NULL,191,1,'2026-08-14 19:06:29','2026-08-14 19:06:29'),
(192,19,'Urban/Rural','urban_rural','select',NULL,NULL,'[\"Urban\",\"Rural\"]',0,NULL,192,1,'2026-08-14 19:06:29','2026-08-14 19:59:52'),
(193,20,'Consultants Details','consultants_details','checklist',NULL,NULL,NULL,0,NULL,193,1,'2026-08-14 19:06:29','2026-08-14 19:06:29'),
(194,20,'Medical Officers','medical_officers','checklist',NULL,NULL,NULL,0,NULL,194,1,'2026-08-14 19:06:29','2026-08-14 19:06:29'),
(195,20,'Nurses','nurses','checklist',NULL,NULL,NULL,0,NULL,195,1,'2026-08-14 19:06:29','2026-08-14 19:06:29'),
(196,20,'Paramedical Staff','paramedical_staff','checklist',NULL,NULL,NULL,0,NULL,196,1,'2026-08-14 19:06:29','2026-08-14 19:06:29'),
(197,20,'HR, Administrative & Supportive Staff','hr_administrative_supportive_staff','checklist',NULL,NULL,NULL,0,NULL,197,1,'2026-08-14 19:06:29','2026-08-14 19:06:29'),
(198,20,'Non MBBS Doctor','non_mbbs_doctor','checklist',NULL,NULL,NULL,0,NULL,198,1,'2026-08-14 19:06:29','2026-08-14 19:06:29'),
(199,21,'Total number of water tanks','total_number_of_water_tanks','number',NULL,NULL,NULL,0,NULL,199,1,'2026-08-14 19:06:29','2026-08-14 19:06:29'),
(200,21,'Total capacity of the water tanks (in litres)','total_capacity_of_the_water_tanks_in_litres','number',NULL,NULL,NULL,0,NULL,200,1,'2026-08-14 19:06:29','2026-08-14 19:06:29'),
(201,21,'Alternate source of water ( Borewell, Local Water suppliers and Recycled water)','alternate_source_of_water_borewell_local_water_suppliers_and_recycled_water','select',NULL,NULL,'[\"Borewell\",\"Local Water suppliers\",\"Recycled water\"]',0,NULL,201,1,'2026-08-14 19:06:29','2026-08-14 19:59:52'),
(202,21,'Lift Available (Yes/No)','lift_available_yes_no','select',NULL,NULL,'[\"Yes\",\"No\"]',0,NULL,202,1,'2026-08-14 19:06:29','2026-08-16 06:25:03'),
(203,21,'Ramp available for patients across the floors (Yes/No)','ramp_available_for_patients_across_the_floors_yes_no','select',NULL,NULL,'[\"Yes\",\"No\"]',0,NULL,203,1,'2026-08-14 19:06:29','2026-08-16 06:25:03'),
(204,21,'Ambulance services (Inhouse or outsourced)','ambulance_services_inhouse_or_outsourced','select',NULL,NULL,'[\"Inhouse\",\"Outsourced\"]',0,NULL,204,1,'2026-08-14 19:06:29','2026-08-16 06:25:03'),
(205,21,'Number of BLS ambulances available (Including inhouse or outsourced)','number_of_bls_ambulances_available_including_inhouse_or_outsourced','number',NULL,NULL,NULL,0,NULL,205,1,'2026-08-14 19:06:29','2026-08-16 06:25:03'),
(206,21,'Number of ACLS ambulances available (Including inhouse or outsourced)','number_of_acls_ambulances_available_including_inhouse_or_outsourced','number',NULL,NULL,NULL,0,NULL,206,1,'2026-08-14 19:06:29','2026-08-16 06:25:03'),
(207,21,'UPS system present at the hospital (if yes Capicity in KV)','ups_system_present_at_the_hospital_if_yes_capicity_in_kv','number',NULL,NULL,NULL,0,NULL,207,1,'2026-08-14 19:06:29','2026-08-14 19:06:29'),
(208,21,'Is a generator present at the hospital (if yes Capicity in KV)','is_a_generator_present_at_the_hospital_if_yes_capicity_in_kv','number',NULL,NULL,NULL,0,NULL,208,1,'2026-08-14 19:06:29','2026-08-14 19:06:29');

--
-- Table structure for table `checklist_files`
--

CREATE TABLE `checklist_files` (
  `id` bigint(20) NOT NULL AUTO_INCREMENT,
  `submission_id` int(11) NOT NULL,
  `field_id` int(11) DEFAULT NULL,
  `record_id` bigint(20) DEFAULT NULL,
  `subfield_id` int(11) DEFAULT NULL,
  `subchecklist_field_id` int(10) unsigned DEFAULT NULL,
  `original_file_name` varchar(255) NOT NULL,
  `stored_file_name` varchar(255) NOT NULL,
  `file_path` varchar(500) NOT NULL,
  `file_extension` varchar(20) DEFAULT NULL,
  `mime_type` varchar(100) DEFAULT NULL,
  `file_size` bigint(20) DEFAULT NULL,
  `latitude` decimal(10,7) DEFAULT NULL,
  `longitude` decimal(10,7) DEFAULT NULL,
  `gps_accuracy` decimal(10,2) DEFAULT NULL,
  `created_at` timestamp NULL DEFAULT current_timestamp(),
  PRIMARY KEY (`id`),
  KEY `idx_file_submission` (`submission_id`),
  KEY `idx_file_field` (`field_id`),
  KEY `idx_file_record` (`record_id`),
  KEY `idx_file_subfield` (`subfield_id`),
  KEY `idx_file_subchecklist_field` (`subchecklist_field_id`),
  CONSTRAINT `fk_file_field` FOREIGN KEY (`field_id`) REFERENCES `checklist_fields` (`id`) ON DELETE CASCADE ON UPDATE CASCADE,
  CONSTRAINT `fk_file_record` FOREIGN KEY (`record_id`) REFERENCES `checklist_records` (`id`) ON DELETE CASCADE ON UPDATE CASCADE,
  CONSTRAINT `fk_file_subchecklist_field` FOREIGN KEY (`subchecklist_field_id`) REFERENCES `checklist_subchecklist_fields` (`id`) ON DELETE CASCADE ON UPDATE CASCADE,
  CONSTRAINT `fk_file_subfield` FOREIGN KEY (`subfield_id`) REFERENCES `checklist_subfields` (`id`) ON DELETE CASCADE ON UPDATE CASCADE,
  CONSTRAINT `fk_file_submission` FOREIGN KEY (`submission_id`) REFERENCES `hospital_checklist_submissions` (`id`) ON DELETE CASCADE ON UPDATE CASCADE
) ENGINE=InnoDB AUTO_INCREMENT=7 DEFAULT CHARSET=utf8mb4 COLLATE=utf8mb4_unicode_ci;

--
-- Dumping data for table `checklist_files`
--

INSERT INTO `checklist_files` VALUES
(1,1,191,NULL,NULL,NULL,'checklist.jpg','37987857de8c096a5d865489fc1724a5.jpg','uploads/checklists/1/37987857de8c096a5d865489fc1724a5.jpg','jpg','image/jpeg',41087,NULL,NULL,NULL,'2026-08-17 18:23:37'),
(2,1,44,NULL,NULL,NULL,'checklist.jpg','d0f9804d834a6ab56e275224925d9c20.jpg','uploads/checklists/1/d0f9804d834a6ab56e275224925d9c20.jpg','jpg','image/jpeg',36212,NULL,NULL,NULL,'2026-08-17 19:13:50'),
(3,1,45,NULL,NULL,NULL,'checklist.jpg','3fe115a391c314e63311862243a0c986.jpg','dashboard/uploads/checklists/1/3fe115a391c314e63311862243a0c986.jpg','jpg','image/jpeg',50179,NULL,NULL,NULL,'2026-08-20 09:40:20'),
(4,1,7,NULL,NULL,NULL,'checklist.jpg','d25abbae73bda19ba9e28a804251240b.jpg','dashboard/uploads/checklists/1/d25abbae73bda19ba9e28a804251240b.jpg','jpg','image/jpeg',158237,NULL,NULL,NULL,'2026-08-23 15:35:48'),
(5,1,8,NULL,NULL,NULL,'checklist.jpg','3d32de574d1f8840ab545389754abf8e.jpg','dashboard/uploads/checklists/1/3d32de574d1f8840ab545389754abf8e.jpg','jpg','image/jpeg',101937,NULL,NULL,NULL,'2026-08-23 18:29:36'),
(6,1,9,NULL,NULL,NULL,'checklist.jpg','3ef6a2be89a59f58b9683ff1cc381367.jpg','dashboard/uploads/checklists/1/3ef6a2be89a59f58b9683ff1cc381367.jpg','jpg','image/jpeg',117530,NULL,NULL,NULL,'2026-08-23 18:38:42');

--
-- Table structure for table `checklist_record_values`
--

CREATE TABLE `checklist_record_values` (
  `id` bigint(20) NOT NULL AUTO_INCREMENT,
  `record_id` bigint(20) NOT NULL,
  `subfield_id` int(10) unsigned NOT NULL,
  `value_text` longtext DEFAULT NULL,
  `updated_at` timestamp NULL DEFAULT current_timestamp() ON UPDATE current_timestamp(),
  PRIMARY KEY (`id`),
  UNIQUE KEY `uq_record_subfield` (`record_id`,`subfield_id`),
  KEY `idx_record_value_record` (`record_id`),
  KEY `idx_record_value_field` (`subfield_id`),
  CONSTRAINT `fk_record_value_record` FOREIGN KEY (`record_id`) REFERENCES `checklist_records` (`id`) ON DELETE CASCADE ON UPDATE CASCADE,
  CONSTRAINT `fk_record_value_subfield` FOREIGN KEY (`subfield_id`) REFERENCES `checklist_subchecklist_fields` (`id`) ON DELETE CASCADE ON UPDATE CASCADE
) ENGINE=InnoDB AUTO_INCREMENT=211 DEFAULT CHARSET=utf8mb4 COLLATE=utf8mb4_unicode_ci;

--
-- Dumping data for table `checklist_record_values`
--

INSERT INTO `checklist_record_values` VALUES
(12,12,1,'Vaibhav Trivedi','2026-08-16 20:36:02'),
(13,12,2,'SJ','2026-08-16 20:36:02'),
(14,12,3,'2026-08-17','2026-08-16 20:36:02'),
(15,12,4,'123','2026-08-16 20:36:02'),
(16,12,5,'MBBS','2026-08-16 20:36:02'),
(17,12,6,'MD','2026-08-16 20:36:02'),
(18,12,7,'DM','2026-08-16 20:36:02'),
(19,12,8,'Full-time with only this Healthcare Organisation (HCO)','2026-08-16 20:36:02'),
(20,12,9,'no','2026-08-16 20:36:02'),
(21,12,10,'Regular Outpatient Department (OPD) (has fixed hours)','2026-08-16 20:36:02'),
(22,12,11,'Regular (provides complete care)','2026-08-16 20:36:02'),
(23,12,12,'Can attend Emergency','2026-08-16 20:36:02'),
(24,12,13,'3','2026-08-16 20:36:02'),
(25,12,14,'4','2026-08-16 20:36:02'),
(26,12,15,'Andaman & Nicobar Islands','2026-08-16 20:36:02'),
(42,13,1,'Abhi Sharma','2026-08-16 20:37:05'),
(43,13,2,'DR','2026-08-16 20:37:05'),
(44,13,3,'2026-08-17','2026-08-16 20:37:05'),
(45,13,4,'456','2026-08-16 20:37:05'),
(46,13,5,'MBBS','2026-08-16 20:37:05'),
(47,13,6,'MD','2026-08-16 20:37:05'),
(48,13,7,'DM','2026-08-16 20:37:05'),
(49,13,8,'Full-time with only this Healthcare Organisation (HCO)','2026-08-16 20:37:05'),
(50,13,9,'nuro','2026-08-16 20:37:05'),
(51,13,10,'Regular Outpatient Department (OPD) (has fixed hours)','2026-08-16 20:37:05'),
(52,13,11,'Regular (provides complete care)','2026-08-16 20:37:05'),
(53,13,12,'Can attend Emergency','2026-08-16 20:37:05'),
(54,13,13,'9','2026-08-16 20:37:05'),
(55,13,14,'6','2026-08-16 20:37:05'),
(56,13,15,'Uttar Pradesh','2026-08-16 20:37:05'),
(87,14,1,'Ram Kapoor','2026-08-17 08:43:13'),
(88,14,2,'dermalogist','2026-08-17 08:43:13'),
(89,14,3,'2026-08-17','2026-08-17 08:43:13'),
(90,14,4,'789','2026-08-17 08:43:13'),
(91,14,5,'BDS','2026-08-17 08:43:13'),
(92,14,6,'DNB','2026-08-17 08:43:13'),
(93,14,7,'MCh','2026-08-17 08:43:13'),
(94,14,8,'Visiting on case-to-case basis','2026-08-17 08:43:13'),
(95,14,9,'all','2026-08-17 08:43:13'),
(96,14,10,'Only on-call basis (no fixed hours)','2026-08-17 08:43:13'),
(97,14,11,'Regular (provides complete care)','2026-08-17 08:43:13'),
(98,14,12,'Cannot attend Emergency','2026-08-17 08:43:13'),
(99,14,13,'8','2026-08-17 08:43:13'),
(100,14,14,'6','2026-08-17 08:43:13'),
(101,14,15,'Uttar Pradesh','2026-08-17 08:43:13'),
(192,15,16,'Rahul Sharma','2026-08-18 14:08:41'),
(193,15,17,'DR','2026-08-18 14:08:41'),
(194,15,18,'MBBS','2026-08-18 14:08:41'),
(195,15,19,'2026-08-18','2026-08-18 14:08:41'),
(196,15,20,'5555','2026-08-18 14:08:41'),
(197,15,21,'no','2026-08-18 14:08:41'),
(198,15,22,'National Medical Council','2026-08-18 14:08:41'),
(199,16,30,'Prachi','2026-08-18 14:08:41'),
(200,16,31,'NS','2026-08-18 14:08:41'),
(201,16,32,'Diploma','2026-08-18 14:08:41'),
(202,16,33,'2026-08-18','2026-08-18 14:08:41'),
(203,16,34,'no','2026-08-18 14:08:41'),
(204,16,35,'665465465','2026-08-18 14:08:41'),
(205,16,36,'UPPMS','2026-08-18 14:08:41'),
(206,17,37,'Amit Raj','2026-08-18 14:08:41'),
(207,17,38,'MR','2026-08-18 14:08:41'),
(208,17,39,'12th','2026-08-18 14:08:41'),
(209,17,40,'2026-08-18','2026-08-18 14:08:41'),
(210,17,41,'no','2026-08-18 14:08:41');

--
-- Table structure for table `checklist_records`
--

CREATE TABLE `checklist_records` (
  `id` bigint(20) NOT NULL AUTO_INCREMENT,
  `submission_id` int(11) NOT NULL,
  `subchecklist_id` int(11) NOT NULL,
  `record_number` int(11) NOT NULL DEFAULT 1,
  `created_at` timestamp NULL DEFAULT current_timestamp(),
  `updated_at` timestamp NULL DEFAULT current_timestamp() ON UPDATE current_timestamp(),
  PRIMARY KEY (`id`),
  KEY `idx_record_submission` (`submission_id`),
  KEY `idx_record_subchecklist` (`subchecklist_id`),
  KEY `idx_record_order` (`submission_id`,`subchecklist_id`,`record_number`),
  CONSTRAINT `fk_record_subchecklist` FOREIGN KEY (`subchecklist_id`) REFERENCES `checklist_subchecklists` (`id`) ON DELETE CASCADE ON UPDATE CASCADE,
  CONSTRAINT `fk_record_submission` FOREIGN KEY (`submission_id`) REFERENCES `hospital_checklist_submissions` (`id`) ON DELETE CASCADE ON UPDATE CASCADE
) ENGINE=InnoDB AUTO_INCREMENT=18 DEFAULT CHARSET=utf8mb4 COLLATE=utf8mb4_unicode_ci;

--
-- Dumping data for table `checklist_records`
--

INSERT INTO `checklist_records` VALUES
(12,1,5,1,'2026-08-16 20:36:02','2026-08-16 20:36:02'),
(13,1,5,2,'2026-08-16 20:37:05','2026-08-16 20:37:05'),
(14,1,5,3,'2026-08-17 08:43:13','2026-08-17 08:43:13'),
(15,1,6,1,'2026-08-18 14:08:41','2026-08-18 14:08:41'),
(16,1,7,1,'2026-08-18 14:08:41','2026-08-18 14:08:41'),
(17,1,8,1,'2026-08-18 14:08:41','2026-08-18 14:08:41');

--
-- Table structure for table `checklist_sections`
--

CREATE TABLE `checklist_sections` (
  `id` int(11) NOT NULL AUTO_INCREMENT,
  `checklist_type_id` int(11) NOT NULL,
  `parent_id` int(11) DEFAULT NULL,
  `name` varchar(255) NOT NULL,
  `slug` varchar(255) NOT NULL,
  `description` text DEFAULT NULL,
  `sort_order` int(11) NOT NULL DEFAULT 0,
  `status` tinyint(1) NOT NULL DEFAULT 1,
  `created_at` timestamp NULL DEFAULT current_timestamp(),
  `updated_at` timestamp NULL DEFAULT current_timestamp() ON UPDATE current_timestamp(),
  PRIMARY KEY (`id`),
  UNIQUE KEY `uq_section_slug` (`checklist_type_id`,`slug`),
  KEY `idx_section_checklist` (`checklist_type_id`),
  KEY `idx_section_parent` (`parent_id`),
  KEY `idx_section_sort` (`checklist_type_id`,`sort_order`),
  CONSTRAINT `fk_section_checklist` FOREIGN KEY (`checklist_type_id`) REFERENCES `checklist_types` (`id`) ON DELETE CASCADE ON UPDATE CASCADE,
  CONSTRAINT `fk_section_parent` FOREIGN KEY (`parent_id`) REFERENCES `checklist_sections` (`id`) ON DELETE CASCADE ON UPDATE CASCADE
) ENGINE=InnoDB AUTO_INCREMENT=22 DEFAULT CHARSET=utf8mb4 COLLATE=utf8mb4_unicode_ci;

--
-- Dumping data for table `checklist_sections`
--

INSERT INTO `checklist_sections` VALUES
(1,1,NULL,'Declaration','declaration',NULL,1,1,'2026-08-14 17:09:49','2026-08-14 17:09:49'),
(2,1,NULL,'Application Form','application-form',NULL,2,1,'2026-08-14 17:09:49','2026-08-14 17:09:49'),
(3,1,NULL,'Statutory Compliances','statutory-compliances',NULL,3,1,'2026-08-14 17:09:49','2026-08-14 17:09:49'),
(4,1,NULL,'MOU','mou',NULL,4,1,'2026-08-14 17:09:49','2026-08-14 17:09:49'),
(5,1,NULL,'Scope of Services','scope-of-services',NULL,5,1,'2026-08-14 17:09:49','2026-08-14 17:09:49'),
(6,1,NULL,'AAC','aac',NULL,6,1,'2026-08-14 17:09:49','2026-08-14 17:09:49'),
(7,1,NULL,'COP','cop',NULL,7,1,'2026-08-14 17:09:49','2026-08-14 17:09:49'),
(8,1,NULL,'MOM','mom',NULL,8,1,'2026-08-14 17:09:49','2026-08-14 17:09:49'),
(9,1,NULL,'PRE','pre',NULL,9,1,'2026-08-14 17:09:49','2026-08-14 17:09:49'),
(10,1,NULL,'IPC','ipc',NULL,10,1,'2026-08-14 17:09:49','2026-08-14 17:09:49'),
(11,1,NULL,'PSQ','psq',NULL,11,1,'2026-08-14 17:09:49','2026-08-14 17:09:49'),
(12,1,NULL,'ROM','rom',NULL,12,1,'2026-08-14 17:09:49','2026-08-14 17:09:49'),
(13,1,NULL,'FMS','fms',NULL,13,1,'2026-08-14 17:09:49','2026-08-14 17:09:49'),
(14,1,NULL,'HRM','hrm',NULL,14,1,'2026-08-14 17:09:49','2026-08-14 17:09:49'),
(15,1,NULL,'IMS','ims',NULL,15,1,'2026-08-14 17:09:49','2026-08-14 17:09:49'),
(16,1,2,'General Information','general-information',NULL,1,1,'2026-08-14 17:10:45','2026-08-14 17:10:45'),
(17,1,2,'Contact Details','contact-details',NULL,2,1,'2026-08-14 17:10:45','2026-08-14 17:10:45'),
(18,1,2,'Hospital Information','hospital-information',NULL,3,1,'2026-08-14 17:10:46','2026-08-14 17:10:46'),
(19,1,2,'Location','location',NULL,4,1,'2026-08-14 17:10:46','2026-08-14 17:10:46'),
(20,1,2,'Hospital Staffing','hospital-staffing',NULL,5,1,'2026-08-14 17:10:46','2026-08-14 17:10:46'),
(21,1,2,'Physical Infrastructure','physical-infrastructure',NULL,6,1,'2026-08-14 17:10:46','2026-08-14 17:10:46');

--
-- Table structure for table `checklist_subchecklist_fields`
--

CREATE TABLE `checklist_subchecklist_fields` (
  `id` int(10) unsigned NOT NULL AUTO_INCREMENT,
  `subchecklist_id` int(10) unsigned NOT NULL,
  `field_name` varchar(255) NOT NULL,
  `field_key` varchar(150) NOT NULL,
  `input_type` varchar(50) NOT NULL DEFAULT 'text',
  `description` text DEFAULT NULL,
  `placeholder` varchar(255) DEFAULT NULL,
  `options_json` longtext DEFAULT NULL,
  `is_repeatable` tinyint(1) NOT NULL DEFAULT 0,
  `max_files` int(11) DEFAULT NULL,
  `sort_order` int(11) NOT NULL DEFAULT 0,
  `status` tinyint(1) NOT NULL DEFAULT 1,
  `created_at` timestamp NOT NULL DEFAULT current_timestamp(),
  `updated_at` timestamp NOT NULL DEFAULT current_timestamp() ON UPDATE current_timestamp(),
  PRIMARY KEY (`id`),
  UNIQUE KEY `uq_subchecklist_field_key` (`subchecklist_id`,`field_key`),
  KEY `idx_subchecklist_fields_subchecklist` (`subchecklist_id`)
) ENGINE=InnoDB AUTO_INCREMENT=80 DEFAULT CHARSET=utf8mb4 COLLATE=utf8mb4_unicode_ci;

--
-- Dumping data for table `checklist_subchecklist_fields`
--

INSERT INTO `checklist_subchecklist_fields` VALUES
(1,5,'Doctor\'s Name','doctor_name','text',NULL,NULL,NULL,1,NULL,1,1,'2026-08-15 19:19:44','2026-08-15 19:19:44'),
(2,5,'Designation','designation','text',NULL,NULL,NULL,1,NULL,2,1,'2026-08-15 19:19:44','2026-08-15 19:19:44'),
(3,5,'Date of Joining','date_of_joining','date',NULL,NULL,NULL,1,NULL,3,1,'2026-08-15 19:19:44','2026-08-15 19:19:44'),
(4,5,'Registration Number','registration_number','text',NULL,NULL,NULL,1,NULL,4,1,'2026-08-15 19:19:44','2026-08-15 19:19:44'),
(5,5,'Graduation','graduation','select',NULL,NULL,'[\"MBBS\",\"BDS\"]',1,NULL,5,1,'2026-08-15 19:19:44','2026-08-15 19:19:44'),
(6,5,'Post Graduation','post_graduation','select',NULL,NULL,'[\"MD\",\"MS\",\"DNB\",\"FNB\",\"Diploma\",\"Other degree recognized as equivalent by National Medical Council (NMC)\"]',1,NULL,6,1,'2026-08-15 19:19:44','2026-08-15 19:19:44'),
(7,5,'Super specialisation','super_specialisation','select',NULL,NULL,'[\"DM\",\"MCh\",\"DNB\",\"FNB\",\"Other degree recognized as equivalent by National Medical Council (NMC)\"]',1,NULL,7,1,'2026-08-15 19:19:44','2026-08-15 19:19:44'),
(8,5,'Type of engagement','type_of_engagement','select',NULL,NULL,'[\"Full-time with only this Healthcare Organisation (HCO)\",\"Part-time with Regular OPD\",\"Visiting on case-to-case basis\"]',1,NULL,8,1,'2026-08-15 19:19:44','2026-08-15 19:19:44'),
(9,5,'Department of work','department_of_work','text',NULL,NULL,NULL,1,NULL,9,1,'2026-08-15 19:19:44','2026-08-15 19:19:44'),
(10,5,'Availability for Out Patient (OP) services','availability_out_patient','select',NULL,NULL,'[\"Regular Outpatient Department (OPD) (has fixed hours)\",\"Only on-call basis (no fixed hours)\"]',1,NULL,10,1,'2026-08-15 19:19:44','2026-08-15 19:19:44'),
(11,5,'Availability for In-Patient (IP) services','availability_in_patient','select',NULL,NULL,'[\"Regular (provides complete care)\",\"Only on-call basis (only referred patients are seen and opinion provided/procedure performed)\"]',1,NULL,11,1,'2026-08-15 19:19:44','2026-08-15 19:19:44'),
(12,5,'Availability for Emergency services','availability_emergency','select',NULL,NULL,'[\"Can attend Emergency\",\"Cannot attend Emergency\"]',1,NULL,12,1,'2026-08-15 19:19:44','2026-08-15 19:19:44'),
(13,5,'Average daily in-patients','average_daily_in_patients','number',NULL,NULL,NULL,1,NULL,13,1,'2026-08-15 19:19:44','2026-08-15 19:19:44'),
(14,5,'Average daily out-patients','average_daily_out_patients','number',NULL,NULL,NULL,1,NULL,14,1,'2026-08-15 19:19:44','2026-08-15 19:19:44'),
(15,5,'Council of Registration','council_of_registration','select',NULL,NULL,'[\"Andaman & Nicobar Islands\",\"Andhra Pradesh\",\"Arunachal Pradesh\",\"Assam\",\"Bihar\",\"Chandigarh\",\"Chhattisgarh\",\"Dadra & Nagar Haveli\",\"Daman & Diu\",\"Delhi\",\"Goa\",\"Gujarat\",\"Haryana\",\"Himachal Pradesh\",\"Jammu & Kashmir\",\"Jharkhand\",\"Karnataka\",\"Kerala\",\"Ladakh\",\"Lakshadweep\",\"Madhya Pradesh\",\"Maharashtra\",\"Manipur\",\"Meghalaya\",\"Mizoram\",\"Nagaland\",\"Odisha\",\"Puducherry\",\"Punjab\",\"Rajasthan\",\"Sikkim\",\"Tamil Nadu\",\"Telangana\",\"Tripura\",\"Uttar Pradesh\",\"Uttarakhand\",\"West Bengal\",\"National Medical Council\"]',1,NULL,15,1,'2026-08-15 19:19:44','2026-08-15 19:19:44'),
(16,6,'Doctor\'s Name','doctor_name','text',NULL,NULL,NULL,1,NULL,1,1,'2026-08-15 19:19:44','2026-08-15 19:19:44'),
(17,6,'Designation','designation','text',NULL,NULL,NULL,1,NULL,2,1,'2026-08-15 19:19:44','2026-08-15 19:19:44'),
(18,6,'Qualification','qualification','select',NULL,NULL,'[\"MBBS\",\"BDS\",\"MD\",\"MS\",\"DNB\",\"FNB\",\"Diploma\",\"Other degree recognized as equivalent by National Medical Council (NMC)\",\"DM\",\"MCh\",\"DNB\",\"FNB\",\"Other degree recognized as equivalent by National Medical Council (NMC)\"]',1,NULL,3,1,'2026-08-15 19:19:44','2026-08-15 19:19:44'),
(19,6,'Date of Joining','date_of_joining','date',NULL,NULL,NULL,1,NULL,4,1,'2026-08-15 19:19:44','2026-08-15 19:19:44'),
(20,6,'Registration Number','registration_number','text',NULL,NULL,NULL,1,NULL,5,1,'2026-08-15 19:19:44','2026-08-15 19:19:44'),
(21,6,'Department of work','department_of_work','text',NULL,NULL,NULL,1,NULL,6,1,'2026-08-15 19:19:44','2026-08-15 19:19:44'),
(22,6,'Council of Registration','council_of_registration','select',NULL,NULL,'[\"Andaman & Nicobar Islands\",\"Andhra Pradesh\",\"Arunachal Pradesh\",\"Assam\",\"Bihar\",\"Chandigarh\",\"Chhattisgarh\",\"Dadra & Nagar Haveli\",\"Daman & Diu\",\"Delhi\",\"Goa\",\"Gujarat\",\"Haryana\",\"Himachal Pradesh\",\"Jammu & Kashmir\",\"Jharkhand\",\"Karnataka\",\"Kerala\",\"Ladakh\",\"Lakshadweep\",\"Madhya Pradesh\",\"Maharashtra\",\"Manipur\",\"Meghalaya\",\"Mizoram\",\"Nagaland\",\"Odisha\",\"Puducherry\",\"Punjab\",\"Rajasthan\",\"Sikkim\",\"Tamil Nadu\",\"Telangana\",\"Tripura\",\"Uttar Pradesh\",\"Uttarakhand\",\"West Bengal\",\"National Medical Council\"]',1,NULL,7,1,'2026-08-15 19:19:44','2026-08-15 19:19:44'),
(23,10,'Doctor\'s Name','doctor_name','text',NULL,NULL,NULL,1,NULL,1,1,'2026-08-15 19:19:44','2026-08-15 19:19:44'),
(24,10,'Designation','designation','text',NULL,NULL,NULL,1,NULL,2,1,'2026-08-15 19:19:44','2026-08-15 19:19:44'),
(25,10,'Qualification','qualification','text',NULL,NULL,NULL,1,NULL,3,1,'2026-08-15 19:19:44','2026-08-15 19:19:44'),
(26,10,'Date of Joining','date_of_joining','date',NULL,NULL,NULL,1,NULL,4,1,'2026-08-15 19:19:44','2026-08-15 19:19:44'),
(27,10,'Department of work','department_of_work','text',NULL,NULL,NULL,1,NULL,5,1,'2026-08-15 19:19:44','2026-08-15 19:19:44'),
(28,10,'Registration Number','registration_number','text',NULL,NULL,NULL,1,NULL,6,1,'2026-08-15 19:19:44','2026-08-15 19:19:44'),
(29,10,'Council of Registration','council_of_registration','text',NULL,NULL,NULL,1,NULL,7,1,'2026-08-15 19:19:44','2026-08-15 19:19:44'),
(30,7,'Nurse\'s Name','nurse_name','text',NULL,NULL,NULL,1,NULL,1,1,'2026-08-15 19:19:44','2026-08-15 19:19:44'),
(31,7,'Designation','designation','text',NULL,NULL,NULL,1,NULL,2,1,'2026-08-15 19:19:44','2026-08-15 19:19:44'),
(32,7,'Qualification','qualification','select',NULL,NULL,'[\"MBBS\",\"BDS\",\"MD\",\"MS\",\"DNB\",\"FNB\",\"Diploma\",\"Other degree recognized as equivalent by National Medical Council (NMC)\",\"DM\",\"MCh\",\"DNB\",\"FNB\",\"Other degree recognized as equivalent by National Medical Council (NMC)\"]',1,NULL,3,1,'2026-08-15 19:19:44','2026-08-15 19:19:44'),
(33,7,'Date of Joining','date_of_joining','date',NULL,NULL,NULL,1,NULL,4,1,'2026-08-15 19:19:44','2026-08-15 19:19:44'),
(34,7,'Department of work','department_of_work','text',NULL,NULL,NULL,1,NULL,5,1,'2026-08-15 19:19:44','2026-08-15 19:19:44'),
(35,7,'Registration Number','registration_number','text',NULL,NULL,NULL,1,NULL,6,1,'2026-08-15 19:19:44','2026-08-15 19:19:44'),
(36,7,'Mention the Nursing council of registration','nursing_council_of_registration','text',NULL,NULL,NULL,1,NULL,7,1,'2026-08-15 19:19:44','2026-08-15 19:19:44'),
(37,8,'Staff Name','staff_name','text',NULL,NULL,NULL,1,NULL,1,1,'2026-08-15 19:19:44','2026-08-15 19:19:44'),
(38,8,'Designation','designation','text',NULL,NULL,NULL,1,NULL,2,1,'2026-08-15 19:19:44','2026-08-15 19:19:44'),
(39,8,'Qualification','qualification','text',NULL,NULL,NULL,1,NULL,3,1,'2026-08-15 19:19:44','2026-08-15 19:19:44'),
(40,8,'Date of Joining','date_of_joining','date',NULL,NULL,NULL,1,NULL,4,1,'2026-08-15 19:19:44','2026-08-15 19:19:44'),
(41,8,'Department of work','department_of_work','text',NULL,NULL,NULL,1,NULL,5,1,'2026-08-15 19:19:44','2026-08-15 19:19:44'),
(42,9,'Staff Name','staff_name','text',NULL,NULL,NULL,1,NULL,1,1,'2026-08-15 19:19:44','2026-08-15 19:19:44'),
(43,9,'Designation','designation','text',NULL,NULL,NULL,1,NULL,2,1,'2026-08-15 19:19:44','2026-08-15 19:19:44'),
(44,9,'Qualification','qualification','text',NULL,NULL,NULL,1,NULL,3,1,'2026-08-15 19:19:44','2026-08-15 19:19:44'),
(45,9,'Department of work','department_of_work','text',NULL,NULL,NULL,1,NULL,4,1,'2026-08-15 19:19:44','2026-08-15 19:19:44'),
(46,9,'Date of Joining','date_of_joining','date',NULL,NULL,NULL,1,NULL,5,1,'2026-08-15 19:19:44','2026-08-15 19:19:44'),
(47,2,'Department/Services','department_services','text',NULL,NULL,NULL,0,NULL,1,1,'2026-08-15 19:19:44','2026-08-15 19:19:44'),
(48,2,'Vendor/ Organization Name','vendor_organization_name','text',NULL,NULL,NULL,0,NULL,2,1,'2026-08-15 19:19:44','2026-08-15 19:19:44'),
(49,2,'Type of Services','type_of_services','text',NULL,NULL,NULL,0,NULL,3,1,'2026-08-15 19:19:44','2026-08-15 19:19:44'),
(50,2,'Agreement Date','agreement_date','date',NULL,NULL,NULL,0,NULL,4,1,'2026-08-15 19:19:44','2026-08-15 19:19:44'),
(51,2,'Valid Upto','valid_upto','date',NULL,NULL,NULL,0,NULL,5,1,'2026-08-15 19:19:44','2026-08-15 19:19:44'),
(52,2,'Renewal Due date','renewal_due_date','date',NULL,NULL,NULL,0,NULL,6,1,'2026-08-15 19:19:44','2026-08-15 19:19:44'),
(53,2,'Status','status','text',NULL,NULL,NULL,0,NULL,7,1,'2026-08-15 19:19:44','2026-08-15 19:19:44'),
(54,2,'Remarks','remarks','text',NULL,NULL,NULL,0,NULL,8,1,'2026-08-15 19:19:44','2026-08-15 19:19:44'),
(55,1,'Name of License / Compliance','name_of_license_compliance','text',NULL,NULL,NULL,0,NULL,1,1,'2026-08-15 19:19:44','2026-08-15 19:19:44'),
(56,1,'Authority','authority','text',NULL,NULL,NULL,0,NULL,2,1,'2026-08-15 19:19:44','2026-08-15 19:19:44'),
(57,1,'License No.','license_number','text',NULL,NULL,NULL,0,NULL,3,1,'2026-08-15 19:19:44','2026-08-15 19:19:44'),
(58,1,'Issue Date','issue_date','date',NULL,NULL,NULL,0,NULL,4,1,'2026-08-15 19:19:44','2026-08-15 19:19:44'),
(59,1,'Expiry Date','expiry_date','date',NULL,NULL,NULL,0,NULL,5,1,'2026-08-15 19:19:44','2026-08-15 19:19:44'),
(60,1,'Renewal Due date','renewal_due_date','date',NULL,NULL,NULL,0,NULL,6,1,'2026-08-15 19:19:44','2026-08-15 19:19:44'),
(61,1,'Status','status','text',NULL,NULL,NULL,0,NULL,7,1,'2026-08-15 19:19:44','2026-08-15 19:19:44'),
(62,1,'Remarks','remarks','text',NULL,NULL,NULL,0,NULL,8,1,'2026-08-15 19:19:44','2026-08-15 19:19:44'),
(63,3,'Doctor\'s Name','doctor_name','text',NULL,NULL,NULL,0,NULL,1,1,'2026-08-15 19:19:44','2026-08-15 19:19:44'),
(64,3,'Designation','designation','text',NULL,NULL,NULL,0,NULL,2,1,'2026-08-15 19:19:44','2026-08-15 19:19:44'),
(65,3,'Date of Joining','date_of_joining','date',NULL,NULL,NULL,0,NULL,3,1,'2026-08-15 19:19:44','2026-08-15 19:19:44'),
(66,3,'Registration Number','registration_number','text',NULL,NULL,NULL,0,NULL,4,1,'2026-08-15 19:19:44','2026-08-15 19:19:44'),
(67,3,'Graduation','graduation','select',NULL,NULL,'[\"MBBS\",\"BDS\"]',0,NULL,5,1,'2026-08-15 19:19:44','2026-08-15 19:19:44'),
(68,3,'Post Graduation','post_graduation','select',NULL,NULL,'[\"MD\",\"MS\",\"DNB\",\"FNB\",\"Diploma\",\"Other degree recognized as equivalent by National Medical Council (NMC)\"]',0,NULL,6,1,'2026-08-15 19:19:44','2026-08-15 19:19:44'),
(69,3,'Super specialisation','super_specialisation','select',NULL,NULL,'[\"DM\",\"MCh\",\"DNB\",\"FNB\",\"Other degree recognized as equivalent by National Medical Council (NMC)\"]',0,NULL,7,1,'2026-08-15 19:19:44','2026-08-15 19:19:44'),
(70,3,'Type of engagement','type_of_engagement','select',NULL,NULL,'[\"Full-time with only this Healthcare Organisation (HCO)\",\"Part-time with Regular OPD\",\"Visiting on case-to-case basis\"]',0,NULL,8,1,'2026-08-15 19:19:44','2026-08-15 19:19:44'),
(71,3,'Availability for Out Patient (OP) services','availability_out_patient','select',NULL,NULL,'[\"Regular Outpatient Department (OPD) (has fixed hours)\",\"Only on-call basis (no fixed hours)\"]',0,NULL,9,1,'2026-08-15 19:19:44','2026-08-15 19:19:44'),
(72,3,'Availability for In-Patient (IP) services','availability_in_patient','select',NULL,NULL,'[\"Regular (provides complete care)\",\"Only on-call basis (only referred patients are seen and opinion provided/procedure performed)\"]',0,NULL,10,1,'2026-08-15 19:19:44','2026-08-15 19:19:44'),
(73,3,'Availability for Emergency services','availability_emergency','select',NULL,NULL,'[\"Can attend Emergency\",\"Cannot attend Emergency\"]',0,NULL,11,1,'2026-08-15 19:19:44','2026-08-15 19:19:44'),
(74,3,'Average daily in-patients','average_daily_in_patients','number',NULL,NULL,NULL,0,NULL,12,1,'2026-08-15 19:19:44','2026-08-15 19:19:44'),
(75,3,'Average daily out-patients','average_daily_out_patients','number',NULL,NULL,NULL,0,NULL,13,1,'2026-08-15 19:19:44','2026-08-15 19:19:44'),
(76,3,'Council of Registration','council_of_registration','select',NULL,NULL,'[\"Andaman & Nicobar Islands\",\"Andhra Pradesh\",\"Arunachal Pradesh\",\"Assam\",\"Bihar\",\"Chandigarh\",\"Chhattisgarh\",\"Dadra & Nagar Haveli\",\"Daman & Diu\",\"Delhi\",\"Goa\",\"Gujarat\",\"Haryana\",\"Himachal Pradesh\",\"Jammu & Kashmir\",\"Jharkhand\",\"Karnataka\",\"Kerala\",\"Ladakh\",\"Lakshadweep\",\"Madhya Pradesh\",\"Maharashtra\",\"Manipur\",\"Meghalaya\",\"Mizoram\",\"Nagaland\",\"Odisha\",\"Puducherry\",\"Punjab\",\"Rajasthan\",\"Sikkim\",\"Tamil Nadu\",\"Telangana\",\"Tripura\",\"Uttar Pradesh\",\"Uttarakhand\",\"West Bengal\",\"National Medical Council\"]',0,NULL,14,1,'2026-08-15 19:19:44','2026-08-15 19:19:44'),
(77,3,'Photo As Evidence','photo_as_evidence','image',NULL,NULL,NULL,0,1,15,1,'2026-08-15 19:19:44','2026-08-15 19:19:44'),
(78,4,'Support Services','service','text',NULL,NULL,NULL,0,NULL,1,1,'2026-08-15 19:19:44','2026-08-15 19:19:44'),
(79,4,'Status (Inhouse / Outsourced / Not Applicable)','status','select',NULL,NULL,'[\"Inhouse\",\"Outsourced\",\"Not Applicable\"]',0,NULL,2,1,'2026-08-15 19:19:44','2026-08-15 19:19:44');

--
-- Table structure for table `checklist_subchecklist_items`
--

CREATE TABLE `checklist_subchecklist_items` (
  `id` int(10) unsigned NOT NULL AUTO_INCREMENT,
  `subchecklist_id` int(10) unsigned NOT NULL,
  `item_key` varchar(150) NOT NULL,
  `item_name` varchar(500) NOT NULL,
  `category` varchar(255) DEFAULT NULL,
  `sort_order` int(11) NOT NULL DEFAULT 0,
  `metadata_json` longtext DEFAULT NULL,
  `status` tinyint(1) NOT NULL DEFAULT 1,
  `created_at` timestamp NOT NULL DEFAULT current_timestamp(),
  `updated_at` timestamp NOT NULL DEFAULT current_timestamp() ON UPDATE current_timestamp(),
  PRIMARY KEY (`id`),
  UNIQUE KEY `uq_subchecklist_item_key` (`subchecklist_id`,`item_key`),
  KEY `idx_subchecklist_items_subchecklist` (`subchecklist_id`)
) ENGINE=InnoDB AUTO_INCREMENT=203 DEFAULT CHARSET=utf8mb4 COLLATE=utf8mb4_unicode_ci;

--
-- Dumping data for table `checklist_subchecklist_items`
--

INSERT INTO `checklist_subchecklist_items` VALUES
(1,1,'statutory_1_gstin','GSTIN',NULL,1,NULL,1,'2026-08-15 20:13:43','2026-08-15 20:13:43'),
(2,1,'statutory_2_pan','PAN',NULL,2,NULL,1,'2026-08-15 20:13:43','2026-08-15 20:13:43'),
(3,1,'statutory_3_tan','TAN',NULL,3,NULL,1,'2026-08-15 20:13:43','2026-08-15 20:13:43'),
(4,1,'statutory_4_registration_under_the_clinical_establishment_act_cea_or_state_act','Registration under the Clinical Establishment Act (CEA) or State Act',NULL,4,NULL,1,'2026-08-15 20:13:43','2026-08-15 20:13:43'),
(5,1,'statutory_5_registration_under_the_shop_and_establishment_act','Registration under the shop and establishment act',NULL,5,NULL,1,'2026-08-15 20:13:43','2026-08-15 20:13:43'),
(6,1,'statutory_6_registration_with_local_authorities_city_corporation_municipality_panchayat','Registration with local authorities (City corporation/Municipality/Panchayat)',NULL,6,NULL,1,'2026-08-15 20:13:43','2026-08-15 20:13:43'),
(7,1,'statutory_7_pcb','PCB',NULL,7,NULL,1,'2026-08-15 20:13:43','2026-08-15 20:13:43'),
(8,1,'statutory_8_mou_bmw','MOU-BMW',NULL,8,NULL,1,'2026-08-15 20:13:43','2026-08-15 20:13:43'),
(9,1,'statutory_9_pcb_air_and_water','PCB-Air and Water',NULL,9,NULL,1,'2026-08-15 20:13:43','2026-08-15 20:13:43'),
(10,1,'statutory_10_fire_noc','Fire NOC',NULL,10,NULL,1,'2026-08-15 20:13:43','2026-08-15 20:13:43'),
(11,1,'statutory_11_building_occupancy','Building occupancy',NULL,11,NULL,1,'2026-08-15 20:13:43','2026-08-15 20:13:43'),
(12,1,'statutory_12_license_for_store_compressed_gases_petroleum_and_explosives_safety_organisation_peso','License for store compressed gases Petroleum and Explosives Safety Organisation (PESO)',NULL,12,NULL,1,'2026-08-15 20:13:43','2026-08-15 20:13:43'),
(13,1,'statutory_13_lift_licenses_for_all_the_lifts','Lift Licenses for all the lifts',NULL,13,NULL,1,'2026-08-15 20:13:43','2026-08-15 20:13:43'),
(14,1,'statutory_14_canteen_food_safety_and_standards_authority_of_india_fssai','Canteen Food Safety and Standards Authority of India (FSSAI)',NULL,14,NULL,1,'2026-08-15 20:13:43','2026-08-15 20:13:43'),
(15,1,'statutory_15_registration_under_pc_pndt_act','Registration under PC-PNDT Act',NULL,15,NULL,1,'2026-08-15 20:13:43','2026-08-15 20:13:43'),
(16,1,'statutory_16_registration_under_medical_termination_of_pregnancy_mtp_act','Registration under Medical Termination of Pregnancy (MTP) Act',NULL,16,NULL,1,'2026-08-15 20:13:43','2026-08-15 20:13:43'),
(17,1,'statutory_17_aerb_license_for_fixed_x_ray','AERB license for Fixed X-Ray',NULL,17,NULL,1,'2026-08-15 20:13:43','2026-08-15 20:13:43'),
(18,1,'statutory_18_aerb_license_for_mobile_x_ray_s','AERB license for Mobile X-Ray(s)',NULL,18,NULL,1,'2026-08-15 20:13:43','2026-08-15 20:13:43'),
(19,1,'statutory_19_aerb_license_for_dental_x_ray_s','AERB license for Dental X-Ray(s)',NULL,19,NULL,1,'2026-08-15 20:13:43','2026-08-15 20:13:43'),
(20,1,'statutory_20_aerb_license_for_orthopantomogram_opg','AERB license for Orthopantomogram (OPG)',NULL,20,NULL,1,'2026-08-15 20:13:43','2026-08-15 20:13:43'),
(21,1,'statutory_21_aerb_license_for_catheterization_laboratory_ct_scan','AERB license for Catheterization Laboratory (CT) Scan',NULL,21,NULL,1,'2026-08-15 20:13:43','2026-08-15 20:13:43'),
(22,1,'statutory_22_aerb_license_for_mammography','AERB license for Mammography',NULL,22,NULL,1,'2026-08-15 20:13:43','2026-08-15 20:13:43'),
(23,1,'statutory_23_aerb_license_for_bone_mineral_density_bmd','AERB license for Bone Mineral Density (BMD)',NULL,23,NULL,1,'2026-08-15 20:13:43','2026-08-15 20:13:43'),
(24,1,'statutory_24_aerb_license_for_c_arm','AERB license for C-Arm',NULL,24,NULL,1,'2026-08-15 20:13:43','2026-08-15 20:13:43'),
(25,1,'statutory_25_aerb_license_for_cath_lab','AERB license for Cath Lab',NULL,25,NULL,1,'2026-08-15 20:13:43','2026-08-15 20:13:43'),
(26,1,'statutory_26_radiation_safety_officer_rso_i_ii_ii','Radiation Safety Officer (RSO) I,II,II',NULL,26,NULL,1,'2026-08-15 20:13:43','2026-08-15 20:13:43'),
(27,1,'statutory_27_nuclear_medicine','Nuclear Medicine',NULL,27,NULL,1,'2026-08-15 20:13:43','2026-08-15 20:13:43'),
(28,1,'statutory_28_radiotherapy','Radiotherapy',NULL,28,NULL,1,'2026-08-15 20:13:43','2026-08-15 20:13:43'),
(29,1,'statutory_29_pharmacy_license_if_retail_pharmacy_exists','Pharmacy License (if retail pharmacy exists)',NULL,29,NULL,1,'2026-08-15 20:13:43','2026-08-15 20:13:43'),
(30,1,'statutory_30_narcotics_license','Narcotics license',NULL,30,NULL,1,'2026-08-15 20:13:43','2026-08-15 20:13:43'),
(31,1,'statutory_31_blood_centre','Blood centre',NULL,31,NULL,1,'2026-08-15 20:13:43','2026-08-15 20:13:43'),
(32,1,'statutory_32_registration_for_transplantation','Registration for transplantation',NULL,32,NULL,1,'2026-08-15 20:13:43','2026-08-15 20:13:43'),
(33,1,'statutory_33_mental_health_act_license','Mental Health Act license',NULL,33,NULL,1,'2026-08-15 20:13:43','2026-08-15 20:13:43'),
(34,1,'statutory_34_assisted_reproductive_technology_art_license','Assisted Reproductive Technology (ART) License',NULL,34,NULL,1,'2026-08-15 20:13:43','2026-08-15 20:13:43'),
(35,1,'statutory_35_rent_agreement_if_applicable','Rent agreement (If applicable)',NULL,35,NULL,1,'2026-08-15 20:13:43','2026-08-15 20:13:43'),
(36,1,'statutory_36_others_if_any','Others, if any',NULL,36,NULL,1,'2026-08-15 20:13:43','2026-08-15 20:13:43'),
(37,3,'scope_1_anaesthesiology','Anaesthesiology',NULL,1,NULL,1,'2026-08-15 20:13:43','2026-08-15 20:13:43'),
(38,3,'scope_2_general_medicine','General Medicine',NULL,2,NULL,1,'2026-08-15 20:13:43','2026-08-15 20:13:43'),
(39,3,'scope_3_emergency_medicine','Emergency Medicine',NULL,3,NULL,1,'2026-08-15 20:13:43','2026-08-15 20:13:43'),
(40,3,'scope_4_family_medicine','Family Medicine',NULL,4,NULL,1,'2026-08-15 20:13:43','2026-08-15 20:13:43'),
(41,3,'scope_5_respiratory_medicine','Respiratory Medicine',NULL,5,NULL,1,'2026-08-15 20:13:43','2026-08-15 20:13:43'),
(42,3,'scope_6_sports_medicine','Sports Medicine',NULL,6,NULL,1,'2026-08-15 20:13:43','2026-08-15 20:13:43'),
(43,3,'scope_7_general_surgery','General Surgery',NULL,7,NULL,1,'2026-08-15 20:13:43','2026-08-15 20:13:43'),
(44,3,'scope_8_general_surgery_laparoscopic_surgery','General Surgery - Laparoscopic Surgery',NULL,8,NULL,1,'2026-08-15 20:13:43','2026-08-15 20:13:43'),
(45,3,'scope_9_general_surgery_bariatric_surgery','General Surgery - Bariatric Surgery',NULL,9,NULL,1,'2026-08-15 20:13:43','2026-08-15 20:13:43'),
(46,3,'scope_10_general_surgery_minimal_access_surgery','General Surgery                   (Minimal Access Surgery)',NULL,10,NULL,1,'2026-08-15 20:13:43','2026-08-15 20:13:43'),
(47,3,'scope_11_obstetrics_gynaecology','Obstetrics & Gynaecology',NULL,11,NULL,1,'2026-08-15 20:13:43','2026-08-15 20:13:43'),
(48,3,'scope_12_obstetrics_gynaecology_excluding_high_risk_obstetrics_cases','Obstetrics & Gynaecology (Excluding High Risk Obstetrics Cases)',NULL,12,NULL,1,'2026-08-15 20:13:43','2026-08-15 20:13:43'),
(49,3,'scope_13_orthopaedic_surgery','Orthopaedic Surgery',NULL,13,NULL,1,'2026-08-15 20:13:43','2026-08-15 20:13:43'),
(50,3,'scope_14_orthopaedic_surgery_including_joint_replacement_surgery','Orthopaedic Surgery (Including Joint Replacement surgery)',NULL,14,NULL,1,'2026-08-15 20:13:43','2026-08-15 20:13:43'),
(51,3,'scope_15_orthopaedic_surgery_including_arthroplasty','Orthopaedic Surgery (Including Arthroplasty )',NULL,15,NULL,1,'2026-08-15 20:13:43','2026-08-15 20:13:43'),
(52,3,'scope_16_orthopaedic_surgery_including_arthroscopy','Orthopaedic Surgery (Including Arthroscopy)',NULL,16,NULL,1,'2026-08-15 20:13:43','2026-08-15 20:13:43'),
(53,3,'scope_17_orthopaedic_surgery_including_sports_medicine','Orthopaedic Surgery (Including Sports Medicine)',NULL,17,NULL,1,'2026-08-15 20:13:43','2026-08-15 20:13:43'),
(54,3,'scope_18_ophthalmology','Ophthalmology',NULL,18,NULL,1,'2026-08-15 20:13:43','2026-08-15 20:13:43'),
(55,3,'scope_19_otorhinolaryngology','Otorhinolaryngology',NULL,19,NULL,1,'2026-08-15 20:13:43','2026-08-15 20:13:43'),
(56,3,'scope_20_paediatrics','Paediatrics',NULL,20,NULL,1,'2026-08-15 20:13:43','2026-08-15 20:13:43'),
(57,3,'scope_21_paediatrics_including_neonatology','Paediatrics (Including Neonatology)',NULL,21,NULL,1,'2026-08-15 20:13:43','2026-08-15 20:13:43'),
(58,3,'scope_22_neonatology','Neonatology',NULL,22,NULL,1,'2026-08-15 20:13:43','2026-08-15 20:13:43'),
(59,3,'scope_23_dental_science','Dental Science',NULL,23,NULL,1,'2026-08-15 20:13:43','2026-08-15 20:13:43'),
(60,3,'scope_24_nephrology','Nephrology',NULL,24,NULL,1,'2026-08-15 20:13:43','2026-08-15 20:13:43'),
(61,3,'scope_25_nephrology_including_dialysis','Nephrology (Including Dialysis)',NULL,25,NULL,1,'2026-08-15 20:13:43','2026-08-15 20:13:43'),
(62,3,'scope_26_urology','Urology',NULL,26,NULL,1,'2026-08-15 20:13:43','2026-08-15 20:13:43'),
(63,3,'scope_27_urology_including_andrology','Urology (Including Andrology)',NULL,27,NULL,1,'2026-08-15 20:13:43','2026-08-15 20:13:43'),
(64,3,'scope_28_child_adolescent_psychiatry','Child & Adolescent Psychiatry',NULL,28,NULL,1,'2026-08-15 20:13:43','2026-08-15 20:13:43'),
(65,3,'scope_29_clinical_pharmacology','Clinical Pharmacology',NULL,29,NULL,1,'2026-08-15 20:13:43','2026-08-15 20:13:43'),
(66,3,'scope_30_dermatology_and_venereology','Dermatology and Venereology',NULL,30,NULL,1,'2026-08-15 20:13:43','2026-08-15 20:13:43'),
(67,3,'scope_31_neurology','Neurology',NULL,31,NULL,1,'2026-08-15 20:13:43','2026-08-15 20:13:43'),
(68,3,'scope_32_neurosurgery','Neurosurgery',NULL,32,NULL,1,'2026-08-15 20:13:43','2026-08-15 20:13:43'),
(69,3,'scope_33_oral_and_maxillofacial_surgery','Oral and Maxillofacial Surgery',NULL,33,NULL,1,'2026-08-15 20:13:43','2026-08-15 20:13:43'),
(70,3,'scope_34_plastic_and_reconstructive_surgery','Plastic and Reconstructive Surgery',NULL,34,NULL,1,'2026-08-15 20:13:43','2026-08-15 20:13:43'),
(71,3,'scope_35_spine_surgery','Spine Surgery',NULL,35,NULL,1,'2026-08-15 20:13:43','2026-08-15 20:13:43'),
(72,3,'scope_36_geriatric_medicine','Geriatric Medicine',NULL,36,NULL,1,'2026-08-15 20:13:43','2026-08-15 20:13:43'),
(73,3,'scope_37_infectious_diseases','Infectious Diseases',NULL,37,NULL,1,'2026-08-15 20:13:43','2026-08-15 20:13:43'),
(74,3,'scope_38_otorhinolaryngology_including_cochlear_implant','Otorhinolaryngology (Including Cochlear Implant)',NULL,38,NULL,1,'2026-08-15 20:13:43','2026-08-15 20:13:43'),
(75,3,'scope_39_pain_medicine','Pain Medicine',NULL,39,NULL,1,'2026-08-15 20:13:43','2026-08-15 20:13:43'),
(76,3,'scope_40_palliative_medicine','Palliative Medicine',NULL,40,NULL,1,'2026-08-15 20:13:43','2026-08-15 20:13:43'),
(77,3,'scope_41_physical_medicine_and_rehabilitation','Physical Medicine and Rehabilitation',NULL,41,NULL,1,'2026-08-15 20:13:43','2026-08-15 20:13:43'),
(78,3,'scope_42_psychiatry_opd_ipd','Psychiatry (OPD & IPD)',NULL,42,NULL,1,'2026-08-15 20:13:43','2026-08-15 20:13:43'),
(79,3,'scope_43_psychiatry_opd_only','Psychiatry (OPD only)',NULL,43,NULL,1,'2026-08-15 20:13:43','2026-08-15 20:13:43'),
(80,3,'scope_44_radiology','Radiology',NULL,44,NULL,1,'2026-08-15 20:13:43','2026-08-15 20:13:43'),
(81,3,'scope_45_transfusion_medicine','Transfusion Medicine',NULL,45,NULL,1,'2026-08-15 20:13:43','2026-08-15 20:13:43'),
(82,3,'scope_46_cardiothoracic_and_vascular_surgery','Cardiothoracic and Vascular Surgery',NULL,46,NULL,1,'2026-08-15 20:13:43','2026-08-15 20:13:43'),
(83,3,'scope_47_clinical_hematology','Clinical Hematology',NULL,47,NULL,1,'2026-08-15 20:13:43','2026-08-15 20:13:43'),
(84,3,'scope_48_clinical_immunology','Clinical Immunology',NULL,48,NULL,1,'2026-08-15 20:13:43','2026-08-15 20:13:43'),
(85,3,'scope_49_endocrine_surgery','Endocrine Surgery',NULL,49,NULL,1,'2026-08-15 20:13:43','2026-08-15 20:13:43'),
(86,3,'scope_50_endocrinology','Endocrinology',NULL,50,NULL,1,'2026-08-15 20:13:43','2026-08-15 20:13:43'),
(87,3,'scope_51_fetal_medicine','Fetal Medicine',NULL,51,NULL,1,'2026-08-15 20:13:43','2026-08-15 20:13:43'),
(88,3,'scope_52_forensic_medicine','Forensic Medicine',NULL,52,NULL,1,'2026-08-15 20:13:43','2026-08-15 20:13:43'),
(89,3,'scope_53_hand_micro_surgery','Hand & Micro Surgery',NULL,53,NULL,1,'2026-08-15 20:13:43','2026-08-15 20:13:43'),
(90,3,'scope_54_hepato_pancreato_biliary_surgery','Hepato Pancreato Biliary Surgery',NULL,54,NULL,1,'2026-08-15 20:13:43','2026-08-15 20:13:43'),
(91,3,'scope_55_hepatology','Hepatology',NULL,55,NULL,1,'2026-08-15 20:13:43','2026-08-15 20:13:43'),
(92,3,'scope_56_cardiology','Cardiology',NULL,56,NULL,1,'2026-08-15 20:13:43','2026-08-15 20:13:43'),
(93,3,'scope_57_cardiology_interventional_cardiology','Cardiology - Interventional Cardiology',NULL,57,NULL,1,'2026-08-15 20:13:43','2026-08-15 20:13:43'),
(94,3,'scope_58_cardiology_non_interventional_cardiology','Cardiology - Non Interventional Cardiology',NULL,58,NULL,1,'2026-08-15 20:13:43','2026-08-15 20:13:43'),
(95,3,'scope_59_interventional_radiology','Interventional Radiology',NULL,59,NULL,1,'2026-08-15 20:13:43','2026-08-15 20:13:43'),
(96,3,'scope_60_medical_gastroenterology','Medical Gastroenterology',NULL,60,NULL,1,'2026-08-15 20:13:43','2026-08-15 20:13:43'),
(97,3,'scope_61_pulmonary_medicine','Pulmonary Medicine',NULL,61,NULL,1,'2026-08-15 20:13:43','2026-08-15 20:13:43'),
(98,3,'scope_62_reproductive_medicine','Reproductive Medicine',NULL,62,NULL,1,'2026-08-15 20:13:43','2026-08-15 20:13:43'),
(99,3,'scope_63_rheumatology','Rheumatology',NULL,63,NULL,1,'2026-08-15 20:13:43','2026-08-15 20:13:43'),
(100,3,'scope_64_surgical_gastroenterology','Surgical Gastroenterology',NULL,64,NULL,1,'2026-08-15 20:13:43','2026-08-15 20:13:43'),
(101,3,'scope_65_thoracic_surgery','Thoracic Surgery',NULL,65,NULL,1,'2026-08-15 20:13:43','2026-08-15 20:13:43'),
(102,3,'scope_66_vascular_surgery','Vascular Surgery',NULL,66,NULL,1,'2026-08-15 20:13:43','2026-08-15 20:13:43'),
(103,3,'scope_67_cardiac_anaesthesia','Cardiac Anaesthesia',NULL,67,NULL,1,'2026-08-15 20:13:43','2026-08-15 20:13:43'),
(104,3,'scope_68_neuro_anaesthesia','Neuro Anaesthesia',NULL,68,NULL,1,'2026-08-15 20:13:43','2026-08-15 20:13:43'),
(105,3,'scope_69_organ_transplant_anaesthesia','Organ Transplant Anaesthesia',NULL,69,NULL,1,'2026-08-15 20:13:43','2026-08-15 20:13:43'),
(106,3,'scope_70_critical_care','Critical Care',NULL,70,NULL,1,'2026-08-15 20:13:43','2026-08-15 20:13:43'),
(107,3,'scope_71_bone_marrow_transplant_intensive_care_unit','Bone Marrow Transplant Intensive Care Unit',NULL,71,NULL,1,'2026-08-15 20:13:43','2026-08-15 20:13:43'),
(108,3,'scope_72_cardiac_intensive_care_unit','Cardiac Intensive Care Unit',NULL,72,NULL,1,'2026-08-15 20:13:43','2026-08-15 20:13:43'),
(109,3,'scope_73_cardiothorasic_vascular_surgery_intensive_care_unit','Cardiothorasic & Vascular Surgery Intensive Care Unit',NULL,73,NULL,1,'2026-08-15 20:13:43','2026-08-15 20:13:43'),
(110,3,'scope_74_neonatal_intensive_care_unit','Neonatal Intensive Care Unit',NULL,74,NULL,1,'2026-08-15 20:13:43','2026-08-15 20:13:43'),
(111,3,'scope_75_neurosurgery_intensive_care_unit','Neurosurgery Intensive Care Unit',NULL,75,NULL,1,'2026-08-15 20:13:43','2026-08-15 20:13:43'),
(112,3,'scope_76_organ_transplant_intensive_care_unit','Organ Transplant Intensive Care Unit',NULL,76,NULL,1,'2026-08-15 20:13:43','2026-08-15 20:13:43'),
(113,3,'scope_77_paediatric_intensive_care_unit','Paediatric Intensive Care Unit',NULL,77,NULL,1,'2026-08-15 20:13:43','2026-08-15 20:13:43'),
(114,3,'scope_78_paediatric_anaesthesia','Paediatric Anaesthesia',NULL,78,NULL,1,'2026-08-15 20:13:43','2026-08-15 20:13:43'),
(115,3,'scope_79_paediatric_cardiology','Paediatric Cardiology',NULL,79,NULL,1,'2026-08-15 20:13:43','2026-08-15 20:13:43'),
(116,3,'scope_80_paediatric_cardiothoracic_vascular_surgery','Paediatric Cardiothoracic Vascular Surgery',NULL,80,NULL,1,'2026-08-15 20:13:43','2026-08-15 20:13:43'),
(117,3,'scope_81_paediatric_dermatology','Paediatric Dermatology',NULL,81,NULL,1,'2026-08-15 20:13:43','2026-08-15 20:13:43'),
(118,3,'scope_82_paediatric_endocrinology','Paediatric Endocrinology',NULL,82,NULL,1,'2026-08-15 20:13:43','2026-08-15 20:13:43'),
(119,3,'scope_83_paediatric_gastroenterology','Paediatric Gastroenterology',NULL,83,NULL,1,'2026-08-15 20:13:43','2026-08-15 20:13:43'),
(120,3,'scope_84_paediatric_hepatology','Paediatric Hepatology',NULL,84,NULL,1,'2026-08-15 20:13:43','2026-08-15 20:13:43'),
(121,3,'scope_85_paediatric_nephrology','Paediatric Nephrology',NULL,85,NULL,1,'2026-08-15 20:13:43','2026-08-15 20:13:43'),
(122,3,'scope_86_paediatric_neurology','Paediatric Neurology',NULL,86,NULL,1,'2026-08-15 20:13:43','2026-08-15 20:13:43'),
(123,3,'scope_87_paediatric_orthopedics','Paediatric Orthopedics',NULL,87,NULL,1,'2026-08-15 20:13:43','2026-08-15 20:13:43'),
(124,3,'scope_88_paediatric_otorhinolaryngology','Paediatric Otorhinolaryngology',NULL,88,NULL,1,'2026-08-15 20:13:43','2026-08-15 20:13:43'),
(125,3,'scope_89_paediatric_pulmonology','Paediatric Pulmonology',NULL,89,NULL,1,'2026-08-15 20:13:43','2026-08-15 20:13:43'),
(126,3,'scope_90_paediatric_rheumatology','Paediatric Rheumatology',NULL,90,NULL,1,'2026-08-15 20:13:43','2026-08-15 20:13:43'),
(127,3,'scope_91_paediatric_surgery','Paediatric Surgery',NULL,91,NULL,1,'2026-08-15 20:13:43','2026-08-15 20:13:43'),
(128,3,'scope_92_peadiatric_urology','Peadiatric Urology',NULL,92,NULL,1,'2026-08-15 20:13:43','2026-08-15 20:13:43'),
(129,3,'scope_93_gynaecology_oncology','Gynaecology Oncology',NULL,93,NULL,1,'2026-08-15 20:13:43','2026-08-15 20:13:43'),
(130,3,'scope_94_gastro_intestinal_oncology','Gastro Intestinal Oncology',NULL,94,NULL,1,'2026-08-15 20:13:43','2026-08-15 20:13:43'),
(131,3,'scope_95_haemato_oncology','Haemato Oncology',NULL,95,NULL,1,'2026-08-15 20:13:43','2026-08-15 20:13:43'),
(132,3,'scope_96_head_neck_oncology','Head & Neck Oncology',NULL,96,NULL,1,'2026-08-15 20:13:43','2026-08-15 20:13:43'),
(133,3,'scope_97_medical_oncology','Medical Oncology',NULL,97,NULL,1,'2026-08-15 20:13:43','2026-08-15 20:13:43'),
(134,3,'scope_98_nuclear_medicine','Nuclear Medicine',NULL,98,NULL,1,'2026-08-15 20:13:43','2026-08-15 20:13:43'),
(135,3,'scope_99_paediatric_haemato_oncology','Paediatric Haemato Oncology',NULL,99,NULL,1,'2026-08-15 20:13:43','2026-08-15 20:13:43'),
(136,3,'scope_100_radiation_oncology','Radiation Oncology',NULL,100,NULL,1,'2026-08-15 20:13:43','2026-08-15 20:13:43'),
(137,3,'scope_101_uro_oncology','Uro Oncology',NULL,101,NULL,1,'2026-08-15 20:13:43','2026-08-15 20:13:43'),
(138,3,'scope_102_surgical_oncology','Surgical Oncology',NULL,102,NULL,1,'2026-08-15 20:13:43','2026-08-15 20:13:43'),
(139,3,'scope_103_bone_marrow_transplant','Bone Marrow Transplant',NULL,103,NULL,1,'2026-08-15 20:13:43','2026-08-15 20:13:43'),
(140,3,'scope_104_cardiac_transplant','Cardiac Transplant',NULL,104,NULL,1,'2026-08-15 20:13:43','2026-08-15 20:13:43'),
(141,3,'scope_105_cornea_transplant','Cornea Transplant',NULL,105,NULL,1,'2026-08-15 20:13:43','2026-08-15 20:13:43'),
(142,3,'scope_106_intestine_transplant','Intestine Transplant',NULL,106,NULL,1,'2026-08-15 20:13:43','2026-08-15 20:13:43'),
(143,3,'scope_107_liver_transplant','Liver Transplant',NULL,107,NULL,1,'2026-08-15 20:13:43','2026-08-15 20:13:43'),
(144,3,'scope_108_lung_transplant','Lung Transplant',NULL,108,NULL,1,'2026-08-15 20:13:43','2026-08-15 20:13:43'),
(145,3,'scope_109_pancreas_transplant','Pancreas Transplant',NULL,109,NULL,1,'2026-08-15 20:13:43','2026-08-15 20:13:43'),
(146,3,'scope_110_renal_transplant','Renal Transplant',NULL,110,NULL,1,'2026-08-15 20:13:43','2026-08-15 20:13:43'),
(147,3,'scope_111_small_intestine_transplant','Small Intestine Transplant',NULL,111,NULL,1,'2026-08-15 20:13:43','2026-08-15 20:13:43'),
(148,3,'scope_112_stem_cell_transplant','Stem Cell Transplant',NULL,112,NULL,1,'2026-08-15 20:13:43','2026-08-15 20:13:43'),
(149,3,'scope_113_pathology','Pathology',NULL,113,NULL,1,'2026-08-15 20:13:43','2026-08-15 20:13:43'),
(150,3,'scope_114_radiology','Radiology',NULL,114,NULL,1,'2026-08-15 20:13:43','2026-08-15 20:13:43'),
(151,4,'supportive_1_2d_echo','2D Echo','Diagnostic Services',1,'{\"source_sn\":1}',1,'2026-08-15 20:13:43','2026-08-15 20:13:43'),
(152,4,'supportive_2_audiometry','Audiometry','Diagnostic Services',2,'{\"source_sn\":2}',1,'2026-08-15 20:13:43','2026-08-15 20:13:43'),
(153,4,'supportive_3_bronchoscopy','Bronchoscopy','Diagnostic Services',3,'{\"source_sn\":3}',1,'2026-08-15 20:13:43','2026-08-15 20:13:43'),
(154,4,'supportive_4_bone_densitometry','Bone Densitometry','Diagnostic Services',4,'{\"source_sn\":4}',1,'2026-08-15 20:13:43','2026-08-15 20:13:43'),
(155,4,'supportive_5_color_doppler','Color Doppler','Diagnostic Services',5,'{\"source_sn\":5}',1,'2026-08-15 20:13:43','2026-08-15 20:13:43'),
(156,4,'supportive_6_colonscopy_doppler','Colonscopy  Doppler','Diagnostic Services',6,'{\"source_sn\":6}',1,'2026-08-15 20:13:43','2026-08-15 20:13:43'),
(157,4,'supportive_7_ct_scan','CT Scan','Diagnostic Services',7,'{\"source_sn\":7}',1,'2026-08-15 20:13:43','2026-08-15 20:13:43'),
(158,4,'supportive_8_dsa_lab_cath_lab','DSA Lab/ Cath Lab','Diagnostic Services',8,'{\"source_sn\":8}',1,'2026-08-15 20:13:43','2026-08-15 20:13:43'),
(159,4,'supportive_9_ecg','ECG','Diagnostic Services',9,'{\"source_sn\":9}',1,'2026-08-15 20:13:43','2026-08-15 20:13:43'),
(160,4,'supportive_10_eeg','EEG','Diagnostic Services',10,'{\"source_sn\":10}',1,'2026-08-15 20:13:43','2026-08-15 20:13:43'),
(161,4,'supportive_11_emg_ep','EMG/EP','Diagnostic Services',11,'{\"source_sn\":11}',1,'2026-08-15 20:13:43','2026-08-15 20:13:43'),
(162,4,'supportive_12_endoscopy','Endoscopy','Diagnostic Services',12,'{\"source_sn\":12}',1,'2026-08-15 20:13:43','2026-08-15 20:13:43'),
(163,4,'supportive_13_gamma_camera','Gamma Camera','Diagnostic Services',13,'{\"source_sn\":13}',1,'2026-08-15 20:13:43','2026-08-15 20:13:43'),
(164,4,'supportive_14_holter_monitoring','Holter Monitoring','Diagnostic Services',14,'{\"source_sn\":14}',1,'2026-08-15 20:13:43','2026-08-15 20:13:43'),
(165,4,'supportive_15_mammography','Mammography','Diagnostic Services',15,'{\"source_sn\":15}',1,'2026-08-15 20:13:43','2026-08-15 20:13:43'),
(166,4,'supportive_16_mri','MRI','Diagnostic Services',16,'{\"source_sn\":16}',1,'2026-08-15 20:13:43','2026-08-15 20:13:43'),
(167,4,'supportive_17_pet_scan','PET Scan','Diagnostic Services',17,'{\"source_sn\":17}',1,'2026-08-15 20:13:43','2026-08-15 20:13:43'),
(168,4,'supportive_18_pulmonary_function_test','Pulmonary Function Test','Diagnostic Services',18,'{\"source_sn\":18}',1,'2026-08-15 20:13:43','2026-08-15 20:13:43'),
(169,4,'supportive_19_spirometry','Spirometry','Diagnostic Services',19,'{\"source_sn\":19}',1,'2026-08-15 20:13:43','2026-08-15 20:13:43'),
(170,4,'supportive_20_sleep_study','Sleep Study','Diagnostic Services',20,'{\"source_sn\":20}',1,'2026-08-15 20:13:43','2026-08-15 20:13:43'),
(171,4,'supportive_21_tread_mill_testing','Tread Mill Testing','Diagnostic Services',21,'{\"source_sn\":21}',1,'2026-08-15 20:13:43','2026-08-15 20:13:43'),
(172,4,'supportive_22_ultrasound','Ultrasound','Diagnostic Services',22,'{\"source_sn\":22}',1,'2026-08-15 20:13:43','2026-08-15 20:13:43'),
(173,4,'supportive_23_urodynamic_studies','Urodynamic Studies','Diagnostic Services',23,'{\"source_sn\":23}',1,'2026-08-15 20:13:43','2026-08-15 20:13:43'),
(174,4,'supportive_24_x_ray','X-Ray','Diagnostic Services',24,'{\"source_sn\":24}',1,'2026-08-15 20:13:43','2026-08-15 20:13:43'),
(175,4,'supportive_25_clinical_bio_chemistry','Clinical Bio-Chemistry','Laboratory Services',25,'{\"source_sn\":25}',1,'2026-08-15 20:13:43','2026-08-15 20:13:43'),
(176,4,'supportive_26_clinical_microbiology_and_serology','Clinical Microbiology and Serology','Laboratory Services',26,'{\"source_sn\":26}',1,'2026-08-15 20:13:43','2026-08-15 20:13:43'),
(177,4,'supportive_27_clinical_pathology','Clinical Pathology','Laboratory Services',27,'{\"source_sn\":27}',1,'2026-08-15 20:13:43','2026-08-15 20:13:43'),
(178,4,'supportive_28_cytopathology','Cytopathology','Laboratory Services',28,'{\"source_sn\":28}',1,'2026-08-15 20:13:43','2026-08-15 20:13:43'),
(179,4,'supportive_29_cytogenetics','Cytogenetics','Laboratory Services',29,'{\"source_sn\":29}',1,'2026-08-15 20:13:43','2026-08-15 20:13:43'),
(180,4,'supportive_30_hematology','Hematology','Laboratory Services',30,'{\"source_sn\":30}',1,'2026-08-15 20:13:43','2026-08-15 20:13:43'),
(181,4,'supportive_31_immuno_hematology','Immuno Hematology','Laboratory Services',31,'{\"source_sn\":31}',1,'2026-08-15 20:13:43','2026-08-15 20:13:43'),
(182,4,'supportive_32_histopathology','Histopathology','Laboratory Services',32,'{\"source_sn\":32}',1,'2026-08-15 20:13:43','2026-08-15 20:13:43'),
(183,4,'supportive_33_molecular_biology','Molecular Biology','Laboratory Services',33,'{\"source_sn\":33}',1,'2026-08-15 20:13:43','2026-08-15 20:13:43'),
(184,4,'supportive_34_toxicology','Toxicology','Laboratory Services',34,'{\"source_sn\":34}',1,'2026-08-15 20:13:43','2026-08-15 20:13:43'),
(185,4,'supportive_35_virology','Virology','Laboratory Services',35,'{\"source_sn\":35}',1,'2026-08-15 20:13:43','2026-08-15 20:13:43'),
(186,4,'supportive_36_medical_genetics','Medical Genetics','Laboratory Services',36,'{\"source_sn\":36}',1,'2026-08-15 20:13:43','2026-08-15 20:13:43'),
(187,4,'supportive_37_laboratory_services_others','Laboratory Services - Others','Laboratory Services',37,'{\"source_sn\":37}',1,'2026-08-15 20:13:43','2026-08-15 20:13:43'),
(188,4,'supportive_38_dispensary','Dispensary','Pharmacy',38,'{\"source_sn\":38}',1,'2026-08-15 20:13:43','2026-08-15 20:13:43'),
(189,4,'supportive_39_blood_transfusion_services','Blood Transfusion Services','Transfusion Services',39,'{\"source_sn\":39}',1,'2026-08-15 20:13:43','2026-08-15 20:13:43'),
(190,4,'supportive_40_blood_center','Blood Center','Transfusion Services',40,'{\"source_sn\":40}',1,'2026-08-15 20:13:43','2026-08-15 20:13:43'),
(191,4,'supportive_42_dietetics','Dietetics','Professions Allied To Medicine',41,'{\"source_sn\":42}',1,'2026-08-15 20:13:43','2026-08-15 20:13:43'),
(192,4,'supportive_43_occupational_therapy','Occupational Therapy','Professions Allied To Medicine',42,'{\"source_sn\":43}',1,'2026-08-15 20:13:43','2026-08-15 20:13:43'),
(193,4,'supportive_44_physiotherapy','Physiotherapy','Professions Allied To Medicine',43,'{\"source_sn\":44}',1,'2026-08-15 20:13:43','2026-08-15 20:13:43'),
(194,4,'supportive_45_rehabilitation','Rehabilitation','Professions Allied To Medicine',44,'{\"source_sn\":45}',1,'2026-08-15 20:13:43','2026-08-15 20:13:43'),
(195,4,'supportive_46_psychology','Psychology','Professions Allied To Medicine',45,'{\"source_sn\":46}',1,'2026-08-15 20:13:43','2026-08-15 20:13:43'),
(196,4,'supportive_47_speech_and_language_therapy','Speech and Language Therapy','Professions Allied To Medicine',46,'{\"source_sn\":47}',1,'2026-08-15 20:13:43','2026-08-15 20:13:43'),
(197,4,'supportive_48_bio_medical_engineering','Bio-medical Engineering','Non-Clinical / Administrative Services',47,'{\"source_sn\":48}',1,'2026-08-15 20:13:43','2026-08-15 20:13:43'),
(198,4,'supportive_49_food_and_bevarages','Food and Bevarages','Non-Clinical / Administrative Services',48,'{\"source_sn\":49}',1,'2026-08-15 20:13:43','2026-08-15 20:13:43'),
(199,4,'supportive_50_cssd','CSSD','Non-Clinical / Administrative Services',49,'{\"source_sn\":50}',1,'2026-08-15 20:13:43','2026-08-15 20:13:43'),
(200,4,'supportive_51_housekeeping','Housekeeping','Non-Clinical / Administrative Services',50,'{\"source_sn\":51}',1,'2026-08-15 20:13:43','2026-08-15 20:13:43'),
(201,4,'supportive_52_human_resources','Human Resources','Non-Clinical / Administrative Services',51,'{\"source_sn\":52}',1,'2026-08-15 20:13:43','2026-08-15 20:13:43'),
(202,4,'supportive_53_information_technology','Information Technology','Non-Clinical / Administrative Services',52,'{\"source_sn\":53}',1,'2026-08-15 20:13:43','2026-08-15 20:13:43');

--
-- Table structure for table `checklist_subchecklists`
--

CREATE TABLE `checklist_subchecklists` (
  `id` int(11) NOT NULL AUTO_INCREMENT,
  `field_id` int(11) NOT NULL,
  `name` varchar(255) NOT NULL,
  `slug` varchar(255) NOT NULL,
  `description` text DEFAULT NULL,
  `is_repeatable` tinyint(1) NOT NULL DEFAULT 0,
  `allow_multiple_records` tinyint(1) NOT NULL DEFAULT 1,
  `sort_order` int(11) NOT NULL DEFAULT 0,
  `status` tinyint(1) NOT NULL DEFAULT 1,
  `created_at` timestamp NULL DEFAULT current_timestamp(),
  `updated_at` timestamp NULL DEFAULT current_timestamp() ON UPDATE current_timestamp(),
  PRIMARY KEY (`id`),
  UNIQUE KEY `uq_subchecklist_slug` (`field_id`,`slug`),
  KEY `idx_subchecklist_field` (`field_id`),
  CONSTRAINT `fk_subchecklist_field` FOREIGN KEY (`field_id`) REFERENCES `checklist_fields` (`id`) ON DELETE CASCADE ON UPDATE CASCADE
) ENGINE=InnoDB AUTO_INCREMENT=11 DEFAULT CHARSET=utf8mb4 COLLATE=utf8mb4_unicode_ci;

--
-- Dumping data for table `checklist_subchecklists`
--

INSERT INTO `checklist_subchecklists` VALUES
(1,6,'Statutory Compliance Tracker','statutory_compliance_tracker','Statutory compliance tracker',1,1,1,1,'2026-08-15 19:19:44','2026-08-15 19:19:44'),
(2,43,'MOU Tracker','mou_tracker','MOU tracker',1,1,2,1,'2026-08-15 19:19:44','2026-08-15 19:19:44'),
(3,68,'Scope of Services','scope_of_services','Clinical scope of services',1,1,3,1,'2026-08-15 19:19:44','2026-08-15 19:19:44'),
(4,69,'Supportive Services','supportive_services','Supportive services',1,1,4,1,'2026-08-15 19:19:44','2026-08-15 19:19:44'),
(5,193,'Consultants','consultants','Consultants details',1,1,5,1,'2026-08-15 19:19:44','2026-08-15 19:19:44'),
(6,194,'Medical Officers','medical_officers','Medical officer details',1,1,6,1,'2026-08-15 19:19:44','2026-08-15 19:19:44'),
(7,195,'Nurses','nurses','Nurses details',1,1,7,1,'2026-08-15 19:19:44','2026-08-15 19:19:44'),
(8,196,'Paramedical Staff','paramedical_staff','Paramedical staff details',1,1,8,1,'2026-08-15 19:19:44','2026-08-15 19:19:44'),
(9,197,'HR, Administrative & Supportive Staff','administrative_supportive_staff','Administrative and supportive staff details',1,1,9,1,'2026-08-15 19:19:44','2026-08-15 19:19:44'),
(10,198,'Non MBBS Doctor','non_mbbs_doctor','Non-MBBS doctor details',1,1,10,1,'2026-08-15 19:19:44','2026-08-15 19:19:44');

--
-- Table structure for table `checklist_subfields`
--

CREATE TABLE `checklist_subfields` (
  `id` int(11) NOT NULL AUTO_INCREMENT,
  `subchecklist_id` int(11) NOT NULL,
  `field_name` varchar(255) NOT NULL,
  `field_key` varchar(255) NOT NULL,
  `input_type` varchar(50) NOT NULL,
  `description` text DEFAULT NULL,
  `placeholder` varchar(255) DEFAULT NULL,
  `options_json` longtext DEFAULT NULL,
  `sort_order` int(11) NOT NULL DEFAULT 0,
  `status` tinyint(1) NOT NULL DEFAULT 1,
  `created_at` timestamp NULL DEFAULT current_timestamp(),
  `updated_at` timestamp NULL DEFAULT current_timestamp() ON UPDATE current_timestamp(),
  PRIMARY KEY (`id`),
  UNIQUE KEY `uq_subfield_key` (`subchecklist_id`,`field_key`),
  KEY `idx_subfield_subchecklist` (`subchecklist_id`),
  KEY `idx_subfield_sort` (`subchecklist_id`,`sort_order`),
  CONSTRAINT `fk_subfield_subchecklist` FOREIGN KEY (`subchecklist_id`) REFERENCES `checklist_subchecklists` (`id`) ON DELETE CASCADE ON UPDATE CASCADE
) ENGINE=InnoDB DEFAULT CHARSET=utf8mb4 COLLATE=utf8mb4_unicode_ci;

--
-- Dumping data for table `checklist_subfields`
--


--
-- Table structure for table `checklist_types`
--

CREATE TABLE `checklist_types` (
  `id` int(11) NOT NULL AUTO_INCREMENT,
  `name` varchar(150) NOT NULL,
  `slug` varchar(150) NOT NULL,
  `description` text DEFAULT NULL,
  `status` tinyint(1) NOT NULL DEFAULT 1,
  `sort_order` int(11) NOT NULL DEFAULT 0,
  `created_at` timestamp NULL DEFAULT current_timestamp(),
  `updated_at` timestamp NULL DEFAULT current_timestamp() ON UPDATE current_timestamp(),
  PRIMARY KEY (`id`),
  UNIQUE KEY `uq_checklist_type_slug` (`slug`),
  KEY `idx_checklist_type_status` (`status`)
) ENGINE=InnoDB AUTO_INCREMENT=3 DEFAULT CHARSET=utf8mb4 COLLATE=utf8mb4_unicode_ci;

--
-- Dumping data for table `checklist_types`
--

INSERT INTO `checklist_types` VALUES
(1,'Application Checklist','application-checklist','Hospital application checklist',1,1,'2026-08-14 17:08:51','2026-08-14 17:08:51'),
(2,'Checklist Form','checklist-form','Hospital checklist form',1,2,'2026-08-14 17:08:51','2026-08-14 17:08:51');

--
-- Table structure for table `checklist_values`
--

CREATE TABLE `checklist_values` (
  `id` bigint(20) NOT NULL AUTO_INCREMENT,
  `submission_id` int(11) NOT NULL,
  `field_id` int(11) NOT NULL,
  `value_text` longtext DEFAULT NULL,
  `updated_at` timestamp NULL DEFAULT current_timestamp() ON UPDATE current_timestamp(),
  PRIMARY KEY (`id`),
  UNIQUE KEY `uq_submission_field` (`submission_id`,`field_id`),
  KEY `idx_value_submission` (`submission_id`),
  KEY `idx_value_field` (`field_id`),
  CONSTRAINT `fk_value_field` FOREIGN KEY (`field_id`) REFERENCES `checklist_fields` (`id`) ON DELETE CASCADE ON UPDATE CASCADE,
  CONSTRAINT `fk_value_submission` FOREIGN KEY (`submission_id`) REFERENCES `hospital_checklist_submissions` (`id`) ON DELETE CASCADE ON UPDATE CASCADE
) ENGINE=InnoDB AUTO_INCREMENT=521 DEFAULT CHARSET=utf8mb4 COLLATE=utf8mb4_unicode_ci;

--
-- Dumping data for table `checklist_values`
--

INSERT INTO `checklist_values` VALUES
(1,1,1,'my hospital','2026-08-16 15:58:02'),
(2,1,2,'','2026-08-16 15:57:42'),
(3,1,3,'','2026-08-16 15:57:42'),
(4,1,5,'','2026-08-16 15:57:42'),
(5,1,135,'Renewal','2026-08-16 16:15:33'),
(6,1,137,'Single Speciality','2026-08-16 16:15:33'),
(7,1,138,'','2026-08-16 16:15:33'),
(8,1,139,'','2026-08-16 16:15:33'),
(9,1,140,'','2026-08-16 15:57:42'),
(10,1,141,'','2026-08-16 15:57:42'),
(11,1,142,'','2026-08-16 15:57:42'),
(12,1,143,'','2026-08-16 15:57:42'),
(13,1,144,'','2026-08-16 16:15:33'),
(14,1,145,'','2026-08-16 15:57:42'),
(15,1,146,'','2026-08-16 15:57:42'),
(16,1,147,'','2026-08-16 15:57:42'),
(17,1,148,'','2026-08-16 15:57:42'),
(18,1,149,'','2026-08-16 15:57:42'),
(19,1,150,'','2026-08-16 15:57:42'),
(20,1,151,'','2026-08-16 15:57:42'),
(21,1,152,'','2026-08-16 15:57:42'),
(22,1,153,'','2026-08-16 15:57:42'),
(23,1,154,'','2026-08-16 15:57:42'),
(24,1,155,'','2026-08-16 15:57:42'),
(25,1,156,'','2026-08-16 15:57:42'),
(26,1,157,'','2026-08-16 15:57:42'),
(27,1,158,'','2026-08-16 15:57:42'),
(28,1,159,'','2026-08-16 15:57:42'),
(29,1,160,'','2026-08-16 15:57:42'),
(30,1,161,'','2026-08-16 15:57:42'),
(31,1,162,'','2026-08-16 15:57:42'),
(32,1,163,'','2026-08-16 15:57:42'),
(33,1,164,'','2026-08-16 15:57:42'),
(34,1,165,'','2026-08-16 15:57:42'),
(35,1,166,'','2026-08-16 15:57:42'),
(36,1,167,'','2026-08-16 15:57:42'),
(37,1,168,'','2026-08-16 15:57:42'),
(108,1,169,'','2026-08-16 16:10:16'),
(109,1,170,'','2026-08-16 16:10:16'),
(110,1,171,'','2026-08-16 16:10:16'),
(111,1,172,'','2026-08-16 16:10:16'),
(112,1,173,'','2026-08-16 16:10:16'),
(113,1,174,'','2026-08-16 16:10:16'),
(114,1,175,'','2026-08-16 16:10:16'),
(115,1,176,'','2026-08-16 16:10:16'),
(116,1,177,'','2026-08-16 16:10:16'),
(117,1,178,'','2026-08-16 16:10:16'),
(118,1,179,'','2026-08-16 16:10:16'),
(119,1,180,'','2026-08-16 16:10:16'),
(120,1,181,'','2026-08-16 16:10:16'),
(121,1,182,'','2026-08-16 16:10:16'),
(122,1,183,'','2026-08-16 16:10:16'),
(123,1,184,'','2026-08-16 16:10:16'),
(124,1,185,'','2026-08-16 16:10:16'),
(125,1,186,'','2026-08-16 16:10:16'),
(126,1,187,'','2026-08-16 16:10:16'),
(127,1,188,'','2026-08-16 16:10:16'),
(128,1,189,'','2026-08-16 16:10:16'),
(129,1,190,'','2026-08-16 16:10:16'),
(130,1,192,'','2026-08-16 16:10:16'),
(131,1,199,'10','2026-08-16 16:16:09'),
(132,1,200,'','2026-08-16 16:10:16'),
(133,1,201,'Local Water suppliers','2026-08-16 16:16:21'),
(134,1,202,'','2026-08-16 16:16:09'),
(135,1,203,'No','2026-08-16 17:15:54'),
(136,1,204,'','2026-08-16 16:16:09'),
(137,1,205,'','2026-08-16 16:10:16'),
(138,1,206,'','2026-08-16 16:10:16'),
(139,1,207,'','2026-08-16 16:10:16'),
(140,1,208,'','2026-08-16 16:10:16');

--
-- Table structure for table `document_categories`
--

CREATE TABLE `document_categories` (
  `id` int(11) NOT NULL AUTO_INCREMENT,
  `category_name` varchar(150) NOT NULL,
  `description` text DEFAULT NULL,
  `status` tinyint(1) DEFAULT 1,
  `is_policy` tinyint(1) NOT NULL DEFAULT 0,
  `base_creation_date` date DEFAULT NULL,
  `created_at` timestamp NULL DEFAULT current_timestamp(),
  PRIMARY KEY (`id`)
) ENGINE=MyISAM AUTO_INCREMENT=11 DEFAULT CHARSET=utf8mb4 COLLATE=utf8mb4_unicode_ci;

--
-- Dumping data for table `document_categories`
--

INSERT INTO `document_categories` VALUES
(1,'Hospital Form','All Hospital Forms',1,1,NULL,'2026-07-22 14:18:21'),
(2,'Multi Hospital Policies','Policies of multi hospitals.',1,1,'2026-07-22','2026-07-22 14:18:49'),
(3,'IPD Files','All IPD Files',1,1,NULL,'2026-07-22 14:19:14'),
(4,'Signages','Signages',1,1,NULL,'2026-07-22 14:19:28'),
(5,'Register','Register',1,1,NULL,'2026-07-22 14:19:43'),
(6,'Committee','Committee Files',1,1,NULL,'2026-07-22 14:20:01'),
(7,'Gaps','Gaps',1,1,NULL,'2026-07-22 14:20:14'),
(8,'Clinical Audits','Clinical Audits',1,1,NULL,'2026-07-22 14:20:24'),
(10,'Eye Hospital Policies','Policies related to eye hospital.',1,1,NULL,'2026-07-30 18:48:18');

--
-- Table structure for table `documents`
--

CREATE TABLE `documents` (
  `id` int(11) NOT NULL AUTO_INCREMENT,
  `category_id` int(11) NOT NULL,
  `policy_sequence` int(11) DEFAULT NULL,
  `hospital_id` int(11) DEFAULT NULL,
  `document_name` varchar(255) NOT NULL,
  `original_file_name` varchar(255) NOT NULL,
  `file_path` varchar(255) NOT NULL,
  `file_extension` varchar(20) DEFAULT NULL,
  `file_size` bigint(20) DEFAULT NULL,
  `status` tinyint(1) DEFAULT 1,
  `creation_date` date DEFAULT NULL,
  `implementation_date` date DEFAULT NULL,
  `revision_number` varchar(2) NOT NULL DEFAULT '00',
  `created_at` timestamp NULL DEFAULT current_timestamp(),
  PRIMARY KEY (`id`),
  KEY `category_id` (`category_id`)
) ENGINE=MyISAM AUTO_INCREMENT=228 DEFAULT CHARSET=utf8mb4 COLLATE=utf8mb4_unicode_ci;

--
-- Dumping data for table `documents`
--

INSERT INTO `documents` VALUES
(2,2,1,NULL,'1 ADMISSION AND REGISTRATION POLICY','1 ADMISSION AND REGISTRATION POLICY.docx','uploads/templates/1785263184_6a68f4506c2cb.docx','docx',44516,1,NULL,NULL,'00','2026-07-28 18:26:24'),
(3,2,2,NULL,'2 POLICY & PROCEDURE FOR TRANSFER (IN AND OUT) OR REFERRAL OF PATIENTS','2 POLICY & PROCEDURE FOR TRANSFER (IN AND OUT) OR REFERRAL OF PATIENTS.docx','uploads/templates/1785263197_6a68f45dce820.docx','docx',50660,1,NULL,NULL,'00','2026-07-28 18:26:37'),
(4,2,3,NULL,'4 POLICY ON SPECIMEN MANAGEMENT','4 POLICY ON SPECIMEN MANAGEMENT.docx','uploads/templates/1785263207_6a68f4674bf1f.docx','docx',43457,1,NULL,NULL,'00','2026-07-28 18:26:47'),
(5,2,4,NULL,'5 LABORATORY SAFETY MANUAL','5 LABORATORY SAFETY MANUAL.docx','uploads/templates/1785263216_6a68f4706cf33.docx','docx',51122,1,NULL,NULL,'00','2026-07-28 18:26:56'),
(6,2,5,NULL,'6 IMAGING SAFETY MANUAL','6 IMAGING SAFETY MANUAL.docx','uploads/templates/1785263227_6a68f47b5d281.docx','docx',50786,1,NULL,NULL,'00','2026-07-28 18:27:07'),
(7,2,6,NULL,'7 POLICY  DISCHARGE PROCESS','7 POLICY  DISCHARGE PROCESS.docx','uploads/templates/1785263237_6a68f48556653.docx','docx',43877,1,NULL,NULL,'00','2026-07-28 18:27:17'),
(8,2,7,NULL,'8 NURSING MANUAL','8 NURSING MANUAL.docx','uploads/templates/1785263248_6a68f490e75d5.docx','docx',89981,1,NULL,NULL,'00','2026-07-28 18:27:28'),
(9,2,8,NULL,'9.1 POLICY ON RATIONAL USE OF BLOOD AND BLOOD PRODUCTS','9.1 POLICY ON RATIONAL USE OF BLOOD AND BLOOD PRODUCTS.docx','uploads/templates/1785263259_6a68f49b5e5bf.docx','docx',41947,1,NULL,NULL,'00','2026-07-28 18:27:39'),
(10,2,9,NULL,'9.2 POLICY ON TRANSFUSION OF BLOOD AND BLOOD PRODUCTS','9.2 POLICY ON TRANSFUSION OF BLOOD AND BLOOD PRODUCTS.docx','uploads/templates/1785263269_6a68f4a5de770.docx','docx',37853,1,NULL,NULL,'00','2026-07-28 18:27:49'),
(11,2,10,NULL,'10 Policy & Procedure for emergency','10 Policy & Procedure for emergency.docx','uploads/templates/1785263281_6a68f4b122666.docx','docx',57240,1,NULL,NULL,'00','2026-07-28 18:28:01'),
(12,2,11,NULL,'11 ICU MANUAL','11 ICU MANUAL.docx','uploads/templates/1785263293_6a68f4bd729e2.docx','docx',64425,1,NULL,NULL,'00','2026-07-28 18:28:13'),
(13,2,12,NULL,'12 END OF LIFE CARE','12 END OF LIFE CARE.docx','uploads/templates/1785263316_6a68f4d4b17d8.docx','docx',51819,1,NULL,NULL,'00','2026-07-28 18:28:36'),
(14,2,13,NULL,'13 POLICY & PROCEDURE FOR MANAGEMENT OF OBSTETRIC PATIENTS','13 POLICY & PROCEDURE FOR MANAGEMENT OF OBSTETRIC PATIENTS.docx','uploads/templates/1785263326_6a68f4de34fe2.docx','docx',55517,1,NULL,NULL,'00','2026-07-28 18:28:46'),
(15,2,14,NULL,'14 POLICY & PROCEDURE FOR PAEDIATRIC SERVICES','14 POLICY & PROCEDURE FOR PAEDIATRIC SERVICES.docx','uploads/templates/1785263356_6a68f4fc1ccac.docx','docx',53592,1,NULL,NULL,'00','2026-07-28 18:29:16'),
(16,2,15,NULL,'15 POLICY & PROCEDURE ON PREVENTION OF CHILDNEONATAL ABDUCTION AND ABUSE','15 POLICY & PROCEDURE ON PREVENTION OF CHILDNEONATAL ABDUCTION AND ABUSE.docx','uploads/templates/1785263365_6a68f5051498d.docx','docx',50916,1,NULL,NULL,'00','2026-07-28 18:29:25'),
(17,2,16,NULL,'16 POLICY & PROCEDURE FOR PROCEDURAL SEDATION','16 POLICY & PROCEDURE FOR PROCEDURAL SEDATION.docx','uploads/templates/1785263375_6a68f50febdc9.docx','docx',53305,1,NULL,NULL,'00','2026-07-28 18:29:35'),
(18,2,17,NULL,'17 POLICY ON ANESTHESIA ADMINISTRATION','17 POLICY ON ANESTHESIA ADMINISTRATION.docx','uploads/templates/1785263386_6a68f51a55e74.docx','docx',54640,1,NULL,NULL,'00','2026-07-28 18:29:46'),
(19,2,18,NULL,'18 POLICY & PROCEDURE FOR SURGICAL AND NON-SURGICAL PROCEDURES','18 POLICY & PROCEDURE FOR SURGICAL AND NON-SURGICAL PROCEDURES.docx','uploads/templates/1785263398_6a68f52612b70.docx','docx',51968,1,NULL,NULL,'00','2026-07-28 18:29:58'),
(20,2,19,NULL,'19 POLICY & PROCEDURE ON CARE OF VULNERABLE PATIENTS','19 POLICY & PROCEDURE ON CARE OF VULNERABLE PATIENTS.docx','uploads/templates/1785263410_6a68f5329991d.docx','docx',52769,1,NULL,NULL,'00','2026-07-28 18:30:10'),
(21,2,20,NULL,'20 POLICY & PROCEDURE ON MEDICATION MANAGEMENT','20 POLICY & PROCEDURE ON MEDICATION MANAGEMENT.docx','uploads/templates/1785263422_6a68f53ec28c1.docx','docx',54465,1,NULL,NULL,'00','2026-07-28 18:30:22'),
(22,2,21,NULL,'21 POLICY & PROCEDURE ON VERBAL ORDERS','21 POLICY & PROCEDURE ON VERBAL ORDERS.docx','uploads/templates/1785263433_6a68f549d3410.docx','docx',51047,1,NULL,NULL,'00','2026-07-28 18:30:33'),
(23,2,22,NULL,'22 POLICY & PROCEDURE FOR THE USE OF NARCOTIC DRUGS','22 POLICY & PROCEDURE FOR THE USE OF NARCOTIC DRUGS.docx','uploads/templates/1785263449_6a68f559d03fa.docx','docx',54186,1,NULL,NULL,'00','2026-07-28 18:30:49'),
(24,2,23,NULL,'23 POLICY ON IMPLANTABLE PROSTHESES MANAGEMENT','23 POLICY ON IMPLANTABLE PROSTHESES MANAGEMENT.docx','uploads/templates/1785263463_6a68f567b3f2f.docx','docx',48762,1,NULL,NULL,'00','2026-07-28 18:31:03'),
(25,2,24,NULL,'24 POLICY & PROCEDURE ON EFFECTIVE COMMUNICATION','24 POLICY & PROCEDURE ON EFFECTIVE COMMUNICATION.docx','uploads/templates/1785263473_6a68f571ee25b.docx','docx',53413,1,NULL,NULL,'00','2026-07-28 18:31:13'),
(26,2,25,NULL,'25 POLICY & PROCEDURE ON FEEDBACK AND COMPLAINTS','25 POLICY & PROCEDURE ON FEEDBACK AND COMPLAINTS.docx','uploads/templates/1785263484_6a68f57c722cc.docx','docx',52125,1,NULL,NULL,'00','2026-07-28 18:31:24'),
(27,2,26,NULL,'26 HOSPITAL INFECTION CONTROL MANUAL','26 HOSPITAL INFECTION CONTROL MANUAL.docx','uploads/templates/1785263506_6a68f5923c807.docx','docx',5171623,1,NULL,NULL,'00','2026-07-28 18:31:46'),
(28,2,27,NULL,'27 POLICY & PROCEDURE ON CLEANING PACKING DISINFECTION ANDOR STERILISATION, STORAGE AND ISSUE OF ITEMS','27 POLICY & PROCEDURE ON CLEANING PACKING DISINFECTION ANDOR STERILISATION, STORAGE AND ISSUE OF ITEMS.docx','uploads/templates/1785263517_6a68f59d44e74.docx','docx',53884,1,NULL,NULL,'00','2026-07-28 18:31:57'),
(29,2,28,NULL,'28 QUALITY IMPROVEMENT & SAFETY MANUAL','28 QUALITY IMPROVEMENT & SAFETY MANUAL.docx','uploads/templates/1785263535_6a68f5afac9a0.docx','docx',57967,1,NULL,NULL,'00','2026-07-28 18:32:15'),
(30,2,29,NULL,'29 POLICY & PROCEDURE FOR SORTING, STORAGE, HANDLING, TRANSPORTATION AND DISPOSAL OF HAZARDOUS MATERIALS','29 POLICY & PROCEDURE FOR SORTING, STORAGE, HANDLING, TRANSPORTATION AND DISPOSAL OF HAZARDOUS MATERIALS.docx','uploads/templates/1785263550_6a68f5bed12bf.docx','docx',53272,1,NULL,NULL,'00','2026-07-28 18:32:30'),
(31,2,30,NULL,'30 POLICY & PROCEDURE FOR PREVENTIVE AND BREAKDOWN PLANS FOR EQUIPMENT','30 POLICY & PROCEDURE FOR PREVENTIVE AND BREAKDOWN PLANS FOR EQUIPMENT.docx','uploads/templates/1785263572_6a68f5d4d9c7d.docx','docx',52812,1,NULL,NULL,'00','2026-07-28 18:32:52'),
(32,2,31,NULL,'31 POLICY & PROCEDURE FOR TRAINING AND DEVELOPMENT OF STAFF','31 POLICY & PROCEDURE FOR TRAINING AND DEVELOPMENT OF STAFF.docx','uploads/templates/1785263584_6a68f5e06ffde.docx','docx',53446,1,NULL,NULL,'00','2026-07-28 18:33:04'),
(33,2,32,NULL,'32 DISCIPLINARY & GRIEVANCE POLICY','32 DISCIPLINARY & GRIEVANCE POLICY.docx','uploads/templates/1785263597_6a68f5edcb78d.docx','docx',46869,1,NULL,NULL,'00','2026-07-28 18:33:17'),
(34,2,33,NULL,'33 POLICY & PROCEDURE ON SAFETY AND HEALTH PROBLEMS OF THE STAFF','33 POLICY & PROCEDURE ON SAFETY AND HEALTH PROBLEMS OF THE STAFF.docx','uploads/templates/1785263614_6a68f5fe045b1.docx','docx',54105,1,NULL,NULL,'00','2026-07-28 18:33:34'),
(35,2,34,NULL,'34 POLICY & PROCEDURE FOR CAPTURE AND DISSEMINATION OF INFORMATION','34 POLICY & PROCEDURE FOR CAPTURE AND DISSEMINATION OF INFORMATION.docx','uploads/templates/1785263627_6a68f60b18d76.docx','docx',53486,1,NULL,NULL,'00','2026-07-28 18:33:47'),
(36,2,35,NULL,'36 POLICY & PROCEDURE FOR MAINTAINING CONFIDENTIALITY','36 POLICY & PROCEDURE FOR MAINTAINING CONFIDENTIALITY.docx','uploads/templates/1785263644_6a68f61c933ee.docx','docx',52552,1,NULL,NULL,'00','2026-07-28 18:34:04'),
(37,2,36,NULL,'37 DOCUMENTED PROCEDURES EXIST FOR RETENTION TIME','37 DOCUMENTED PROCEDURES EXIST FOR RETENTION TIME.docx','uploads/templates/1785263656_6a68f6285c55c.docx','docx',52460,1,NULL,NULL,'00','2026-07-28 18:34:16'),
(38,2,37,NULL,'38 POLICY & PROCEDURE ON PROTECTION OF PATIENTS FROM PHYSICAL ABUSE & NEGLECT','38 POLICY & PROCEDURE ON PROTECTION OF PATIENTS FROM PHYSICAL ABUSE & NEGLECT.docx','uploads/templates/1785263675_6a68f63b51ef2.docx','docx',49440,1,NULL,NULL,'00','2026-07-28 18:34:35'),
(39,2,38,NULL,'39 CODE OF CONDUCT FOR STAFF','39 CODE OF CONDUCT FOR STAFF.docx','uploads/templates/1785263687_6a68f647a3cf5.docx','docx',50325,1,NULL,NULL,'00','2026-07-28 18:34:47'),
(40,2,39,NULL,'40 POLICY & PROCEDURE FOR CLEANING OF INFECTED AND NON-INFECTED PATIENT ROOMS','40 POLICY & PROCEDURE FOR CLEANING OF INFECTED AND NON-INFECTED PATIENT ROOMS.docx','uploads/templates/1785263697_6a68f6519a899.docx','docx',47930,1,NULL,NULL,'00','2026-07-28 18:34:57'),
(41,2,40,NULL,'41 ANTIMICROBIAL USAGE POLICY (1)','41 ANTIMICROBIAL USAGE POLICY (1).docx','uploads/templates/1785263715_6a68f6637488c.docx','docx',47576,1,NULL,NULL,'00','2026-07-28 18:35:15'),
(42,2,41,NULL,'11 ICU MANUAL','11 ICU MANUAL.docx','uploads/templates/1785317512_6a69c888b572c.docx','docx',64425,1,NULL,NULL,'00','2026-07-29 09:31:52'),
(217,10,29,NULL,'28 POLICY & PROCEDURE ON SAFETY AND HEALTH PROBLEMS OF THE STAFF','28 POLICY & PROCEDURE ON SAFETY AND HEALTH PROBLEMS OF THE STAFF.docx','uploads/templates/1786621098_6a7dacaaf32de.docx','docx',52599,1,NULL,NULL,'00','2026-08-13 11:38:18'),
(213,10,27,NULL,'26 POLICY & PROCEDURE FOR TRAINING AND DEVELOPMENT OF STAFF','26 POLICY & PROCEDURE FOR TRAINING AND DEVELOPMENT OF STAFF.docx','uploads/templates/1786528004_6a7c4104e9f7e.docx','docx',50888,1,NULL,NULL,'00','2026-08-12 09:46:44'),
(96,10,1,NULL,'1 POLICY & PROCEDURE FOR REGISTERING AND ADMITTING OUT-PATIENTS, IN-PATIENTS AND URGENT OPHTHALMIC PATIENT','1 POLICY & PROCEDURE FOR REGISTERING AND ADMITTING OUT-PATIENTS, IN-PATIENTS AND URGENT OPHTHALMIC PATIENT.docx','uploads/templates/1785931480_6a7326d899eda.docx','docx',44168,1,NULL,NULL,'00','2026-08-05 12:04:40'),
(97,10,2,NULL,'2 POLICY & PROCEDURE FOR TRANSFER (IN AND OUT) OR REFERRAL OF PATIENTS (3)','2 POLICY & PROCEDURE FOR TRANSFER (IN AND OUT) OR REFERRAL OF PATIENTS (3).docx','uploads/templates/1785932255_6a7329df32dfd.docx','docx',46368,1,NULL,NULL,'00','2026-08-05 12:17:35'),
(206,10,25,NULL,'24 POLICY & PROCEDURE FOR PREVENTIVE AND BREAKDOWN PLANS FOR EQUIPMENT','24 POLICY & PROCEDURE FOR PREVENTIVE AND BREAKDOWN PLANS FOR EQUIPMENT.docx','uploads/templates/1786524280_6a7c327819e32.docx','docx',52000,1,NULL,NULL,'00','2026-08-12 08:44:40'),
(209,10,26,NULL,'25 POLICY & PROCEDURE FOR NON-FIRE EMERGENCY MANAGEMENT','25 POLICY & PROCEDURE FOR NON-FIRE EMERGENCY MANAGEMENT.docx','uploads/templates/1786525849_6a7c389925cb0.docx','docx',47268,1,NULL,NULL,'00','2026-08-12 09:10:49'),
(203,10,24,NULL,'23 POLICY & PROCEDURE FOR SORTING, STORAGE, HANDLING, TRANSPORTATION AND DISPOSAL OF HAZARDOUS MATERIALS','23 POLICY & PROCEDURE FOR SORTING, STORAGE, HANDLING, TRANSPORTATION AND DISPOSAL OF HAZARDOUS MATERIALS.docx','uploads/templates/1786386716_6a7a191c0743c.docx','docx',41339,1,NULL,NULL,'00','2026-08-10 18:31:56'),
(215,10,28,NULL,'27 DISCIPLINARY & GRIEVANCE POLICY','27 DISCIPLINARY & GRIEVANCE POLICY.docx','uploads/templates/1786528632_6a7c4378d6103.docx','docx',45872,1,NULL,NULL,'00','2026-08-12 09:57:12'),
(200,10,23,NULL,'22 DOCUMENTED SUSTAINABILITY PROGRAMME OF THE ORGANIZATION','22 DOCUMENTED SUSTAINABILITY PROGRAMME OF THE ORGANIZATION.docx','uploads/templates/1786386064_6a7a1690bfa8f.docx','docx',41318,1,NULL,NULL,'00','2026-08-10 18:21:04'),
(198,10,22,NULL,'21 HOSPITAL ETHICAL MANAGEMENT FRAMEWORK POLICY','21 HOSPITAL ETHICAL MANAGEMENT FRAMEWORK POLICY.docx','uploads/templates/1786355824_6a79a0700aa8b.docx','docx',51648,1,NULL,NULL,'00','2026-08-10 09:57:04'),
(194,10,21,NULL,'20 QUALITY IMPROVEMENT MANUAL','20 QUALITY IMPROVEMENT MANUAL.docx','uploads/templates/1786353460_6a79973496e65.docx','docx',41878,1,NULL,NULL,'00','2026-08-10 09:17:40'),
(120,10,3,NULL,'3 POLICY & PROCEDURE FOR IDENTIFYING EARLY WARNING SIGNS OF CHANGE OR DETERIORATION IN CLINICAL CONDITION FOR INITIATING PROMPT INTERVENTION (1)','3 POLICY & PROCEDURE FOR IDENTIFYING EARLY WARNING SIGNS OF CHANGE OR DETERIORATION IN CLINICAL CONDITION FOR INITIATING PROMPT INTERVENTION (1).docx','uploads/templates/1786094886_6a75a52679521.docx','docx',44423,1,NULL,NULL,'00','2026-08-07 09:28:06'),
(124,10,4,NULL,'4 POLICY ON SPECIMEN MANAGEMENT','4 POLICY ON SPECIMEN MANAGEMENT.docx','uploads/templates/1786101245_6a75bdfdeada9.docx','docx',41119,1,NULL,NULL,'00','2026-08-07 11:14:05'),
(129,10,5,NULL,'5 POLICY ON PATIENT DISCHARGE','5 POLICY ON PATIENT DISCHARGE.docx','uploads/templates/1786104381_6a75ca3d6cfda.docx','docx',43059,1,NULL,NULL,'00','2026-08-07 12:06:21'),
(191,10,20,NULL,'19 ANTIMICROBIAL','19 ANTIMICROBIAL.docx','uploads/templates/1786352432_6a799330980b6.docx','docx',40899,1,NULL,NULL,'00','2026-08-10 09:00:32'),
(188,10,19,NULL,'18 POLICY & PROCEDURE ON CLEANING, PACKING, DISINFECTION, STERILISATION, STORAGE AND ISSUE OF STERILE ITEMS','18 POLICY & PROCEDURE ON CLEANING, PACKING, DISINFECTION, STERILISATION, STORAGE AND ISSUE OF STERILE ITEMS.docx','uploads/templates/1786350755_6a798ca375e11.docx','docx',43550,1,NULL,NULL,'00','2026-08-10 08:32:35'),
(186,10,18,NULL,'17 HOSPITAL INFECTION CONTROL MANUAL','17 HOSPITAL INFECTION CONTROL MANUAL.docx','uploads/templates/1786303103_6a78d27f07e43.docx','docx',4786824,1,NULL,NULL,'00','2026-08-09 19:18:23'),
(155,10,6,NULL,'6 NURSING MANUAL (1)','6 NURSING MANUAL (1).docx','uploads/templates/1786165965_6a76bacd7abc0.docx','docx',56472,1,NULL,NULL,'00','2026-08-08 05:12:45'),
(159,10,7,NULL,'7 CHILD ABDUCTION','7 CHILD ABDUCTION.docx','uploads/templates/1786192812_6a7723ac2a825.docx','docx',41511,1,NULL,NULL,'00','2026-08-08 12:40:12'),
(160,10,8,NULL,'8 POLICY ON ANESTHESIA ADMINISTRATION','8 POLICY ON ANESTHESIA ADMINISTRATION.docx','uploads/templates/1786192926_6a77241e3440b.docx','docx',41330,1,NULL,NULL,'00','2026-08-08 12:42:06'),
(164,10,9,NULL,'9.1 POLICY ON SURGICAL SAFETY AND PREVENTION OF ADVERSE EVENTS LIKE WRONG SITE, WRONG PATIENT AND WRONG SURGERY','9.1 POLICY ON SURGICAL SAFETY AND PREVENTION OF ADVERSE EVENTS LIKE WRONG SITE, WRONG PATIENT AND WRONG SURGERY.docx','uploads/templates/1786197854_6a77375eecaea.docx','docx',135168,1,NULL,NULL,'00','2026-08-08 14:04:14'),
(165,10,10,NULL,'9.2 POLICY & PROCEDURE FOR NON-SURGICAL PROCEDURES','9.2 POLICY & PROCEDURE FOR NON-SURGICAL PROCEDURES.docx','uploads/templates/1786198116_6a773864d7002.docx','docx',43203,1,NULL,NULL,'00','2026-08-08 14:08:36'),
(167,10,11,NULL,'10 POLICY & PROCEDURE ON CARE OF VULNERABLE PATIENTS','10 POLICY & PROCEDURE ON CARE OF VULNERABLE PATIENTS.docx','uploads/templates/1786199351_6a773d37d591b.docx','docx',44349,1,NULL,NULL,'00','2026-08-08 14:29:11'),
(169,10,12,NULL,'11 POLICY & PROCEDURE ON PAIN MANAGEMENT','11 POLICY & PROCEDURE ON PAIN MANAGEMENT.docx','uploads/templates/1786200478_6a77419ee4d6e.docx','docx',106618,1,NULL,NULL,'00','2026-08-08 14:47:58'),
(171,10,13,NULL,'12 POLICY & PROCEDURE ON MEDICATION MANAGEMENT','12 POLICY & PROCEDURE ON MEDICATION MANAGEMENT.docx','uploads/templates/1786201340_6a7744fcd0951.docx','docx',42627,1,NULL,NULL,'00','2026-08-08 15:02:20'),
(173,10,14,NULL,'13 POLICY & PROCEDURE ON VERBAL ORDERS','13 POLICY & PROCEDURE ON VERBAL ORDERS.docx','uploads/templates/1786202022_6a7747a6e234c.docx','docx',43664,1,NULL,NULL,'00','2026-08-08 15:13:42'),
(175,10,15,NULL,'14 POLICY & PROCEDURE FOR PROCUREMENT AND USAGE OF IMPLANTABLE PROSTHESIS','14 POLICY & PROCEDURE FOR PROCUREMENT AND USAGE OF IMPLANTABLE PROSTHESIS.docx','uploads/templates/1786203359_6a774cdfefa7f.docx','docx',43797,1,NULL,NULL,'00','2026-08-08 15:35:59'),
(177,10,16,NULL,'15 POLICY & PROCEDURE ON EFFECTIVE COMMUNICATION','15 POLICY & PROCEDURE ON EFFECTIVE COMMUNICATION.docx','uploads/templates/1786212003_6a776ea3dd7d4.docx','docx',52346,1,NULL,NULL,'00','2026-08-08 18:00:03'),
(179,10,17,NULL,'16 POLICY & PROCEDURE ON FEEDBACK AND COMPLAINTS','16 POLICY & PROCEDURE ON FEEDBACK AND COMPLAINTS.docx','uploads/templates/1786212840_6a7771e80645c.docx','docx',50645,1,NULL,NULL,'00','2026-08-08 18:14:00'),
(180,3,1,NULL,'MEDICAL IPD FILE 2026','MEDICAL IPD FILE 2026.docx','uploads/templates/1786214672_6a77791017d00.docx','docx',678516,1,NULL,NULL,'00','2026-08-08 18:44:32'),
(181,3,2,NULL,'OBSTETRICS AND GYNECOLOGY','OBSTETRICS AND GYNECOLOGY.docx','uploads/templates/1786214685_6a77791d0e574.docx','docx',892951,1,NULL,NULL,'00','2026-08-08 18:44:45'),
(182,3,3,NULL,'OPTHALMOLOGY IPD FILE','OPTHALMOLOGY IPD FILE.docx','uploads/templates/1786214695_6a777927c1bf3.docx','docx',384115,1,NULL,NULL,'00','2026-08-08 18:44:55'),
(183,3,4,NULL,'SURGICAL  IPD FILE 2026','SURGICAL  IPD FILE 2026.docx','uploads/templates/1786214707_6a77793349566.docx','docx',792133,1,NULL,NULL,'00','2026-08-08 18:45:07'),
(220,10,30,NULL,'29 POLICY & PROCEDURE FOR CAPTURE AND DISSEMINATION OF INFORMATION','29 POLICY & PROCEDURE FOR CAPTURE AND DISSEMINATION OF INFORMATION.docx','uploads/templates/1786621928_6a7dafe8a232b.docx','docx',52449,1,NULL,NULL,'00','2026-08-13 11:52:08'),
(224,10,31,NULL,'30 POLICY & PROCEDURE FOR MAINTAINING CONFIDENTIALITY, INTEGRITY AND SECURITY OF RECORDS, DATA AND INFORMATION','30 POLICY & PROCEDURE FOR MAINTAINING CONFIDENTIALITY, INTEGRITY AND SECURITY OF RECORDS, DATA AND INFORMATION.docx','uploads/templates/1786623085_6a7db46d6e8e9.docx','docx',49025,1,NULL,NULL,'00','2026-08-13 12:11:25'),
(226,10,32,NULL,'31 POLICY & PROCEDURE FOR RETENTION AND DESTRUCTION OF MEDICAL RECORD','31 POLICY & PROCEDURE FOR RETENTION AND DESTRUCTION OF MEDICAL RECORD.docx','uploads/templates/1786623997_6a7db7fdce7a3.docx','docx',50791,1,NULL,NULL,'00','2026-08-13 12:26:37'),
(227,10,33,NULL,'32 POLICY & PROCEDURE FOR OPHTHALMIC EMERGENCY CARE','32 POLICY & PROCEDURE FOR OPHTHALMIC EMERGENCY CARE.docx','uploads/templates/1786625460_6a7dbdb42cb55.docx','docx',49586,1,NULL,NULL,'00','2026-08-13 12:51:00');

--
-- Table structure for table `generated_documents`
--

CREATE TABLE `generated_documents` (
  `id` int(11) NOT NULL AUTO_INCREMENT,
  `hospital_id` int(11) DEFAULT NULL,
  `document_id` int(11) DEFAULT NULL,
  `original_file_path` varchar(500) DEFAULT NULL,
  `pdf_file_path` varchar(500) DEFAULT NULL,
  `generated_file_path` varchar(255) DEFAULT NULL,
  `generated_at` timestamp NULL DEFAULT current_timestamp(),
  PRIMARY KEY (`id`)
) ENGINE=MyISAM AUTO_INCREMENT=644 DEFAULT CHARSET=utf8mb4 COLLATE=utf8mb4_unicode_ci;

--
-- Dumping data for table `generated_documents`
--

INSERT INTO `generated_documents` VALUES
(401,2,2,'uploads/generated/hospital_2/1_ADMISSION_AND_REGISTRATION_POLICY_1786272112.docx','uploads/generated/hospital_2/1_ADMISSION_AND_REGISTRATION_POLICY_1786272112.pdf',NULL,'2026-08-09 10:41:55'),
(19,2,4,'uploads/generated/hospital_2/4_POLICY_ON_SPECIMEN_MANAGEMENT_1785317231.docx','uploads/generated/hospital_2/4_POLICY_ON_SPECIMEN_MANAGEMENT_1785317231.pdf',NULL,'2026-07-29 09:27:14'),
(17,2,9,'uploads/generated/hospital_2/9_1_POLICY_ON_RATIONAL_USE_OF_BLOOD_AND_BLOOD_PRODUCTS_1785269255.docx','uploads/generated/hospital_2/9_1_POLICY_ON_RATIONAL_USE_OF_BLOOD_AND_BLOOD_PRODUCTS_1785269255.pdf',NULL,'2026-07-28 20:07:37'),
(5,2,12,'uploads/generated/hospital_2/11_ICU_MANUAL_1785263910.docx','uploads/generated/hospital_2/11_ICU_MANUAL_1785263910.pdf',NULL,'2026-07-28 18:38:35'),
(6,2,13,'uploads/generated/hospital_2/12_END_OF_LIFE_CARE_1785263928.docx','uploads/generated/hospital_2/12_END_OF_LIFE_CARE_1785263928.pdf',NULL,'2026-07-28 18:38:52'),
(7,2,14,'uploads/generated/hospital_2/13_POLICY___PROCEDURE_FOR_MANAGEMENT_OF_OBSTETRIC_PATIENTS_1785263994.docx','uploads/generated/hospital_2/13_POLICY___PROCEDURE_FOR_MANAGEMENT_OF_OBSTETRIC_PATIENTS_1785263994.pdf',NULL,'2026-07-28 18:39:58'),
(20,2,11,'uploads/generated/hospital_2/10_Policy___Procedure_for_emergency_1785317352.docx','uploads/generated/hospital_2/10_Policy___Procedure_for_emergency_1785317352.pdf',NULL,'2026-07-29 09:29:17'),
(21,2,42,'uploads/generated/hospital_2/11_ICU_MANUAL_1785317551.docx','uploads/generated/hospital_2/11_ICU_MANUAL_1785317551.pdf',NULL,'2026-07-29 09:32:36'),
(22,2,43,'uploads/generated/hospital_2/1_POLICY___PROCEDURE_FOR_REGISTERING_AND_ADMITTING_OUT-PATIENTS__IN-PATIENTS_AND_URGENT_OPHTHALMIC_PATIENT_1785439376.docx','uploads/generated/hospital_2/1_POLICY___PROCEDURE_FOR_REGISTERING_AND_ADMITTING_OUT-PATIENTS__IN-PATIENTS_AND_URGENT_OPHTHALMIC_PATIENT_1785439376.pdf',NULL,'2026-07-30 19:22:59'),
(23,2,61,'uploads/generated/hospital_2/1_POLICY___PROCEDURE_FOR_REGISTERING_AND_ADMITTING_OUT-PATIENTS__IN-PATIENTS_AND_URGENT_OPHTHALMIC_PATIENT_1785440526.docx','uploads/generated/hospital_2/1_POLICY___PROCEDURE_FOR_REGISTERING_AND_ADMITTING_OUT-PATIENTS__IN-PATIENTS_AND_URGENT_OPHTHALMIC_PATIENT_1785440526.pdf',NULL,'2026-07-30 19:42:09'),
(24,1,61,'uploads/generated/hospital_1/1_POLICY___PROCEDURE_FOR_REGISTERING_AND_ADMITTING_OUT-PATIENTS__IN-PATIENTS_AND_URGENT_OPHTHALMIC_PATIENT_1785515555.docx','uploads/generated/hospital_1/1_POLICY___PROCEDURE_FOR_REGISTERING_AND_ADMITTING_OUT-PATIENTS__IN-PATIENTS_AND_URGENT_OPHTHALMIC_PATIENT_1785515555.pdf',NULL,'2026-07-31 16:32:50'),
(26,9,61,'uploads/generated/hospital_9/1_POLICY___PROCEDURE_FOR_REGISTERING_AND_ADMITTING_OUT-PATIENTS__IN-PATIENTS_AND_URGENT_OPHTHALMIC_PATIENT_1785516694.docx','uploads/generated/hospital_9/1_POLICY___PROCEDURE_FOR_REGISTERING_AND_ADMITTING_OUT-PATIENTS__IN-PATIENTS_AND_URGENT_OPHTHALMIC_PATIENT_1785516694.pdf',NULL,'2026-07-31 16:51:35'),
(27,9,62,'uploads/generated/hospital_9/2_POLICY___PROCEDURE_FOR_TRANSFER__IN_AND_OUT__OR_REFERRAL_OF_PATIENTS_1785516741.docx','uploads/generated/hospital_9/2_POLICY___PROCEDURE_FOR_TRANSFER__IN_AND_OUT__OR_REFERRAL_OF_PATIENTS_1785516741.pdf',NULL,'2026-07-31 16:52:22'),
(28,9,67,'uploads/generated/hospital_9/7_CHILD_ABDUCTION_1785516795.docx','uploads/generated/hospital_9/7_CHILD_ABDUCTION_1785516795.pdf',NULL,'2026-07-31 16:53:16'),
(29,9,63,'uploads/generated/hospital_9/3_POLICY___PROCEDURE_FOR_IDENTIFYING_EARLY_WARNING_SIGNS_OF_CHANGE_OR_DETERIORATION_IN_CLINICAL_CONDITION_FOR_INITIATING_PROMPT_INTERVENTION_1785516942.docx','uploads/generated/hospital_9/3_POLICY___PROCEDURE_FOR_IDENTIFYING_EARLY_WARNING_SIGNS_OF_CHANGE_OR_DETERIORATION_IN_CLINICAL_CONDITION_FOR_INITIATING_PROMPT_INTERVENTION_1785516942.pdf',NULL,'2026-07-31 16:55:43'),
(30,9,75,'uploads/generated/hospital_9/14_POLICY___PROCEDURE_FOR_PROCUREMENT_AND_USAGE_OF_IMPLANTABLE_PROSTHESIS_1785516968.docx','uploads/generated/hospital_9/14_POLICY___PROCEDURE_FOR_PROCUREMENT_AND_USAGE_OF_IMPLANTABLE_PROSTHESIS_1785516968.pdf',NULL,'2026-07-31 16:56:09'),
(31,9,64,'uploads/generated/hospital_9/4_POLICY_ON_SPECIMEN_MANAGEMENT_1785517189.docx','uploads/generated/hospital_9/4_POLICY_ON_SPECIMEN_MANAGEMENT_1785517189.pdf',NULL,'2026-07-31 16:59:50'),
(32,9,65,'uploads/generated/hospital_9/5_POLICY_ON_PATIENT_DISCHARGE_1785519160.docx','uploads/generated/hospital_9/5_POLICY_ON_PATIENT_DISCHARGE_1785519160.pdf',NULL,'2026-07-31 17:32:42'),
(33,9,66,'uploads/generated/hospital_9/6_NURSING_MANUAL_1785519505.docx','uploads/generated/hospital_9/6_NURSING_MANUAL_1785519505.pdf',NULL,'2026-07-31 17:38:27'),
(34,9,68,'uploads/generated/hospital_9/8_POLICY_ON_ANESTHESIA_ADMINISTRATION_1785519646.docx','uploads/generated/hospital_9/8_POLICY_ON_ANESTHESIA_ADMINISTRATION_1785519646.pdf',NULL,'2026-07-31 17:40:47'),
(35,9,69,'uploads/generated/hospital_9/9_1_POLICY_ON_SURGICAL_SAFETY_AND_PREVENTION_OF_ADVERSE_EVENTS_LIKE_WRONG_SITE__WRONG_PATIENT_AND_WRONG_SURGERY_1785519776.docx','uploads/generated/hospital_9/9_1_POLICY_ON_SURGICAL_SAFETY_AND_PREVENTION_OF_ADVERSE_EVENTS_LIKE_WRONG_SITE__WRONG_PATIENT_AND_WRONG_SURGERY_1785519776.pdf',NULL,'2026-07-31 17:42:58'),
(36,9,70,'uploads/generated/hospital_9/9_2_POLICY___PROCEDURE_FOR_NON-SURGICAL_PROCEDURES_1785519839.docx','uploads/generated/hospital_9/9_2_POLICY___PROCEDURE_FOR_NON-SURGICAL_PROCEDURES_1785519839.pdf',NULL,'2026-07-31 17:44:02'),
(37,9,71,'uploads/generated/hospital_9/10_POLICY___PROCEDURE_ON_CARE_OF_VULNERABLE_PATIENTS_1785520231.docx','uploads/generated/hospital_9/10_POLICY___PROCEDURE_ON_CARE_OF_VULNERABLE_PATIENTS_1785520231.pdf',NULL,'2026-07-31 17:50:32'),
(38,9,72,'uploads/generated/hospital_9/11_POLICY___PROCEDURE_ON_PAIN_MANAGEMENT_1785520336.docx','uploads/generated/hospital_9/11_POLICY___PROCEDURE_ON_PAIN_MANAGEMENT_1785520336.pdf',NULL,'2026-07-31 17:52:17'),
(39,9,73,'uploads/generated/hospital_9/12_POLICY___PROCEDURE_ON_MEDICATION_MANAGEMENT_1785520377.docx','uploads/generated/hospital_9/12_POLICY___PROCEDURE_ON_MEDICATION_MANAGEMENT_1785520377.pdf',NULL,'2026-07-31 17:52:59'),
(40,9,74,'uploads/generated/hospital_9/13_POLICY___PROCEDURE_ON_VERBAL_ORDERS_1785520476.docx','uploads/generated/hospital_9/13_POLICY___PROCEDURE_ON_VERBAL_ORDERS_1785520476.pdf',NULL,'2026-07-31 17:54:37'),
(41,9,76,'uploads/generated/hospital_9/15_POLICY___PROCEDURE_ON_EFFECTIVE_COMMUNICATION_1785520536.docx','uploads/generated/hospital_9/15_POLICY___PROCEDURE_ON_EFFECTIVE_COMMUNICATION_1785520536.pdf',NULL,'2026-07-31 17:55:38'),
(42,9,77,'uploads/generated/hospital_9/16_POLICY___PROCEDURE_ON_FEEDBACK_AND_COMPLAINTS_1785520560.docx','uploads/generated/hospital_9/16_POLICY___PROCEDURE_ON_FEEDBACK_AND_COMPLAINTS_1785520560.pdf',NULL,'2026-07-31 17:56:01'),
(43,9,78,'uploads/generated/hospital_9/17_HOSPITAL_INFECTION_CONTROL_MANUAL_-_Copy_1785520612.docx','uploads/generated/hospital_9/17_HOSPITAL_INFECTION_CONTROL_MANUAL_-_Copy_1785520612.pdf',NULL,'2026-07-31 17:56:55'),
(44,9,79,'uploads/generated/hospital_9/18_POLICY___PROCEDURE_ON_CLEANING__PACKING__DISINFECTION__STERILISATION__STORAGE_AND_ISSUE_OF_STERILE_ITEMS_1785520635.docx','uploads/generated/hospital_9/18_POLICY___PROCEDURE_ON_CLEANING__PACKING__DISINFECTION__STERILISATION__STORAGE_AND_ISSUE_OF_STERILE_ITEMS_1785520635.pdf',NULL,'2026-07-31 17:57:16'),
(45,9,80,'uploads/generated/hospital_9/19_ANTIMICROBIAL_1785520653.docx','uploads/generated/hospital_9/19_ANTIMICROBIAL_1785520653.pdf',NULL,'2026-07-31 17:57:34'),
(46,9,81,'uploads/generated/hospital_9/20_QUALITY_IMPROVEMENT_MANUAL_1785520785.docx','uploads/generated/hospital_9/20_QUALITY_IMPROVEMENT_MANUAL_1785520785.pdf',NULL,'2026-07-31 17:59:46'),
(47,9,82,'uploads/generated/hospital_9/21_HOSPITAL_ETHICAL_MANAGEMENT_FRAMEWORK_POLICY_1785520826.docx','uploads/generated/hospital_9/21_HOSPITAL_ETHICAL_MANAGEMENT_FRAMEWORK_POLICY_1785520826.pdf',NULL,'2026-07-31 18:00:28'),
(48,9,83,'uploads/generated/hospital_9/22_DOCUMENTED_SUSTAINABILITY_PROGRAMME_OF_THE_ORGANIZATION_1785520920.docx','uploads/generated/hospital_9/22_DOCUMENTED_SUSTAINABILITY_PROGRAMME_OF_THE_ORGANIZATION_1785520920.pdf',NULL,'2026-07-31 18:02:02'),
(49,9,84,'uploads/generated/hospital_9/23_POLICY___PROCEDURE_FOR_SORTING__STORAGE__HANDLING__TRANSPORTATION_AND_DISPOSAL_OF_HAZARDOUS_MATERIALS_1785520948.docx','uploads/generated/hospital_9/23_POLICY___PROCEDURE_FOR_SORTING__STORAGE__HANDLING__TRANSPORTATION_AND_DISPOSAL_OF_HAZARDOUS_MATERIALS_1785520948.pdf',NULL,'2026-07-31 18:02:30'),
(50,9,85,'uploads/generated/hospital_9/24_POLICY___PROCEDURE_FOR_PREVENTIVE_AND_BREAKDOWN_PLANS_FOR_EQUIPMENT_1785521035.docx','uploads/generated/hospital_9/24_POLICY___PROCEDURE_FOR_PREVENTIVE_AND_BREAKDOWN_PLANS_FOR_EQUIPMENT_1785521035.pdf',NULL,'2026-07-31 18:03:56'),
(51,9,86,'uploads/generated/hospital_9/25_POLICY___PROCEDURE_FOR_NON-FIRE_EMERGENCY_MANAGEMENT_1785521098.docx','uploads/generated/hospital_9/25_POLICY___PROCEDURE_FOR_NON-FIRE_EMERGENCY_MANAGEMENT_1785521098.pdf',NULL,'2026-07-31 18:04:59'),
(52,9,87,'uploads/generated/hospital_9/26_POLICY___PROCEDURE_FOR_TRAINING_AND_DEVELOPMENT_OF_STAFF_1785521202.docx','uploads/generated/hospital_9/26_POLICY___PROCEDURE_FOR_TRAINING_AND_DEVELOPMENT_OF_STAFF_1785521202.pdf',NULL,'2026-07-31 18:06:44'),
(53,9,88,'uploads/generated/hospital_9/27_DISCIPLINARY___GRIEVANCE_POLICY_1785521232.docx','uploads/generated/hospital_9/27_DISCIPLINARY___GRIEVANCE_POLICY_1785521232.pdf',NULL,'2026-07-31 18:07:14'),
(54,9,89,'uploads/generated/hospital_9/28_POLICY___PROCEDURE_ON_SAFETY_AND_HEALTH_PROBLEMS_OF_THE_STAFF_1785521277.docx','uploads/generated/hospital_9/28_POLICY___PROCEDURE_ON_SAFETY_AND_HEALTH_PROBLEMS_OF_THE_STAFF_1785521277.pdf',NULL,'2026-07-31 18:07:59'),
(55,9,90,'uploads/generated/hospital_9/29_POLICY___PROCEDURE_FOR_CAPTURE_AND_DISSEMINATION_OF_INFORMATION_1785521327.docx','uploads/generated/hospital_9/29_POLICY___PROCEDURE_FOR_CAPTURE_AND_DISSEMINATION_OF_INFORMATION_1785521327.pdf',NULL,'2026-07-31 18:08:48'),
(56,9,91,'uploads/generated/hospital_9/30_POLICY___PROCEDURE_FOR_MAINTAINING_CONFIDENTIALITY__INTEGRITY_AND_SECURITY_OF_RECORDS__DATA_AND_INFORMATION_1785521390.docx','uploads/generated/hospital_9/30_POLICY___PROCEDURE_FOR_MAINTAINING_CONFIDENTIALITY__INTEGRITY_AND_SECURITY_OF_RECORDS__DATA_AND_INFORMATION_1785521390.pdf',NULL,'2026-07-31 18:09:51'),
(57,9,92,'uploads/generated/hospital_9/31_POLICY___PROCEDURE_FOR_RETENTION_AND_DESTRUCTION_OF_MEDICAL_RECORD_1785521436.docx','uploads/generated/hospital_9/31_POLICY___PROCEDURE_FOR_RETENTION_AND_DESTRUCTION_OF_MEDICAL_RECORD_1785521436.pdf',NULL,'2026-07-31 18:10:38'),
(58,5,2,'uploads/generated/hospital_5/1_ADMISSION_AND_REGISTRATION_POLICY_1785568667.docx','uploads/generated/hospital_5/1_ADMISSION_AND_REGISTRATION_POLICY_1785568667.pdf',NULL,'2026-08-01 07:17:49'),
(59,5,3,'uploads/generated/hospital_5/2_POLICY___PROCEDURE_FOR_TRANSFER__IN_AND_OUT__OR_REFERRAL_OF_PATIENTS_1785568691.docx','uploads/generated/hospital_5/2_POLICY___PROCEDURE_FOR_TRANSFER__IN_AND_OUT__OR_REFERRAL_OF_PATIENTS_1785568691.pdf',NULL,'2026-08-01 07:18:12'),
(60,5,4,'uploads/generated/hospital_5/4_POLICY_ON_SPECIMEN_MANAGEMENT_1785568699.docx','uploads/generated/hospital_5/4_POLICY_ON_SPECIMEN_MANAGEMENT_1785568699.pdf',NULL,'2026-08-01 07:18:20'),
(61,5,9,'uploads/generated/hospital_5/9_1_POLICY_ON_RATIONAL_USE_OF_BLOOD_AND_BLOOD_PRODUCTS_1785568723.docx','uploads/generated/hospital_5/9_1_POLICY_ON_RATIONAL_USE_OF_BLOOD_AND_BLOOD_PRODUCTS_1785568723.pdf',NULL,'2026-08-01 07:18:44'),
(62,5,31,'uploads/generated/hospital_5/30_POLICY___PROCEDURE_FOR_PREVENTIVE_AND_BREAKDOWN_PLANS_FOR_EQUIPMENT_1785568777.docx','uploads/generated/hospital_5/30_POLICY___PROCEDURE_FOR_PREVENTIVE_AND_BREAKDOWN_PLANS_FOR_EQUIPMENT_1785568777.pdf',NULL,'2026-08-01 07:19:38'),
(63,5,41,'uploads/generated/hospital_5/41_ANTIMICROBIAL_USAGE_POLICY__1__1785568871.docx','uploads/generated/hospital_5/41_ANTIMICROBIAL_USAGE_POLICY__1__1785568871.pdf',NULL,'2026-08-01 07:21:12'),
(64,5,5,'uploads/generated/hospital_5/5_LABORATORY_SAFETY_MANUAL_1785568905.docx','uploads/generated/hospital_5/5_LABORATORY_SAFETY_MANUAL_1785568905.pdf',NULL,'2026-08-01 07:21:46'),
(65,5,6,'uploads/generated/hospital_5/6_IMAGING_SAFETY_MANUAL_1785568924.docx','uploads/generated/hospital_5/6_IMAGING_SAFETY_MANUAL_1785568924.pdf',NULL,'2026-08-01 07:22:06'),
(66,5,7,'uploads/generated/hospital_5/7_POLICY__DISCHARGE_PROCESS_1785568941.docx','uploads/generated/hospital_5/7_POLICY__DISCHARGE_PROCESS_1785568941.pdf',NULL,'2026-08-01 07:22:22'),
(67,5,8,'uploads/generated/hospital_5/8_NURSING_MANUAL_1785568950.docx','uploads/generated/hospital_5/8_NURSING_MANUAL_1785568950.pdf',NULL,'2026-08-01 07:22:33'),
(68,5,10,'uploads/generated/hospital_5/9_2_POLICY_ON_TRANSFUSION_OF_BLOOD_AND_BLOOD_PRODUCTS_1785568967.docx','uploads/generated/hospital_5/9_2_POLICY_ON_TRANSFUSION_OF_BLOOD_AND_BLOOD_PRODUCTS_1785568967.pdf',NULL,'2026-08-01 07:22:48'),
(69,5,11,'uploads/generated/hospital_5/10_Policy___Procedure_for_emergency_1785568977.docx','uploads/generated/hospital_5/10_Policy___Procedure_for_emergency_1785568977.pdf',NULL,'2026-08-01 07:22:59'),
(70,5,12,'uploads/generated/hospital_5/11_ICU_MANUAL_1785569077.docx','uploads/generated/hospital_5/11_ICU_MANUAL_1785569077.pdf',NULL,'2026-08-01 07:24:39'),
(71,5,13,'uploads/generated/hospital_5/12_END_OF_LIFE_CARE_1785569088.docx','uploads/generated/hospital_5/12_END_OF_LIFE_CARE_1785569088.pdf',NULL,'2026-08-01 07:24:50'),
(72,5,14,'uploads/generated/hospital_5/13_POLICY___PROCEDURE_FOR_MANAGEMENT_OF_OBSTETRIC_PATIENTS_1785569097.docx','uploads/generated/hospital_5/13_POLICY___PROCEDURE_FOR_MANAGEMENT_OF_OBSTETRIC_PATIENTS_1785569097.pdf',NULL,'2026-08-01 07:24:59'),
(73,5,15,'uploads/generated/hospital_5/14_POLICY___PROCEDURE_FOR_PAEDIATRIC_SERVICES_1785569109.docx','uploads/generated/hospital_5/14_POLICY___PROCEDURE_FOR_PAEDIATRIC_SERVICES_1785569109.pdf',NULL,'2026-08-01 07:25:11'),
(74,5,16,'uploads/generated/hospital_5/15_POLICY___PROCEDURE_ON_PREVENTION_OF_CHILDNEONATAL_ABDUCTION_AND_ABUSE_1785569121.docx','uploads/generated/hospital_5/15_POLICY___PROCEDURE_ON_PREVENTION_OF_CHILDNEONATAL_ABDUCTION_AND_ABUSE_1785569121.pdf',NULL,'2026-08-01 07:25:22'),
(75,5,17,'uploads/generated/hospital_5/16_POLICY___PROCEDURE_FOR_PROCEDURAL_SEDATION_1785569160.docx','uploads/generated/hospital_5/16_POLICY___PROCEDURE_FOR_PROCEDURAL_SEDATION_1785569160.pdf',NULL,'2026-08-01 07:26:02'),
(76,5,18,'uploads/generated/hospital_5/17_POLICY_ON_ANESTHESIA_ADMINISTRATION_1785569174.docx','uploads/generated/hospital_5/17_POLICY_ON_ANESTHESIA_ADMINISTRATION_1785569174.pdf',NULL,'2026-08-01 07:26:15'),
(77,5,19,'uploads/generated/hospital_5/18_POLICY___PROCEDURE_FOR_SURGICAL_AND_NON-SURGICAL_PROCEDURES_1785569185.docx','uploads/generated/hospital_5/18_POLICY___PROCEDURE_FOR_SURGICAL_AND_NON-SURGICAL_PROCEDURES_1785569185.pdf',NULL,'2026-08-01 07:26:27'),
(78,5,20,'uploads/generated/hospital_5/19_POLICY___PROCEDURE_ON_CARE_OF_VULNERABLE_PATIENTS_1785569196.docx','uploads/generated/hospital_5/19_POLICY___PROCEDURE_ON_CARE_OF_VULNERABLE_PATIENTS_1785569196.pdf',NULL,'2026-08-01 07:26:38'),
(79,5,21,'uploads/generated/hospital_5/20_POLICY___PROCEDURE_ON_MEDICATION_MANAGEMENT_1785569232.docx','uploads/generated/hospital_5/20_POLICY___PROCEDURE_ON_MEDICATION_MANAGEMENT_1785569232.pdf',NULL,'2026-08-01 07:27:14'),
(80,5,23,'uploads/generated/hospital_5/22_POLICY___PROCEDURE_FOR_THE_USE_OF_NARCOTIC_DRUGS_1785569244.docx','uploads/generated/hospital_5/22_POLICY___PROCEDURE_FOR_THE_USE_OF_NARCOTIC_DRUGS_1785569244.pdf',NULL,'2026-08-01 07:27:26'),
(81,5,22,'uploads/generated/hospital_5/21_POLICY___PROCEDURE_ON_VERBAL_ORDERS_1785569265.docx','uploads/generated/hospital_5/21_POLICY___PROCEDURE_ON_VERBAL_ORDERS_1785569265.pdf',NULL,'2026-08-01 07:27:47'),
(82,5,24,'uploads/generated/hospital_5/23_POLICY_ON_IMPLANTABLE_PROSTHESES_MANAGEMENT_1785569290.docx','uploads/generated/hospital_5/23_POLICY_ON_IMPLANTABLE_PROSTHESES_MANAGEMENT_1785569290.pdf',NULL,'2026-08-01 07:28:11'),
(83,5,25,'uploads/generated/hospital_5/24_POLICY___PROCEDURE_ON_EFFECTIVE_COMMUNICATION_1785569354.docx','uploads/generated/hospital_5/24_POLICY___PROCEDURE_ON_EFFECTIVE_COMMUNICATION_1785569354.pdf',NULL,'2026-08-01 07:29:16'),
(84,5,26,'uploads/generated/hospital_5/25_POLICY___PROCEDURE_ON_FEEDBACK_AND_COMPLAINTS_1785569402.docx','uploads/generated/hospital_5/25_POLICY___PROCEDURE_ON_FEEDBACK_AND_COMPLAINTS_1785569402.pdf',NULL,'2026-08-01 07:30:03'),
(85,5,27,'uploads/generated/hospital_5/26_HOSPITAL_INFECTION_CONTROL_MANUAL_1785569417.docx','uploads/generated/hospital_5/26_HOSPITAL_INFECTION_CONTROL_MANUAL_1785569417.pdf',NULL,'2026-08-01 07:30:20'),
(86,5,28,'uploads/generated/hospital_5/27_POLICY___PROCEDURE_ON_CLEANING_PACKING_DISINFECTION_ANDOR_STERILISATION__STORAGE_AND_ISSUE_OF_ITEMS_1785569434.docx','uploads/generated/hospital_5/27_POLICY___PROCEDURE_ON_CLEANING_PACKING_DISINFECTION_ANDOR_STERILISATION__STORAGE_AND_ISSUE_OF_ITEMS_1785569434.pdf',NULL,'2026-08-01 07:30:35'),
(87,5,29,'uploads/generated/hospital_5/28_QUALITY_IMPROVEMENT___SAFETY_MANUAL_1785569447.docx','uploads/generated/hospital_5/28_QUALITY_IMPROVEMENT___SAFETY_MANUAL_1785569447.pdf',NULL,'2026-08-01 07:30:48'),
(88,5,30,'uploads/generated/hospital_5/29_POLICY___PROCEDURE_FOR_SORTING__STORAGE__HANDLING__TRANSPORTATION_AND_DISPOSAL_OF_HAZARDOUS_MATERIALS_1785569459.docx','uploads/generated/hospital_5/29_POLICY___PROCEDURE_FOR_SORTING__STORAGE__HANDLING__TRANSPORTATION_AND_DISPOSAL_OF_HAZARDOUS_MATERIALS_1785569459.pdf',NULL,'2026-08-01 07:31:01'),
(89,5,32,'uploads/generated/hospital_5/31_POLICY___PROCEDURE_FOR_TRAINING_AND_DEVELOPMENT_OF_STAFF_1785569489.docx','uploads/generated/hospital_5/31_POLICY___PROCEDURE_FOR_TRAINING_AND_DEVELOPMENT_OF_STAFF_1785569489.pdf',NULL,'2026-08-01 07:31:30'),
(90,5,33,'uploads/generated/hospital_5/32_DISCIPLINARY___GRIEVANCE_POLICY_1785569500.docx','uploads/generated/hospital_5/32_DISCIPLINARY___GRIEVANCE_POLICY_1785569500.pdf',NULL,'2026-08-01 07:31:41'),
(91,5,34,'uploads/generated/hospital_5/33_POLICY___PROCEDURE_ON_SAFETY_AND_HEALTH_PROBLEMS_OF_THE_STAFF_1785569537.docx','uploads/generated/hospital_5/33_POLICY___PROCEDURE_ON_SAFETY_AND_HEALTH_PROBLEMS_OF_THE_STAFF_1785569537.pdf',NULL,'2026-08-01 07:32:19'),
(92,5,35,'uploads/generated/hospital_5/34_POLICY___PROCEDURE_FOR_CAPTURE_AND_DISSEMINATION_OF_INFORMATION_1785569562.docx','uploads/generated/hospital_5/34_POLICY___PROCEDURE_FOR_CAPTURE_AND_DISSEMINATION_OF_INFORMATION_1785569562.pdf',NULL,'2026-08-01 07:32:43'),
(93,5,36,'uploads/generated/hospital_5/36_POLICY___PROCEDURE_FOR_MAINTAINING_CONFIDENTIALITY_1785569577.docx','uploads/generated/hospital_5/36_POLICY___PROCEDURE_FOR_MAINTAINING_CONFIDENTIALITY_1785569577.pdf',NULL,'2026-08-01 07:32:58'),
(94,5,37,'uploads/generated/hospital_5/37_DOCUMENTED_PROCEDURES_EXIST_FOR_RETENTION_TIME_1785569591.docx','uploads/generated/hospital_5/37_DOCUMENTED_PROCEDURES_EXIST_FOR_RETENTION_TIME_1785569591.pdf',NULL,'2026-08-01 07:33:13'),
(95,5,38,'uploads/generated/hospital_5/38_POLICY___PROCEDURE_ON_PROTECTION_OF_PATIENTS_FROM_PHYSICAL_ABUSE___NEGLECT_1785569662.docx','uploads/generated/hospital_5/38_POLICY___PROCEDURE_ON_PROTECTION_OF_PATIENTS_FROM_PHYSICAL_ABUSE___NEGLECT_1785569662.pdf',NULL,'2026-08-01 07:34:23'),
(96,5,39,'uploads/generated/hospital_5/39_CODE_OF_CONDUCT_FOR_STAFF_1785569674.docx','uploads/generated/hospital_5/39_CODE_OF_CONDUCT_FOR_STAFF_1785569674.pdf',NULL,'2026-08-01 07:34:36'),
(97,5,40,'uploads/generated/hospital_5/40_POLICY___PROCEDURE_FOR_CLEANING_OF_INFECTED_AND_NON-INFECTED_PATIENT_ROOMS_1785569688.docx','uploads/generated/hospital_5/40_POLICY___PROCEDURE_FOR_CLEANING_OF_INFECTED_AND_NON-INFECTED_PATIENT_ROOMS_1785569688.pdf',NULL,'2026-08-01 07:34:49'),
(98,5,42,'uploads/generated/hospital_5/11_ICU_MANUAL_1785569719.docx','uploads/generated/hospital_5/11_ICU_MANUAL_1785569719.pdf',NULL,'2026-08-01 07:35:21'),
(99,9,2,'uploads/generated/hospital_9/1_ADMISSION_AND_REGISTRATION_POLICY_1785584418.docx','uploads/generated/hospital_9/1_ADMISSION_AND_REGISTRATION_POLICY_1785584418.pdf',NULL,'2026-08-01 11:40:19'),
(100,9,3,'uploads/generated/hospital_9/2_POLICY___PROCEDURE_FOR_TRANSFER__IN_AND_OUT__OR_REFERRAL_OF_PATIENTS_1785584424.docx','uploads/generated/hospital_9/2_POLICY___PROCEDURE_FOR_TRANSFER__IN_AND_OUT__OR_REFERRAL_OF_PATIENTS_1785584424.pdf',NULL,'2026-08-01 11:40:25'),
(101,9,4,'uploads/generated/hospital_9/4_POLICY_ON_SPECIMEN_MANAGEMENT_1785584433.docx','uploads/generated/hospital_9/4_POLICY_ON_SPECIMEN_MANAGEMENT_1785584433.pdf',NULL,'2026-08-01 11:40:35'),
(102,9,5,'uploads/generated/hospital_9/5_LABORATORY_SAFETY_MANUAL_1785584444.docx','uploads/generated/hospital_9/5_LABORATORY_SAFETY_MANUAL_1785584444.pdf',NULL,'2026-08-01 11:40:45'),
(103,9,6,'uploads/generated/hospital_9/6_IMAGING_SAFETY_MANUAL_1785584453.docx','uploads/generated/hospital_9/6_IMAGING_SAFETY_MANUAL_1785584453.pdf',NULL,'2026-08-01 11:40:54'),
(104,9,7,'uploads/generated/hospital_9/7_POLICY__DISCHARGE_PROCESS_1785584460.docx','uploads/generated/hospital_9/7_POLICY__DISCHARGE_PROCESS_1785584460.pdf',NULL,'2026-08-01 11:41:01'),
(105,9,8,'uploads/generated/hospital_9/8_NURSING_MANUAL_1785584468.docx','uploads/generated/hospital_9/8_NURSING_MANUAL_1785584468.pdf',NULL,'2026-08-01 11:41:11'),
(106,9,9,'uploads/generated/hospital_9/9_1_POLICY_ON_RATIONAL_USE_OF_BLOOD_AND_BLOOD_PRODUCTS_1785584482.docx','uploads/generated/hospital_9/9_1_POLICY_ON_RATIONAL_USE_OF_BLOOD_AND_BLOOD_PRODUCTS_1785584482.pdf',NULL,'2026-08-01 11:41:23'),
(107,9,10,'uploads/generated/hospital_9/9_2_POLICY_ON_TRANSFUSION_OF_BLOOD_AND_BLOOD_PRODUCTS_1785584491.docx','uploads/generated/hospital_9/9_2_POLICY_ON_TRANSFUSION_OF_BLOOD_AND_BLOOD_PRODUCTS_1785584491.pdf',NULL,'2026-08-01 11:41:32'),
(108,9,11,'uploads/generated/hospital_9/10_Policy___Procedure_for_emergency_1785584499.docx','uploads/generated/hospital_9/10_Policy___Procedure_for_emergency_1785584499.pdf',NULL,'2026-08-01 11:41:41'),
(109,9,12,'uploads/generated/hospital_9/11_ICU_MANUAL_1785584508.docx','uploads/generated/hospital_9/11_ICU_MANUAL_1785584508.pdf',NULL,'2026-08-01 11:41:50'),
(110,9,13,'uploads/generated/hospital_9/12_END_OF_LIFE_CARE_1785584517.docx','uploads/generated/hospital_9/12_END_OF_LIFE_CARE_1785584517.pdf',NULL,'2026-08-01 11:41:58'),
(111,9,14,'uploads/generated/hospital_9/13_POLICY___PROCEDURE_FOR_MANAGEMENT_OF_OBSTETRIC_PATIENTS_1785584527.docx','uploads/generated/hospital_9/13_POLICY___PROCEDURE_FOR_MANAGEMENT_OF_OBSTETRIC_PATIENTS_1785584527.pdf',NULL,'2026-08-01 11:42:09'),
(112,9,15,'uploads/generated/hospital_9/14_POLICY___PROCEDURE_FOR_PAEDIATRIC_SERVICES_1785584534.docx','uploads/generated/hospital_9/14_POLICY___PROCEDURE_FOR_PAEDIATRIC_SERVICES_1785584534.pdf',NULL,'2026-08-01 11:42:16'),
(113,9,16,'uploads/generated/hospital_9/15_POLICY___PROCEDURE_ON_PREVENTION_OF_CHILDNEONATAL_ABDUCTION_AND_ABUSE_1785584542.docx','uploads/generated/hospital_9/15_POLICY___PROCEDURE_ON_PREVENTION_OF_CHILDNEONATAL_ABDUCTION_AND_ABUSE_1785584542.pdf',NULL,'2026-08-01 11:42:24'),
(114,9,17,'uploads/generated/hospital_9/16_POLICY___PROCEDURE_FOR_PROCEDURAL_SEDATION_1785584552.docx','uploads/generated/hospital_9/16_POLICY___PROCEDURE_FOR_PROCEDURAL_SEDATION_1785584552.pdf',NULL,'2026-08-01 11:42:34'),
(115,9,18,'uploads/generated/hospital_9/17_POLICY_ON_ANESTHESIA_ADMINISTRATION_1785584562.docx','uploads/generated/hospital_9/17_POLICY_ON_ANESTHESIA_ADMINISTRATION_1785584562.pdf',NULL,'2026-08-01 11:42:43'),
(116,9,19,'uploads/generated/hospital_9/18_POLICY___PROCEDURE_FOR_SURGICAL_AND_NON-SURGICAL_PROCEDURES_1785584573.docx','uploads/generated/hospital_9/18_POLICY___PROCEDURE_FOR_SURGICAL_AND_NON-SURGICAL_PROCEDURES_1785584573.pdf',NULL,'2026-08-01 11:42:55'),
(117,9,20,'uploads/generated/hospital_9/19_POLICY___PROCEDURE_ON_CARE_OF_VULNERABLE_PATIENTS_1785584581.docx','uploads/generated/hospital_9/19_POLICY___PROCEDURE_ON_CARE_OF_VULNERABLE_PATIENTS_1785584581.pdf',NULL,'2026-08-01 11:43:03'),
(118,9,21,'uploads/generated/hospital_9/20_POLICY___PROCEDURE_ON_MEDICATION_MANAGEMENT_1785584590.docx','uploads/generated/hospital_9/20_POLICY___PROCEDURE_ON_MEDICATION_MANAGEMENT_1785584590.pdf',NULL,'2026-08-01 11:43:12'),
(119,9,22,'uploads/generated/hospital_9/21_POLICY___PROCEDURE_ON_VERBAL_ORDERS_1785584602.docx','uploads/generated/hospital_9/21_POLICY___PROCEDURE_ON_VERBAL_ORDERS_1785584602.pdf',NULL,'2026-08-01 11:43:23'),
(120,9,23,'uploads/generated/hospital_9/22_POLICY___PROCEDURE_FOR_THE_USE_OF_NARCOTIC_DRUGS_1785584611.docx','uploads/generated/hospital_9/22_POLICY___PROCEDURE_FOR_THE_USE_OF_NARCOTIC_DRUGS_1785584611.pdf',NULL,'2026-08-01 11:43:33'),
(121,9,24,'uploads/generated/hospital_9/23_POLICY_ON_IMPLANTABLE_PROSTHESES_MANAGEMENT_1785584618.docx','uploads/generated/hospital_9/23_POLICY_ON_IMPLANTABLE_PROSTHESES_MANAGEMENT_1785584618.pdf',NULL,'2026-08-01 11:43:39'),
(122,9,25,'uploads/generated/hospital_9/24_POLICY___PROCEDURE_ON_EFFECTIVE_COMMUNICATION_1785584627.docx','uploads/generated/hospital_9/24_POLICY___PROCEDURE_ON_EFFECTIVE_COMMUNICATION_1785584627.pdf',NULL,'2026-08-01 11:43:48'),
(123,9,26,'uploads/generated/hospital_9/25_POLICY___PROCEDURE_ON_FEEDBACK_AND_COMPLAINTS_1785584654.docx','uploads/generated/hospital_9/25_POLICY___PROCEDURE_ON_FEEDBACK_AND_COMPLAINTS_1785584654.pdf',NULL,'2026-08-01 11:44:15'),
(124,9,27,'uploads/generated/hospital_9/26_HOSPITAL_INFECTION_CONTROL_MANUAL_1785584662.docx','uploads/generated/hospital_9/26_HOSPITAL_INFECTION_CONTROL_MANUAL_1785584662.pdf',NULL,'2026-08-01 11:44:25'),
(125,9,28,'uploads/generated/hospital_9/27_POLICY___PROCEDURE_ON_CLEANING_PACKING_DISINFECTION_ANDOR_STERILISATION__STORAGE_AND_ISSUE_OF_ITEMS_1785584679.docx','uploads/generated/hospital_9/27_POLICY___PROCEDURE_ON_CLEANING_PACKING_DISINFECTION_ANDOR_STERILISATION__STORAGE_AND_ISSUE_OF_ITEMS_1785584679.pdf',NULL,'2026-08-01 11:44:41'),
(126,9,29,'uploads/generated/hospital_9/28_QUALITY_IMPROVEMENT___SAFETY_MANUAL_1785584689.docx','uploads/generated/hospital_9/28_QUALITY_IMPROVEMENT___SAFETY_MANUAL_1785584689.pdf',NULL,'2026-08-01 11:44:51'),
(127,9,30,'uploads/generated/hospital_9/29_POLICY___PROCEDURE_FOR_SORTING__STORAGE__HANDLING__TRANSPORTATION_AND_DISPOSAL_OF_HAZARDOUS_MATERIALS_1785584698.docx','uploads/generated/hospital_9/29_POLICY___PROCEDURE_FOR_SORTING__STORAGE__HANDLING__TRANSPORTATION_AND_DISPOSAL_OF_HAZARDOUS_MATERIALS_1785584698.pdf',NULL,'2026-08-01 11:45:00'),
(128,9,31,'uploads/generated/hospital_9/30_POLICY___PROCEDURE_FOR_PREVENTIVE_AND_BREAKDOWN_PLANS_FOR_EQUIPMENT_1785584707.docx','uploads/generated/hospital_9/30_POLICY___PROCEDURE_FOR_PREVENTIVE_AND_BREAKDOWN_PLANS_FOR_EQUIPMENT_1785584707.pdf',NULL,'2026-08-01 11:45:09'),
(129,9,32,'uploads/generated/hospital_9/31_POLICY___PROCEDURE_FOR_TRAINING_AND_DEVELOPMENT_OF_STAFF_1785584715.docx','uploads/generated/hospital_9/31_POLICY___PROCEDURE_FOR_TRAINING_AND_DEVELOPMENT_OF_STAFF_1785584715.pdf',NULL,'2026-08-01 11:45:17'),
(130,9,33,'uploads/generated/hospital_9/32_DISCIPLINARY___GRIEVANCE_POLICY_1785584724.docx','uploads/generated/hospital_9/32_DISCIPLINARY___GRIEVANCE_POLICY_1785584724.pdf',NULL,'2026-08-01 11:45:25'),
(131,9,34,'uploads/generated/hospital_9/33_POLICY___PROCEDURE_ON_SAFETY_AND_HEALTH_PROBLEMS_OF_THE_STAFF_1785584735.docx','uploads/generated/hospital_9/33_POLICY___PROCEDURE_ON_SAFETY_AND_HEALTH_PROBLEMS_OF_THE_STAFF_1785584735.pdf',NULL,'2026-08-01 11:45:37'),
(132,9,35,'uploads/generated/hospital_9/34_POLICY___PROCEDURE_FOR_CAPTURE_AND_DISSEMINATION_OF_INFORMATION_1785584746.docx','uploads/generated/hospital_9/34_POLICY___PROCEDURE_FOR_CAPTURE_AND_DISSEMINATION_OF_INFORMATION_1785584746.pdf',NULL,'2026-08-01 11:45:47'),
(133,9,36,'uploads/generated/hospital_9/36_POLICY___PROCEDURE_FOR_MAINTAINING_CONFIDENTIALITY_1785584757.docx','uploads/generated/hospital_9/36_POLICY___PROCEDURE_FOR_MAINTAINING_CONFIDENTIALITY_1785584757.pdf',NULL,'2026-08-01 11:45:58'),
(134,9,37,'uploads/generated/hospital_9/37_DOCUMENTED_PROCEDURES_EXIST_FOR_RETENTION_TIME_1785584771.docx','uploads/generated/hospital_9/37_DOCUMENTED_PROCEDURES_EXIST_FOR_RETENTION_TIME_1785584771.pdf',NULL,'2026-08-01 11:46:12'),
(135,9,38,'uploads/generated/hospital_9/38_POLICY___PROCEDURE_ON_PROTECTION_OF_PATIENTS_FROM_PHYSICAL_ABUSE___NEGLECT_1785584779.docx','uploads/generated/hospital_9/38_POLICY___PROCEDURE_ON_PROTECTION_OF_PATIENTS_FROM_PHYSICAL_ABUSE___NEGLECT_1785584779.pdf',NULL,'2026-08-01 11:46:20'),
(136,9,39,'uploads/generated/hospital_9/39_CODE_OF_CONDUCT_FOR_STAFF_1785584786.docx','uploads/generated/hospital_9/39_CODE_OF_CONDUCT_FOR_STAFF_1785584786.pdf',NULL,'2026-08-01 11:46:27'),
(137,9,40,'uploads/generated/hospital_9/40_POLICY___PROCEDURE_FOR_CLEANING_OF_INFECTED_AND_NON-INFECTED_PATIENT_ROOMS_1785584794.docx','uploads/generated/hospital_9/40_POLICY___PROCEDURE_FOR_CLEANING_OF_INFECTED_AND_NON-INFECTED_PATIENT_ROOMS_1785584794.pdf',NULL,'2026-08-01 11:46:35'),
(138,9,41,'uploads/generated/hospital_9/41_ANTIMICROBIAL_USAGE_POLICY__1__1785584804.docx','uploads/generated/hospital_9/41_ANTIMICROBIAL_USAGE_POLICY__1__1785584804.pdf',NULL,'2026-08-01 11:46:45'),
(139,9,42,'uploads/generated/hospital_9/11_ICU_MANUAL_1785584815.docx','uploads/generated/hospital_9/11_ICU_MANUAL_1785584815.pdf',NULL,'2026-08-01 11:46:57'),
(206,10,61,'uploads/generated/hospital_10/1_POLICY___PROCEDURE_FOR_REGISTERING_AND_ADMITTING_OUT-PATIENTS__IN-PATIENTS_AND_URGENT_OPHTHALMIC_PATIENT_1785774679.docx','uploads/generated/hospital_10/1_POLICY___PROCEDURE_FOR_REGISTERING_AND_ADMITTING_OUT-PATIENTS__IN-PATIENTS_AND_URGENT_OPHTHALMIC_PATIENT_1785774679.pdf',NULL,'2026-08-03 16:31:20'),
(141,10,62,'uploads/generated/hospital_10/2_POLICY___PROCEDURE_FOR_TRANSFER__IN_AND_OUT__OR_REFERRAL_OF_PATIENTS_1785585478.docx','uploads/generated/hospital_10/2_POLICY___PROCEDURE_FOR_TRANSFER__IN_AND_OUT__OR_REFERRAL_OF_PATIENTS_1785585478.pdf',NULL,'2026-08-01 11:57:59'),
(142,10,63,'uploads/generated/hospital_10/3_POLICY___PROCEDURE_FOR_IDENTIFYING_EARLY_WARNING_SIGNS_OF_CHANGE_OR_DETERIORATION_IN_CLINICAL_CONDITION_FOR_INITIATING_PROMPT_INTERVENTION_1785585483.docx','uploads/generated/hospital_10/3_POLICY___PROCEDURE_FOR_IDENTIFYING_EARLY_WARNING_SIGNS_OF_CHANGE_OR_DETERIORATION_IN_CLINICAL_CONDITION_FOR_INITIATING_PROMPT_INTERVENTION_1785585483.pdf',NULL,'2026-08-01 11:58:05'),
(143,10,64,'uploads/generated/hospital_10/4_POLICY_ON_SPECIMEN_MANAGEMENT_1785585492.docx','uploads/generated/hospital_10/4_POLICY_ON_SPECIMEN_MANAGEMENT_1785585492.pdf',NULL,'2026-08-01 11:58:13'),
(144,10,65,'uploads/generated/hospital_10/5_POLICY_ON_PATIENT_DISCHARGE_1785585499.docx','uploads/generated/hospital_10/5_POLICY_ON_PATIENT_DISCHARGE_1785585499.pdf',NULL,'2026-08-01 11:58:21'),
(145,10,66,'uploads/generated/hospital_10/6_NURSING_MANUAL_1785585507.docx','uploads/generated/hospital_10/6_NURSING_MANUAL_1785585507.pdf',NULL,'2026-08-01 11:58:29'),
(146,10,67,'uploads/generated/hospital_10/7_CHILD_ABDUCTION_1785585519.docx','uploads/generated/hospital_10/7_CHILD_ABDUCTION_1785585519.pdf',NULL,'2026-08-01 11:58:40'),
(147,10,68,'uploads/generated/hospital_10/8_POLICY_ON_ANESTHESIA_ADMINISTRATION_1785585529.docx','uploads/generated/hospital_10/8_POLICY_ON_ANESTHESIA_ADMINISTRATION_1785585529.pdf',NULL,'2026-08-01 11:58:50'),
(148,10,69,'uploads/generated/hospital_10/9_1_POLICY_ON_SURGICAL_SAFETY_AND_PREVENTION_OF_ADVERSE_EVENTS_LIKE_WRONG_SITE__WRONG_PATIENT_AND_WRONG_SURGERY_1785585534.docx','uploads/generated/hospital_10/9_1_POLICY_ON_SURGICAL_SAFETY_AND_PREVENTION_OF_ADVERSE_EVENTS_LIKE_WRONG_SITE__WRONG_PATIENT_AND_WRONG_SURGERY_1785585534.pdf',NULL,'2026-08-01 11:58:56'),
(207,10,70,'uploads/generated/hospital_10/9_2_POLICY___PROCEDURE_FOR_NON-SURGICAL_PROCEDURES_1785774698.docx','uploads/generated/hospital_10/9_2_POLICY___PROCEDURE_FOR_NON-SURGICAL_PROCEDURES_1785774698.pdf',NULL,'2026-08-03 16:31:39'),
(204,10,71,'uploads/generated/hospital_10/10_POLICY___PROCEDURE_ON_CARE_OF_VULNERABLE_PATIENTS_1785772413.docx','uploads/generated/hospital_10/10_POLICY___PROCEDURE_ON_CARE_OF_VULNERABLE_PATIENTS_1785772413.pdf',NULL,'2026-08-03 15:53:34'),
(151,10,72,'uploads/generated/hospital_10/11_POLICY___PROCEDURE_ON_PAIN_MANAGEMENT_1785585568.docx','uploads/generated/hospital_10/11_POLICY___PROCEDURE_ON_PAIN_MANAGEMENT_1785585568.pdf',NULL,'2026-08-01 11:59:30'),
(152,10,73,'uploads/generated/hospital_10/12_POLICY___PROCEDURE_ON_MEDICATION_MANAGEMENT_1785585582.docx','uploads/generated/hospital_10/12_POLICY___PROCEDURE_ON_MEDICATION_MANAGEMENT_1785585582.pdf',NULL,'2026-08-01 11:59:43'),
(153,10,74,'uploads/generated/hospital_10/13_POLICY___PROCEDURE_ON_VERBAL_ORDERS_1785585615.docx','uploads/generated/hospital_10/13_POLICY___PROCEDURE_ON_VERBAL_ORDERS_1785585615.pdf',NULL,'2026-08-01 12:00:17'),
(154,10,75,'uploads/generated/hospital_10/14_POLICY___PROCEDURE_FOR_PROCUREMENT_AND_USAGE_OF_IMPLANTABLE_PROSTHESIS_1785585623.docx','uploads/generated/hospital_10/14_POLICY___PROCEDURE_FOR_PROCUREMENT_AND_USAGE_OF_IMPLANTABLE_PROSTHESIS_1785585623.pdf',NULL,'2026-08-01 12:00:24'),
(155,10,76,'uploads/generated/hospital_10/15_POLICY___PROCEDURE_ON_EFFECTIVE_COMMUNICATION_1785585631.docx','uploads/generated/hospital_10/15_POLICY___PROCEDURE_ON_EFFECTIVE_COMMUNICATION_1785585631.pdf',NULL,'2026-08-01 12:00:32'),
(156,10,77,'uploads/generated/hospital_10/16_POLICY___PROCEDURE_ON_FEEDBACK_AND_COMPLAINTS_1785585639.docx','uploads/generated/hospital_10/16_POLICY___PROCEDURE_ON_FEEDBACK_AND_COMPLAINTS_1785585639.pdf',NULL,'2026-08-01 12:00:40'),
(157,10,78,'uploads/generated/hospital_10/17_HOSPITAL_INFECTION_CONTROL_MANUAL_-_Copy_1785585651.docx','uploads/generated/hospital_10/17_HOSPITAL_INFECTION_CONTROL_MANUAL_-_Copy_1785585651.pdf',NULL,'2026-08-01 12:00:54'),
(158,10,79,'uploads/generated/hospital_10/18_POLICY___PROCEDURE_ON_CLEANING__PACKING__DISINFECTION__STERILISATION__STORAGE_AND_ISSUE_OF_STERILE_ITEMS_1785585667.docx','uploads/generated/hospital_10/18_POLICY___PROCEDURE_ON_CLEANING__PACKING__DISINFECTION__STERILISATION__STORAGE_AND_ISSUE_OF_STERILE_ITEMS_1785585667.pdf',NULL,'2026-08-01 12:01:08'),
(159,10,80,'uploads/generated/hospital_10/19_ANTIMICROBIAL_1785585676.docx','uploads/generated/hospital_10/19_ANTIMICROBIAL_1785585676.pdf',NULL,'2026-08-01 12:01:17'),
(160,10,81,'uploads/generated/hospital_10/20_QUALITY_IMPROVEMENT_MANUAL_1785585683.docx','uploads/generated/hospital_10/20_QUALITY_IMPROVEMENT_MANUAL_1785585683.pdf',NULL,'2026-08-01 12:01:24'),
(161,10,82,'uploads/generated/hospital_10/21_HOSPITAL_ETHICAL_MANAGEMENT_FRAMEWORK_POLICY_1785585692.docx','uploads/generated/hospital_10/21_HOSPITAL_ETHICAL_MANAGEMENT_FRAMEWORK_POLICY_1785585692.pdf',NULL,'2026-08-01 12:01:33'),
(162,10,83,'uploads/generated/hospital_10/22_DOCUMENTED_SUSTAINABILITY_PROGRAMME_OF_THE_ORGANIZATION_1785585701.docx','uploads/generated/hospital_10/22_DOCUMENTED_SUSTAINABILITY_PROGRAMME_OF_THE_ORGANIZATION_1785585701.pdf',NULL,'2026-08-01 12:01:42'),
(163,10,84,'uploads/generated/hospital_10/23_POLICY___PROCEDURE_FOR_SORTING__STORAGE__HANDLING__TRANSPORTATION_AND_DISPOSAL_OF_HAZARDOUS_MATERIALS_1785585710.docx','uploads/generated/hospital_10/23_POLICY___PROCEDURE_FOR_SORTING__STORAGE__HANDLING__TRANSPORTATION_AND_DISPOSAL_OF_HAZARDOUS_MATERIALS_1785585710.pdf',NULL,'2026-08-01 12:01:51'),
(164,10,85,'uploads/generated/hospital_10/24_POLICY___PROCEDURE_FOR_PREVENTIVE_AND_BREAKDOWN_PLANS_FOR_EQUIPMENT_1785585719.docx','uploads/generated/hospital_10/24_POLICY___PROCEDURE_FOR_PREVENTIVE_AND_BREAKDOWN_PLANS_FOR_EQUIPMENT_1785585719.pdf',NULL,'2026-08-01 12:02:01'),
(165,10,86,'uploads/generated/hospital_10/25_POLICY___PROCEDURE_FOR_NON-FIRE_EMERGENCY_MANAGEMENT_1785585733.docx','uploads/generated/hospital_10/25_POLICY___PROCEDURE_FOR_NON-FIRE_EMERGENCY_MANAGEMENT_1785585733.pdf',NULL,'2026-08-01 12:02:15'),
(166,10,87,'uploads/generated/hospital_10/26_POLICY___PROCEDURE_FOR_TRAINING_AND_DEVELOPMENT_OF_STAFF_1785585740.docx','uploads/generated/hospital_10/26_POLICY___PROCEDURE_FOR_TRAINING_AND_DEVELOPMENT_OF_STAFF_1785585740.pdf',NULL,'2026-08-01 12:02:22'),
(167,10,88,'uploads/generated/hospital_10/27_DISCIPLINARY___GRIEVANCE_POLICY_1785585748.docx','uploads/generated/hospital_10/27_DISCIPLINARY___GRIEVANCE_POLICY_1785585748.pdf',NULL,'2026-08-01 12:02:29'),
(168,10,89,'uploads/generated/hospital_10/28_POLICY___PROCEDURE_ON_SAFETY_AND_HEALTH_PROBLEMS_OF_THE_STAFF_1785585755.docx','uploads/generated/hospital_10/28_POLICY___PROCEDURE_ON_SAFETY_AND_HEALTH_PROBLEMS_OF_THE_STAFF_1785585755.pdf',NULL,'2026-08-01 12:02:36'),
(169,10,90,'uploads/generated/hospital_10/29_POLICY___PROCEDURE_FOR_CAPTURE_AND_DISSEMINATION_OF_INFORMATION_1785585762.docx','uploads/generated/hospital_10/29_POLICY___PROCEDURE_FOR_CAPTURE_AND_DISSEMINATION_OF_INFORMATION_1785585762.pdf',NULL,'2026-08-01 12:02:44'),
(170,10,91,'uploads/generated/hospital_10/30_POLICY___PROCEDURE_FOR_MAINTAINING_CONFIDENTIALITY__INTEGRITY_AND_SECURITY_OF_RECORDS__DATA_AND_INFORMATION_1785585771.docx','uploads/generated/hospital_10/30_POLICY___PROCEDURE_FOR_MAINTAINING_CONFIDENTIALITY__INTEGRITY_AND_SECURITY_OF_RECORDS__DATA_AND_INFORMATION_1785585771.pdf',NULL,'2026-08-01 12:02:53'),
(187,10,92,'uploads/generated/hospital_10/31_POLICY___PROCEDURE_FOR_RETENTION_AND_DESTRUCTION_OF_MEDICAL_RECORD_1785645164.docx','uploads/generated/hospital_10/31_POLICY___PROCEDURE_FOR_RETENTION_AND_DESTRUCTION_OF_MEDICAL_RECORD_1785645164.pdf',NULL,'2026-08-02 04:32:46'),
(176,2,64,'uploads/generated/hospital_2/4_POLICY_ON_SPECIMEN_MANAGEMENT_1785609906.docx','uploads/generated/hospital_2/4_POLICY_ON_SPECIMEN_MANAGEMENT_1785609906.pdf',NULL,'2026-08-01 18:45:08'),
(179,2,63,'uploads/generated/hospital_2/3_POLICY___PROCEDURE_FOR_IDENTIFYING_EARLY_WARNING_SIGNS_OF_CHANGE_OR_DETERIORATION_IN_CLINICAL_CONDITION_FOR_INITIATING_PROMPT_INTERVENTION_1785611447.docx','uploads/generated/hospital_2/3_POLICY___PROCEDURE_FOR_IDENTIFYING_EARLY_WARNING_SIGNS_OF_CHANGE_OR_DETERIORATION_IN_CLINICAL_CONDITION_FOR_INITIATING_PROMPT_INTERVENTION_1785611447.pdf',NULL,'2026-08-01 19:10:50'),
(183,2,65,'uploads/generated/hospital_2/5_POLICY_ON_PATIENT_DISCHARGE_1785612283.docx','uploads/generated/hospital_2/5_POLICY_ON_PATIENT_DISCHARGE_1785612283.pdf',NULL,'2026-08-01 19:24:46'),
(186,2,69,'uploads/generated/hospital_2/9_1_POLICY_ON_SURGICAL_SAFETY_AND_PREVENTION_OF_ADVERSE_EVENTS_LIKE_WRONG_SITE__WRONG_PATIENT_AND_WRONG_SURGERY_1785612827.docx','uploads/generated/hospital_2/9_1_POLICY_ON_SURGICAL_SAFETY_AND_PREVENTION_OF_ADVERSE_EVENTS_LIKE_WRONG_SITE__WRONG_PATIENT_AND_WRONG_SURGERY_1785612827.pdf',NULL,'2026-08-01 19:33:50'),
(190,5,82,'uploads/generated/hospital_5/21_HOSPITAL_ETHICAL_MANAGEMENT_FRAMEWORK_POLICY_1785661832.docx','uploads/generated/hospital_5/21_HOSPITAL_ETHICAL_MANAGEMENT_FRAMEWORK_POLICY_1785661832.pdf',NULL,'2026-08-02 09:10:33'),
(191,8,2,'uploads/generated/hospital_8/1_ADMISSION_AND_REGISTRATION_POLICY_1785664766.docx','uploads/generated/hospital_8/1_ADMISSION_AND_REGISTRATION_POLICY_1785664766.pdf',NULL,'2026-08-02 09:59:29'),
(192,8,14,'uploads/generated/hospital_8/13_POLICY___PROCEDURE_FOR_MANAGEMENT_OF_OBSTETRIC_PATIENTS_1785664890.docx','uploads/generated/hospital_8/13_POLICY___PROCEDURE_FOR_MANAGEMENT_OF_OBSTETRIC_PATIENTS_1785664890.pdf',NULL,'2026-08-02 10:01:33'),
(193,8,21,'uploads/generated/hospital_8/20_POLICY___PROCEDURE_ON_MEDICATION_MANAGEMENT_1785664917.docx','uploads/generated/hospital_8/20_POLICY___PROCEDURE_ON_MEDICATION_MANAGEMENT_1785664917.pdf',NULL,'2026-08-02 10:02:01'),
(194,8,33,'uploads/generated/hospital_8/32_DISCIPLINARY___GRIEVANCE_POLICY_1785664928.docx','uploads/generated/hospital_8/32_DISCIPLINARY___GRIEVANCE_POLICY_1785664928.pdf',NULL,'2026-08-02 10:02:10'),
(216,8,26,'uploads/generated/hospital_8/25_POLICY___PROCEDURE_ON_FEEDBACK_AND_COMPLAINTS_1785863340.docx','uploads/generated/hospital_8/25_POLICY___PROCEDURE_ON_FEEDBACK_AND_COMPLAINTS_1785863340.pdf',NULL,'2026-08-04 17:09:04'),
(197,8,25,'uploads/generated/hospital_8/24_POLICY___PROCEDURE_ON_EFFECTIVE_COMMUNICATION_1785664960.docx','uploads/generated/hospital_8/24_POLICY___PROCEDURE_ON_EFFECTIVE_COMMUNICATION_1785664960.pdf',NULL,'2026-08-02 10:02:43'),
(199,5,86,'uploads/generated/hospital_5/25_POLICY___PROCEDURE_FOR_NON-FIRE_EMERGENCY_MANAGEMENT_1785665566.docx','uploads/generated/hospital_5/25_POLICY___PROCEDURE_FOR_NON-FIRE_EMERGENCY_MANAGEMENT_1785665566.pdf',NULL,'2026-08-02 10:12:47'),
(200,10,39,'uploads/generated/hospital_10/39_CODE_OF_CONDUCT_FOR_STAFF_1785675653.docx','uploads/generated/hospital_10/39_CODE_OF_CONDUCT_FOR_STAFF_1785675653.pdf',NULL,'2026-08-02 13:00:55'),
(201,5,72,'uploads/generated/hospital_5/11_POLICY___PROCEDURE_ON_PAIN_MANAGEMENT_1785689816.docx','uploads/generated/hospital_5/11_POLICY___PROCEDURE_ON_PAIN_MANAGEMENT_1785689816.pdf',NULL,'2026-08-02 16:56:58'),
(203,5,61,'uploads/generated/hospital_5/1_POLICY___PROCEDURE_FOR_REGISTERING_AND_ADMITTING_OUT-PATIENTS__IN-PATIENTS_AND_URGENT_OPHTHALMIC_PATIENT_1785771643.docx','uploads/generated/hospital_5/1_POLICY___PROCEDURE_FOR_REGISTERING_AND_ADMITTING_OUT-PATIENTS__IN-PATIENTS_AND_URGENT_OPHTHALMIC_PATIENT_1785771643.pdf',NULL,'2026-08-03 15:40:44'),
(208,10,93,'uploads/generated/hospital_10/1_POLICY___PROCEDURE_FOR_REGISTERING_AND_ADMITTING_OUT-PATIENTS__IN-PATIENTS_AND_URGENT_OPHTHALMIC_PATIENT_1785834888.docx','uploads/generated/hospital_10/1_POLICY___PROCEDURE_FOR_REGISTERING_AND_ADMITTING_OUT-PATIENTS__IN-PATIENTS_AND_URGENT_OPHTHALMIC_PATIENT_1785834888.pdf',NULL,'2026-08-04 09:14:49'),
(209,10,94,'uploads/generated/hospital_10/1_POLICY___PROCEDURE_FOR_REGISTERING_AND_ADMITTING_OUT-PATIENTS__IN-PATIENTS_AND_URGENT_OPHTHALMIC_PATIENT_1785835199.docx','uploads/generated/hospital_10/1_POLICY___PROCEDURE_FOR_REGISTERING_AND_ADMITTING_OUT-PATIENTS__IN-PATIENTS_AND_URGENT_OPHTHALMIC_PATIENT_1785835199.pdf',NULL,'2026-08-04 09:20:00'),
(212,3,2,'uploads/generated/hospital_3/1_ADMISSION_AND_REGISTRATION_POLICY_1785853970.docx','uploads/generated/hospital_3/1_ADMISSION_AND_REGISTRATION_POLICY_1785853970.pdf',NULL,'2026-08-04 14:32:51'),
(213,3,42,'uploads/generated/hospital_3/11_ICU_MANUAL_1785854065.docx','uploads/generated/hospital_3/11_ICU_MANUAL_1785854065.pdf',NULL,'2026-08-04 14:34:28'),
(214,3,5,'uploads/generated/hospital_3/5_LABORATORY_SAFETY_MANUAL_1785854081.docx','uploads/generated/hospital_3/5_LABORATORY_SAFETY_MANUAL_1785854081.pdf',NULL,'2026-08-04 14:34:43'),
(215,3,6,'uploads/generated/hospital_3/6_IMAGING_SAFETY_MANUAL_1785854103.docx','uploads/generated/hospital_3/6_IMAGING_SAFETY_MANUAL_1785854103.pdf',NULL,'2026-08-04 14:35:05'),
(218,8,22,'uploads/generated/hospital_8/21_POLICY___PROCEDURE_ON_VERBAL_ORDERS_1785863500.docx','uploads/generated/hospital_8/21_POLICY___PROCEDURE_ON_VERBAL_ORDERS_1785863500.pdf',NULL,'2026-08-04 17:11:43'),
(219,8,94,'uploads/generated/hospital_8/1_POLICY___PROCEDURE_FOR_REGISTERING_AND_ADMITTING_OUT-PATIENTS__IN-PATIENTS_AND_URGENT_OPHTHALMIC_PATIENT_1785863536.docx','uploads/generated/hospital_8/1_POLICY___PROCEDURE_FOR_REGISTERING_AND_ADMITTING_OUT-PATIENTS__IN-PATIENTS_AND_URGENT_OPHTHALMIC_PATIENT_1785863536.pdf',NULL,'2026-08-04 17:12:19'),
(221,9,95,'uploads/generated/hospital_9/1_POLICY___PROCEDURE_FOR_REGISTERING_AND_ADMITTING_OUT-PATIENTS__IN-PATIENTS_AND_URGENT_OPHTHALMIC_PATIENT_1785931198.docx','uploads/generated/hospital_9/1_POLICY___PROCEDURE_FOR_REGISTERING_AND_ADMITTING_OUT-PATIENTS__IN-PATIENTS_AND_URGENT_OPHTHALMIC_PATIENT_1785931198.pdf',NULL,'2026-08-05 11:59:59'),
(223,9,96,'uploads/generated/hospital_9/1_POLICY___PROCEDURE_FOR_REGISTERING_AND_ADMITTING_OUT-PATIENTS__IN-PATIENTS_AND_URGENT_OPHTHALMIC_PATIENT_1785931505.docx','uploads/generated/hospital_9/1_POLICY___PROCEDURE_FOR_REGISTERING_AND_ADMITTING_OUT-PATIENTS__IN-PATIENTS_AND_URGENT_OPHTHALMIC_PATIENT_1785931505.pdf',NULL,'2026-08-05 12:05:07'),
(224,3,3,'uploads/generated/hospital_3/2_POLICY___PROCEDURE_FOR_TRANSFER__IN_AND_OUT__OR_REFERRAL_OF_PATIENTS_1785954985.docx','uploads/generated/hospital_3/2_POLICY___PROCEDURE_FOR_TRANSFER__IN_AND_OUT__OR_REFERRAL_OF_PATIENTS_1785954985.pdf',NULL,'2026-08-05 18:36:27'),
(225,3,4,'uploads/generated/hospital_3/4_POLICY_ON_SPECIMEN_MANAGEMENT_1785954999.docx','uploads/generated/hospital_3/4_POLICY_ON_SPECIMEN_MANAGEMENT_1785954999.pdf',NULL,'2026-08-05 18:36:40'),
(226,3,7,'uploads/generated/hospital_3/7_POLICY__DISCHARGE_PROCESS_1785955026.docx','uploads/generated/hospital_3/7_POLICY__DISCHARGE_PROCESS_1785955026.pdf',NULL,'2026-08-05 18:37:07'),
(227,3,8,'uploads/generated/hospital_3/8_NURSING_MANUAL_1785955036.docx','uploads/generated/hospital_3/8_NURSING_MANUAL_1785955036.pdf',NULL,'2026-08-05 18:37:19'),
(228,3,9,'uploads/generated/hospital_3/9_1_POLICY_ON_RATIONAL_USE_OF_BLOOD_AND_BLOOD_PRODUCTS_1785955048.docx','uploads/generated/hospital_3/9_1_POLICY_ON_RATIONAL_USE_OF_BLOOD_AND_BLOOD_PRODUCTS_1785955048.pdf',NULL,'2026-08-05 18:37:29'),
(230,3,10,'uploads/generated/hospital_3/9_2_POLICY_ON_TRANSFUSION_OF_BLOOD_AND_BLOOD_PRODUCTS_1785955081.docx','uploads/generated/hospital_3/9_2_POLICY_ON_TRANSFUSION_OF_BLOOD_AND_BLOOD_PRODUCTS_1785955081.pdf',NULL,'2026-08-05 18:38:03'),
(231,3,11,'uploads/generated/hospital_3/10_Policy___Procedure_for_emergency_1785955092.docx','uploads/generated/hospital_3/10_Policy___Procedure_for_emergency_1785955092.pdf',NULL,'2026-08-05 18:38:14'),
(232,3,12,'uploads/generated/hospital_3/11_ICU_MANUAL_1785955101.docx','uploads/generated/hospital_3/11_ICU_MANUAL_1785955101.pdf',NULL,'2026-08-05 18:38:23'),
(233,3,13,'uploads/generated/hospital_3/12_END_OF_LIFE_CARE_1785955126.docx','uploads/generated/hospital_3/12_END_OF_LIFE_CARE_1785955126.pdf',NULL,'2026-08-05 18:38:47'),
(234,3,14,'uploads/generated/hospital_3/13_POLICY___PROCEDURE_FOR_MANAGEMENT_OF_OBSTETRIC_PATIENTS_1785955137.docx','uploads/generated/hospital_3/13_POLICY___PROCEDURE_FOR_MANAGEMENT_OF_OBSTETRIC_PATIENTS_1785955137.pdf',NULL,'2026-08-05 18:38:59'),
(235,3,15,'uploads/generated/hospital_3/14_POLICY___PROCEDURE_FOR_PAEDIATRIC_SERVICES_1785955146.docx','uploads/generated/hospital_3/14_POLICY___PROCEDURE_FOR_PAEDIATRIC_SERVICES_1785955146.pdf',NULL,'2026-08-05 18:39:08'),
(236,3,16,'uploads/generated/hospital_3/15_POLICY___PROCEDURE_ON_PREVENTION_OF_CHILDNEONATAL_ABDUCTION_AND_ABUSE_1785955157.docx','uploads/generated/hospital_3/15_POLICY___PROCEDURE_ON_PREVENTION_OF_CHILDNEONATAL_ABDUCTION_AND_ABUSE_1785955157.pdf',NULL,'2026-08-05 18:39:18'),
(237,3,17,'uploads/generated/hospital_3/16_POLICY___PROCEDURE_FOR_PROCEDURAL_SEDATION_1785955230.docx','uploads/generated/hospital_3/16_POLICY___PROCEDURE_FOR_PROCEDURAL_SEDATION_1785955230.pdf',NULL,'2026-08-05 18:40:32'),
(238,3,18,'uploads/generated/hospital_3/17_POLICY_ON_ANESTHESIA_ADMINISTRATION_1785955240.docx','uploads/generated/hospital_3/17_POLICY_ON_ANESTHESIA_ADMINISTRATION_1785955240.pdf',NULL,'2026-08-05 18:40:42'),
(239,3,19,'uploads/generated/hospital_3/18_POLICY___PROCEDURE_FOR_SURGICAL_AND_NON-SURGICAL_PROCEDURES_1785955250.docx','uploads/generated/hospital_3/18_POLICY___PROCEDURE_FOR_SURGICAL_AND_NON-SURGICAL_PROCEDURES_1785955250.pdf',NULL,'2026-08-05 18:40:52'),
(240,3,20,'uploads/generated/hospital_3/19_POLICY___PROCEDURE_ON_CARE_OF_VULNERABLE_PATIENTS_1785955259.docx','uploads/generated/hospital_3/19_POLICY___PROCEDURE_ON_CARE_OF_VULNERABLE_PATIENTS_1785955259.pdf',NULL,'2026-08-05 18:41:01'),
(241,3,21,'uploads/generated/hospital_3/20_POLICY___PROCEDURE_ON_MEDICATION_MANAGEMENT_1785955270.docx','uploads/generated/hospital_3/20_POLICY___PROCEDURE_ON_MEDICATION_MANAGEMENT_1785955270.pdf',NULL,'2026-08-05 18:41:11'),
(242,3,22,'uploads/generated/hospital_3/21_POLICY___PROCEDURE_ON_VERBAL_ORDERS_1785955280.docx','uploads/generated/hospital_3/21_POLICY___PROCEDURE_ON_VERBAL_ORDERS_1785955280.pdf',NULL,'2026-08-05 18:41:21'),
(243,3,23,'uploads/generated/hospital_3/22_POLICY___PROCEDURE_FOR_THE_USE_OF_NARCOTIC_DRUGS_1785955290.docx','uploads/generated/hospital_3/22_POLICY___PROCEDURE_FOR_THE_USE_OF_NARCOTIC_DRUGS_1785955290.pdf',NULL,'2026-08-05 18:41:31'),
(244,3,24,'uploads/generated/hospital_3/23_POLICY_ON_IMPLANTABLE_PROSTHESES_MANAGEMENT_1785955301.docx','uploads/generated/hospital_3/23_POLICY_ON_IMPLANTABLE_PROSTHESES_MANAGEMENT_1785955301.pdf',NULL,'2026-08-05 18:41:43'),
(245,3,25,'uploads/generated/hospital_3/24_POLICY___PROCEDURE_ON_EFFECTIVE_COMMUNICATION_1785955311.docx','uploads/generated/hospital_3/24_POLICY___PROCEDURE_ON_EFFECTIVE_COMMUNICATION_1785955311.pdf',NULL,'2026-08-05 18:41:53'),
(246,3,26,'uploads/generated/hospital_3/25_POLICY___PROCEDURE_ON_FEEDBACK_AND_COMPLAINTS_1785955328.docx','uploads/generated/hospital_3/25_POLICY___PROCEDURE_ON_FEEDBACK_AND_COMPLAINTS_1785955328.pdf',NULL,'2026-08-05 18:42:10'),
(247,3,27,'uploads/generated/hospital_3/26_HOSPITAL_INFECTION_CONTROL_MANUAL_1785955338.docx','uploads/generated/hospital_3/26_HOSPITAL_INFECTION_CONTROL_MANUAL_1785955338.pdf',NULL,'2026-08-05 18:42:22'),
(248,3,28,'uploads/generated/hospital_3/27_POLICY___PROCEDURE_ON_CLEANING_PACKING_DISINFECTION_ANDOR_STERILISATION__STORAGE_AND_ISSUE_OF_ITEMS_1785955350.docx','uploads/generated/hospital_3/27_POLICY___PROCEDURE_ON_CLEANING_PACKING_DISINFECTION_ANDOR_STERILISATION__STORAGE_AND_ISSUE_OF_ITEMS_1785955350.pdf',NULL,'2026-08-05 18:42:32'),
(249,3,29,'uploads/generated/hospital_3/28_QUALITY_IMPROVEMENT___SAFETY_MANUAL_1785955360.docx','uploads/generated/hospital_3/28_QUALITY_IMPROVEMENT___SAFETY_MANUAL_1785955360.pdf',NULL,'2026-08-05 18:42:42'),
(250,3,30,'uploads/generated/hospital_3/29_POLICY___PROCEDURE_FOR_SORTING__STORAGE__HANDLING__TRANSPORTATION_AND_DISPOSAL_OF_HAZARDOUS_MATERIALS_1785955368.docx','uploads/generated/hospital_3/29_POLICY___PROCEDURE_FOR_SORTING__STORAGE__HANDLING__TRANSPORTATION_AND_DISPOSAL_OF_HAZARDOUS_MATERIALS_1785955368.pdf',NULL,'2026-08-05 18:42:50'),
(251,3,31,'uploads/generated/hospital_3/30_POLICY___PROCEDURE_FOR_PREVENTIVE_AND_BREAKDOWN_PLANS_FOR_EQUIPMENT_1785955381.docx','uploads/generated/hospital_3/30_POLICY___PROCEDURE_FOR_PREVENTIVE_AND_BREAKDOWN_PLANS_FOR_EQUIPMENT_1785955381.pdf',NULL,'2026-08-05 18:43:03'),
(252,3,32,'uploads/generated/hospital_3/31_POLICY___PROCEDURE_FOR_TRAINING_AND_DEVELOPMENT_OF_STAFF_1785955393.docx','uploads/generated/hospital_3/31_POLICY___PROCEDURE_FOR_TRAINING_AND_DEVELOPMENT_OF_STAFF_1785955393.pdf',NULL,'2026-08-05 18:43:14'),
(253,3,33,'uploads/generated/hospital_3/32_DISCIPLINARY___GRIEVANCE_POLICY_1785955403.docx','uploads/generated/hospital_3/32_DISCIPLINARY___GRIEVANCE_POLICY_1785955403.pdf',NULL,'2026-08-05 18:43:24'),
(254,3,34,'uploads/generated/hospital_3/33_POLICY___PROCEDURE_ON_SAFETY_AND_HEALTH_PROBLEMS_OF_THE_STAFF_1785955414.docx','uploads/generated/hospital_3/33_POLICY___PROCEDURE_ON_SAFETY_AND_HEALTH_PROBLEMS_OF_THE_STAFF_1785955414.pdf',NULL,'2026-08-05 18:43:36'),
(255,3,35,'uploads/generated/hospital_3/34_POLICY___PROCEDURE_FOR_CAPTURE_AND_DISSEMINATION_OF_INFORMATION_1785955430.docx','uploads/generated/hospital_3/34_POLICY___PROCEDURE_FOR_CAPTURE_AND_DISSEMINATION_OF_INFORMATION_1785955430.pdf',NULL,'2026-08-05 18:43:51'),
(256,3,36,'uploads/generated/hospital_3/36_POLICY___PROCEDURE_FOR_MAINTAINING_CONFIDENTIALITY_1785955441.docx','uploads/generated/hospital_3/36_POLICY___PROCEDURE_FOR_MAINTAINING_CONFIDENTIALITY_1785955441.pdf',NULL,'2026-08-05 18:44:02'),
(257,3,37,'uploads/generated/hospital_3/37_DOCUMENTED_PROCEDURES_EXIST_FOR_RETENTION_TIME_1785955453.docx','uploads/generated/hospital_3/37_DOCUMENTED_PROCEDURES_EXIST_FOR_RETENTION_TIME_1785955453.pdf',NULL,'2026-08-05 18:44:15'),
(258,3,38,'uploads/generated/hospital_3/38_POLICY___PROCEDURE_ON_PROTECTION_OF_PATIENTS_FROM_PHYSICAL_ABUSE___NEGLECT_1785955464.docx','uploads/generated/hospital_3/38_POLICY___PROCEDURE_ON_PROTECTION_OF_PATIENTS_FROM_PHYSICAL_ABUSE___NEGLECT_1785955464.pdf',NULL,'2026-08-05 18:44:25'),
(259,3,39,'uploads/generated/hospital_3/39_CODE_OF_CONDUCT_FOR_STAFF_1785955475.docx','uploads/generated/hospital_3/39_CODE_OF_CONDUCT_FOR_STAFF_1785955475.pdf',NULL,'2026-08-05 18:44:37'),
(260,3,40,'uploads/generated/hospital_3/40_POLICY___PROCEDURE_FOR_CLEANING_OF_INFECTED_AND_NON-INFECTED_PATIENT_ROOMS_1785955486.docx','uploads/generated/hospital_3/40_POLICY___PROCEDURE_FOR_CLEANING_OF_INFECTED_AND_NON-INFECTED_PATIENT_ROOMS_1785955486.pdf',NULL,'2026-08-05 18:44:47'),
(261,3,41,'uploads/generated/hospital_3/41_ANTIMICROBIAL_USAGE_POLICY__1__1785955496.docx','uploads/generated/hospital_3/41_ANTIMICROBIAL_USAGE_POLICY__1__1785955496.pdf',NULL,'2026-08-05 18:44:57'),
(441,10,96,'uploads/generated/hospital_10/1_POLICY___PROCEDURE_FOR_REGISTERING_AND_ADMITTING_OUT-PATIENTS__IN-PATIENTS_AND_URGENT_OPHTHALMIC_PATIENT_1786301066.docx','uploads/generated/hospital_10/1_POLICY___PROCEDURE_FOR_REGISTERING_AND_ADMITTING_OUT-PATIENTS__IN-PATIENTS_AND_URGENT_OPHTHALMIC_PATIENT_1786301066.pdf',NULL,'2026-08-09 18:44:28'),
(264,10,2,'uploads/generated/hospital_10/1_ADMISSION_AND_REGISTRATION_POLICY_1786037248.docx','uploads/generated/hospital_10/1_ADMISSION_AND_REGISTRATION_POLICY_1786037248.pdf',NULL,'2026-08-06 17:27:29'),
(323,10,97,'uploads/generated/hospital_10/2_POLICY___PROCEDURE_FOR_TRANSFER__IN_AND_OUT__OR_REFERRAL_OF_PATIENTS__3__1786102527.docx','uploads/generated/hospital_10/2_POLICY___PROCEDURE_FOR_TRANSFER__IN_AND_OUT__OR_REFERRAL_OF_PATIENTS__3__1786102527.pdf',NULL,'2026-08-07 11:35:28'),
(283,10,98,'uploads/generated/hospital_10/3_POLICY___PROCEDURE_FOR_IDENTIFYING_EARLY_WARNING_SIGNS_OF_CHANGE_OR_DETERIORATION_IN_CLINICAL_CONDITION_FOR_INITIATING_PROMPT_INTERVENTION__1__1786084633.docx','uploads/generated/hospital_10/3_POLICY___PROCEDURE_FOR_IDENTIFYING_EARLY_WARNING_SIGNS_OF_CHANGE_OR_DETERIORATION_IN_CLINICAL_CONDITION_FOR_INITIATING_PROMPT_INTERVENTION__1__1786084633.pdf',NULL,'2026-08-07 06:37:14'),
(268,10,99,'uploads/generated/hospital_10/4_POLICY_ON_SPECIMEN_MANAGEMENT__4__1786041433.docx','uploads/generated/hospital_10/4_POLICY_ON_SPECIMEN_MANAGEMENT__4__1786041433.pdf',NULL,'2026-08-06 18:37:14'),
(269,10,100,'uploads/generated/hospital_10/4_POLICY_ON_SPECIMEN_MANAGEMENT__4__1786041558.docx','uploads/generated/hospital_10/4_POLICY_ON_SPECIMEN_MANAGEMENT__4__1786041558.pdf',NULL,'2026-08-06 18:39:19'),
(284,10,101,'uploads/generated/hospital_10/4_POLICY_ON_SPECIMEN_MANAGEMENT__4__1786084773.docx','uploads/generated/hospital_10/4_POLICY_ON_SPECIMEN_MANAGEMENT__4__1786084773.pdf',NULL,'2026-08-07 06:39:34'),
(271,10,102,'uploads/generated/hospital_10/5_POLICY_ON_PATIENT_DISCHARGE_1786042247.docx','uploads/generated/hospital_10/5_POLICY_ON_PATIENT_DISCHARGE_1786042247.pdf',NULL,'2026-08-06 18:50:49'),
(272,10,104,'uploads/generated/hospital_10/6_NURSING_MANUAL_1786042935.docx','uploads/generated/hospital_10/6_NURSING_MANUAL_1786042935.pdf',NULL,'2026-08-06 19:02:16'),
(273,10,105,'uploads/generated/hospital_10/6_NURSING_MANUAL_1786043098.docx','uploads/generated/hospital_10/6_NURSING_MANUAL_1786043098.pdf',NULL,'2026-08-06 19:05:00'),
(287,10,106,'uploads/generated/hospital_10/6_NURSING_MANUAL_1786084852.docx','uploads/generated/hospital_10/6_NURSING_MANUAL_1786084852.pdf',NULL,'2026-08-07 06:40:54'),
(275,10,107,'uploads/generated/hospital_10/7_CHILD_ABDUCTION_1786043604.docx','uploads/generated/hospital_10/7_CHILD_ABDUCTION_1786043604.pdf',NULL,'2026-08-06 19:13:25'),
(290,10,109,'uploads/generated/hospital_10/8_POLICY_ON_ANESTHESIA_ADMINISTRATION_1786084894.docx','uploads/generated/hospital_10/8_POLICY_ON_ANESTHESIA_ADMINISTRATION_1786084894.pdf',NULL,'2026-08-07 06:41:35'),
(277,10,110,'uploads/generated/hospital_10/9_1_POLICY_ON_SURGICAL_SAFETY_AND_PREVENTION_OF_ADVERSE_EVENTS_LIKE_WRONG_SITE__WRONG_PATIENT_AND_WRONG_SURGERY_1786044757.docx','uploads/generated/hospital_10/9_1_POLICY_ON_SURGICAL_SAFETY_AND_PREVENTION_OF_ADVERSE_EVENTS_LIKE_WRONG_SITE__WRONG_PATIENT_AND_WRONG_SURGERY_1786044757.pdf',NULL,'2026-08-06 19:32:38'),
(278,10,111,'uploads/generated/hospital_10/9_1_POLICY_ON_SURGICAL_SAFETY_AND_PREVENTION_OF_ADVERSE_EVENTS_LIKE_WRONG_SITE__WRONG_PATIENT_AND_WRONG_SURGERY_1786044865.docx','uploads/generated/hospital_10/9_1_POLICY_ON_SURGICAL_SAFETY_AND_PREVENTION_OF_ADVERSE_EVENTS_LIKE_WRONG_SITE__WRONG_PATIENT_AND_WRONG_SURGERY_1786044865.pdf',NULL,'2026-08-06 19:34:26'),
(293,10,113,'uploads/generated/hospital_10/9_2_POLICY___PROCEDURE_FOR_NON-SURGICAL_PROCEDURES_1786084943.docx','uploads/generated/hospital_10/9_2_POLICY___PROCEDURE_FOR_NON-SURGICAL_PROCEDURES_1786084943.pdf',NULL,'2026-08-07 06:42:24'),
(294,10,114,'uploads/generated/hospital_10/10_POLICY___PROCEDURE_ON_CARE_OF_VULNERABLE_PATIENTS_1786084964.docx','uploads/generated/hospital_10/10_POLICY___PROCEDURE_ON_CARE_OF_VULNERABLE_PATIENTS_1786084964.pdf',NULL,'2026-08-07 06:42:46'),
(286,10,103,'uploads/generated/hospital_10/5_POLICY_ON_PATIENT_DISCHARGE_1786084825.docx','uploads/generated/hospital_10/5_POLICY_ON_PATIENT_DISCHARGE_1786084825.pdf',NULL,'2026-08-07 06:40:26'),
(289,10,108,'uploads/generated/hospital_10/7_CHILD_ABDUCTION_1786084872.docx','uploads/generated/hospital_10/7_CHILD_ABDUCTION_1786084872.pdf',NULL,'2026-08-07 06:41:13'),
(292,10,112,'uploads/generated/hospital_10/9_1_POLICY_ON_SURGICAL_SAFETY_AND_PREVENTION_OF_ADVERSE_EVENTS_LIKE_WRONG_SITE__WRONG_PATIENT_AND_WRONG_SURGERY_1786084917.docx','uploads/generated/hospital_10/9_1_POLICY_ON_SURGICAL_SAFETY_AND_PREVENTION_OF_ADVERSE_EVENTS_LIKE_WRONG_SITE__WRONG_PATIENT_AND_WRONG_SURGERY_1786084917.pdf',NULL,'2026-08-07 06:41:58'),
(308,3,96,'uploads/generated/hospital_3/1_POLICY___PROCEDURE_FOR_REGISTERING_AND_ADMITTING_OUT-PATIENTS__IN-PATIENTS_AND_URGENT_OPHTHALMIC_PATIENT_1786091787.docx','uploads/generated/hospital_3/1_POLICY___PROCEDURE_FOR_REGISTERING_AND_ADMITTING_OUT-PATIENTS__IN-PATIENTS_AND_URGENT_OPHTHALMIC_PATIENT_1786091787.pdf',NULL,'2026-08-07 08:36:28'),
(297,3,97,'uploads/generated/hospital_3/2_POLICY___PROCEDURE_FOR_TRANSFER__IN_AND_OUT__OR_REFERRAL_OF_PATIENTS__3__1786087660.docx','uploads/generated/hospital_3/2_POLICY___PROCEDURE_FOR_TRANSFER__IN_AND_OUT__OR_REFERRAL_OF_PATIENTS__3__1786087660.pdf',NULL,'2026-08-07 07:27:42'),
(298,3,101,'uploads/generated/hospital_3/4_POLICY_ON_SPECIMEN_MANAGEMENT__4__1786087676.docx','uploads/generated/hospital_3/4_POLICY_ON_SPECIMEN_MANAGEMENT__4__1786087676.pdf',NULL,'2026-08-07 07:27:58'),
(299,3,103,'uploads/generated/hospital_3/5_POLICY_ON_PATIENT_DISCHARGE_1786087695.docx','uploads/generated/hospital_3/5_POLICY_ON_PATIENT_DISCHARGE_1786087695.pdf',NULL,'2026-08-07 07:28:16'),
(309,3,106,'uploads/generated/hospital_3/6_NURSING_MANUAL_1786091869.docx','uploads/generated/hospital_3/6_NURSING_MANUAL_1786091869.pdf',NULL,'2026-08-07 08:37:51'),
(301,3,108,'uploads/generated/hospital_3/7_CHILD_ABDUCTION_1786088063.docx','uploads/generated/hospital_3/7_CHILD_ABDUCTION_1786088063.pdf',NULL,'2026-08-07 07:34:24'),
(302,3,109,'uploads/generated/hospital_3/8_POLICY_ON_ANESTHESIA_ADMINISTRATION_1786088127.docx','uploads/generated/hospital_3/8_POLICY_ON_ANESTHESIA_ADMINISTRATION_1786088127.pdf',NULL,'2026-08-07 07:35:29'),
(303,3,112,'uploads/generated/hospital_3/9_1_POLICY_ON_SURGICAL_SAFETY_AND_PREVENTION_OF_ADVERSE_EVENTS_LIKE_WRONG_SITE__WRONG_PATIENT_AND_WRONG_SURGERY_1786088138.docx','uploads/generated/hospital_3/9_1_POLICY_ON_SURGICAL_SAFETY_AND_PREVENTION_OF_ADVERSE_EVENTS_LIKE_WRONG_SITE__WRONG_PATIENT_AND_WRONG_SURGERY_1786088138.pdf',NULL,'2026-08-07 07:35:40'),
(304,3,113,'uploads/generated/hospital_3/9_2_POLICY___PROCEDURE_FOR_NON-SURGICAL_PROCEDURES_1786088157.docx','uploads/generated/hospital_3/9_2_POLICY___PROCEDURE_FOR_NON-SURGICAL_PROCEDURES_1786088157.pdf',NULL,'2026-08-07 07:35:58'),
(305,3,114,'uploads/generated/hospital_3/10_POLICY___PROCEDURE_ON_CARE_OF_VULNERABLE_PATIENTS_1786088173.docx','uploads/generated/hospital_3/10_POLICY___PROCEDURE_ON_CARE_OF_VULNERABLE_PATIENTS_1786088173.pdf',NULL,'2026-08-07 07:36:14'),
(306,3,98,'uploads/generated/hospital_3/3_POLICY___PROCEDURE_FOR_IDENTIFYING_EARLY_WARNING_SIGNS_OF_CHANGE_OR_DETERIORATION_IN_CLINICAL_CONDITION_FOR_INITIATING_PROMPT_INTERVENTION__1__1786088322.docx','uploads/generated/hospital_3/3_POLICY___PROCEDURE_FOR_IDENTIFYING_EARLY_WARNING_SIGNS_OF_CHANGE_OR_DETERIORATION_IN_CLINICAL_CONDITION_FOR_INITIATING_PROMPT_INTERVENTION__1__1786088322.pdf',NULL,'2026-08-07 07:38:44'),
(310,3,115,'uploads/generated/hospital_3/3_POLICY___PROCEDURE_FOR_IDENTIFYING_EARLY_WARNING_SIGNS_OF_CHANGE_OR_DETERIORATION_IN_CLINICAL_CONDITION_FOR_INITIATING_PROMPT_INTERVENTION__1__1786093103.docx','uploads/generated/hospital_3/3_POLICY___PROCEDURE_FOR_IDENTIFYING_EARLY_WARNING_SIGNS_OF_CHANGE_OR_DETERIORATION_IN_CLINICAL_CONDITION_FOR_INITIATING_PROMPT_INTERVENTION__1__1786093103.pdf',NULL,'2026-08-07 08:58:25'),
(311,3,116,'uploads/generated/hospital_3/3_POLICY___PROCEDURE_FOR_IDENTIFYING_EARLY_WARNING_SIGNS_OF_CHANGE_OR_DETERIORATION_IN_CLINICAL_CONDITION_FOR_INITIATING_PROMPT_INTERVENTION__1__1786094117.docx','uploads/generated/hospital_3/3_POLICY___PROCEDURE_FOR_IDENTIFYING_EARLY_WARNING_SIGNS_OF_CHANGE_OR_DETERIORATION_IN_CLINICAL_CONDITION_FOR_INITIATING_PROMPT_INTERVENTION__1__1786094117.pdf',NULL,'2026-08-07 09:15:18'),
(313,3,117,'uploads/generated/hospital_3/3_POLICY___PROCEDURE_FOR_IDENTIFYING_EARLY_WARNING_SIGNS_OF_CHANGE_OR_DETERIORATION_IN_CLINICAL_CONDITION_FOR_INITIATING_PROMPT_INTERVENTION__1__1786094326.docx','uploads/generated/hospital_3/3_POLICY___PROCEDURE_FOR_IDENTIFYING_EARLY_WARNING_SIGNS_OF_CHANGE_OR_DETERIORATION_IN_CLINICAL_CONDITION_FOR_INITIATING_PROMPT_INTERVENTION__1__1786094326.pdf',NULL,'2026-08-07 09:18:48'),
(314,3,118,'uploads/generated/hospital_3/3_POLICY___PROCEDURE_FOR_IDENTIFYING_EARLY_WARNING_SIGNS_OF_CHANGE_OR_DETERIORATION_IN_CLINICAL_CONDITION_FOR_INITIATING_PROMPT_INTERVENTION__1__1786094505.docx','uploads/generated/hospital_3/3_POLICY___PROCEDURE_FOR_IDENTIFYING_EARLY_WARNING_SIGNS_OF_CHANGE_OR_DETERIORATION_IN_CLINICAL_CONDITION_FOR_INITIATING_PROMPT_INTERVENTION__1__1786094505.pdf',NULL,'2026-08-07 09:21:47'),
(315,3,119,'uploads/generated/hospital_3/3_POLICY___PROCEDURE_FOR_IDENTIFYING_EARLY_WARNING_SIGNS_OF_CHANGE_OR_DETERIORATION_IN_CLINICAL_CONDITION_FOR_INITIATING_PROMPT_INTERVENTION__1__1786094733.docx','uploads/generated/hospital_3/3_POLICY___PROCEDURE_FOR_IDENTIFYING_EARLY_WARNING_SIGNS_OF_CHANGE_OR_DETERIORATION_IN_CLINICAL_CONDITION_FOR_INITIATING_PROMPT_INTERVENTION__1__1786094733.pdf',NULL,'2026-08-07 09:25:35'),
(316,3,120,'uploads/generated/hospital_3/3_POLICY___PROCEDURE_FOR_IDENTIFYING_EARLY_WARNING_SIGNS_OF_CHANGE_OR_DETERIORATION_IN_CLINICAL_CONDITION_FOR_INITIATING_PROMPT_INTERVENTION__1__1786094916.docx','uploads/generated/hospital_3/3_POLICY___PROCEDURE_FOR_IDENTIFYING_EARLY_WARNING_SIGNS_OF_CHANGE_OR_DETERIORATION_IN_CLINICAL_CONDITION_FOR_INITIATING_PROMPT_INTERVENTION__1__1786094916.pdf',NULL,'2026-08-07 09:28:37'),
(317,3,121,'uploads/generated/hospital_3/4_POLICY_ON_SPECIMEN_MANAGEMENT_1786095419.docx','uploads/generated/hospital_3/4_POLICY_ON_SPECIMEN_MANAGEMENT_1786095419.pdf',NULL,'2026-08-07 09:37:00'),
(318,10,122,'uploads/generated/hospital_10/4_POLICY_ON_SPECIMEN_MANAGEMENT_1786100753.docx','uploads/generated/hospital_10/4_POLICY_ON_SPECIMEN_MANAGEMENT_1786100753.pdf',NULL,'2026-08-07 11:05:55'),
(319,10,123,'uploads/generated/hospital_10/4_POLICY_ON_SPECIMEN_MANAGEMENT_1786101049.docx','uploads/generated/hospital_10/4_POLICY_ON_SPECIMEN_MANAGEMENT_1786101049.pdf',NULL,'2026-08-07 11:10:50'),
(326,10,124,'uploads/generated/hospital_10/4_POLICY_ON_SPECIMEN_MANAGEMENT_1786102577.docx','uploads/generated/hospital_10/4_POLICY_ON_SPECIMEN_MANAGEMENT_1786102577.pdf',NULL,'2026-08-07 11:36:18'),
(325,10,120,'uploads/generated/hospital_10/3_POLICY___PROCEDURE_FOR_IDENTIFYING_EARLY_WARNING_SIGNS_OF_CHANGE_OR_DETERIORATION_IN_CLINICAL_CONDITION_FOR_INITIATING_PROMPT_INTERVENTION__1__1786102555.docx','uploads/generated/hospital_10/3_POLICY___PROCEDURE_FOR_IDENTIFYING_EARLY_WARNING_SIGNS_OF_CHANGE_OR_DETERIORATION_IN_CLINICAL_CONDITION_FOR_INITIATING_PROMPT_INTERVENTION__1__1786102555.pdf',NULL,'2026-08-07 11:35:56'),
(327,10,125,'uploads/generated/hospital_10/5_POLICY_ON_PATIENT_DISCHARGE_1786102969.docx','uploads/generated/hospital_10/5_POLICY_ON_PATIENT_DISCHARGE_1786102969.pdf',NULL,'2026-08-07 11:42:50'),
(328,10,126,'uploads/generated/hospital_10/5_POLICY_ON_PATIENT_DISCHARGE_1786103127.docx','uploads/generated/hospital_10/5_POLICY_ON_PATIENT_DISCHARGE_1786103127.pdf',NULL,'2026-08-07 11:45:29'),
(329,10,127,'uploads/generated/hospital_10/5_POLICY_ON_PATIENT_DISCHARGE_1786103292.docx','uploads/generated/hospital_10/5_POLICY_ON_PATIENT_DISCHARGE_1786103292.pdf',NULL,'2026-08-07 11:48:13'),
(330,10,128,'uploads/generated/hospital_10/5_POLICY_ON_PATIENT_DISCHARGE_1786104083.docx','uploads/generated/hospital_10/5_POLICY_ON_PATIENT_DISCHARGE_1786104083.pdf',NULL,'2026-08-07 12:01:24'),
(331,10,129,'uploads/generated/hospital_10/5_POLICY_ON_PATIENT_DISCHARGE_1786104394.docx','uploads/generated/hospital_10/5_POLICY_ON_PATIENT_DISCHARGE_1786104394.pdf',NULL,'2026-08-07 12:06:35'),
(332,3,130,'uploads/generated/hospital_3/6_NURSING_MANUAL__1__1786107373.docx','uploads/generated/hospital_3/6_NURSING_MANUAL__1__1786107373.pdf',NULL,'2026-08-07 12:56:15'),
(333,3,131,'uploads/generated/hospital_3/6_NURSING_MANUAL__1__1786107559.docx','uploads/generated/hospital_3/6_NURSING_MANUAL__1__1786107559.pdf',NULL,'2026-08-07 12:59:21'),
(334,3,132,'uploads/generated/hospital_3/6_NURSING_MANUAL__1__1786107868.docx','uploads/generated/hospital_3/6_NURSING_MANUAL__1__1786107868.pdf',NULL,'2026-08-07 13:04:30'),
(335,3,133,'uploads/generated/hospital_3/6_NURSING_MANUAL__1__1786108095.docx','uploads/generated/hospital_3/6_NURSING_MANUAL__1__1786108095.pdf',NULL,'2026-08-07 13:08:17'),
(336,3,134,'uploads/generated/hospital_3/6_NURSING_MANUAL__1__1786108224.docx','uploads/generated/hospital_3/6_NURSING_MANUAL__1__1786108224.pdf',NULL,'2026-08-07 13:10:26'),
(337,3,135,'uploads/generated/hospital_3/6_NURSING_MANUAL__1__1786108382.docx','uploads/generated/hospital_3/6_NURSING_MANUAL__1__1786108382.pdf',NULL,'2026-08-07 13:13:04'),
(338,3,136,'uploads/generated/hospital_3/7_CHILD_ABDUCTION_1786110726.docx','uploads/generated/hospital_3/7_CHILD_ABDUCTION_1786110726.pdf',NULL,'2026-08-07 13:52:08'),
(340,3,137,'uploads/generated/hospital_3/7_CHILD_ABDUCTION_1786111069.docx','uploads/generated/hospital_3/7_CHILD_ABDUCTION_1786111069.pdf',NULL,'2026-08-07 13:57:51'),
(341,3,138,'uploads/generated/hospital_3/7_CHILD_ABDUCTION_1786111247.docx','uploads/generated/hospital_3/7_CHILD_ABDUCTION_1786111247.pdf',NULL,'2026-08-07 14:00:48'),
(342,3,139,'uploads/generated/hospital_3/7_CHILD_ABDUCTION_1786111408.docx','uploads/generated/hospital_3/7_CHILD_ABDUCTION_1786111408.pdf',NULL,'2026-08-07 14:03:30'),
(345,3,140,'uploads/generated/hospital_3/7_CHILD_ABDUCTION_1786111644.docx','uploads/generated/hospital_3/7_CHILD_ABDUCTION_1786111644.pdf',NULL,'2026-08-07 14:07:26'),
(347,3,141,'uploads/generated/hospital_3/7_CHILD_ABDUCTION_1786111918.docx','uploads/generated/hospital_3/7_CHILD_ABDUCTION_1786111918.pdf',NULL,'2026-08-07 14:12:00'),
(348,3,142,'uploads/generated/hospital_3/8_POLICY_ON_ANESTHESIA_ADMINISTRATION_1786113306.docx','uploads/generated/hospital_3/8_POLICY_ON_ANESTHESIA_ADMINISTRATION_1786113306.pdf',NULL,'2026-08-07 14:35:08'),
(350,3,143,'uploads/generated/hospital_3/8_POLICY_ON_ANESTHESIA_ADMINISTRATION_1786113552.docx','uploads/generated/hospital_3/8_POLICY_ON_ANESTHESIA_ADMINISTRATION_1786113552.pdf',NULL,'2026-08-07 14:39:14'),
(351,3,144,'uploads/generated/hospital_3/8_POLICY_ON_ANESTHESIA_ADMINISTRATION_1786113659.docx','uploads/generated/hospital_3/8_POLICY_ON_ANESTHESIA_ADMINISTRATION_1786113659.pdf',NULL,'2026-08-07 14:41:00'),
(353,3,145,'uploads/generated/hospital_3/9_1_POLICY_ON_SURGICAL_SAFETY_AND_PREVENTION_OF_ADVERSE_EVENTS_LIKE_WRONG_SITE__WRONG_PATIENT_AND_WRONG_SURGERY_1786114514.docx','uploads/generated/hospital_3/9_1_POLICY_ON_SURGICAL_SAFETY_AND_PREVENTION_OF_ADVERSE_EVENTS_LIKE_WRONG_SITE__WRONG_PATIENT_AND_WRONG_SURGERY_1786114514.pdf',NULL,'2026-08-07 14:55:15'),
(354,3,146,'uploads/generated/hospital_3/9_1_POLICY_ON_SURGICAL_SAFETY_AND_PREVENTION_OF_ADVERSE_EVENTS_LIKE_WRONG_SITE__WRONG_PATIENT_AND_WRONG_SURGERY_1786114709.docx','uploads/generated/hospital_3/9_1_POLICY_ON_SURGICAL_SAFETY_AND_PREVENTION_OF_ADVERSE_EVENTS_LIKE_WRONG_SITE__WRONG_PATIENT_AND_WRONG_SURGERY_1786114709.pdf',NULL,'2026-08-07 14:58:30'),
(355,3,147,'uploads/generated/hospital_3/9_2_POLICY___PROCEDURE_FOR_NON-SURGICAL_PROCEDURES_1786115137.docx','uploads/generated/hospital_3/9_2_POLICY___PROCEDURE_FOR_NON-SURGICAL_PROCEDURES_1786115137.pdf',NULL,'2026-08-07 15:05:38'),
(356,3,148,'uploads/generated/hospital_3/9_2_POLICY___PROCEDURE_FOR_NON-SURGICAL_PROCEDURES_1786115543.docx','uploads/generated/hospital_3/9_2_POLICY___PROCEDURE_FOR_NON-SURGICAL_PROCEDURES_1786115543.pdf',NULL,'2026-08-07 15:12:24'),
(357,3,149,'uploads/generated/hospital_3/10_POLICY___PROCEDURE_ON_CARE_OF_VULNERABLE_PATIENTS_1786116237.docx','uploads/generated/hospital_3/10_POLICY___PROCEDURE_ON_CARE_OF_VULNERABLE_PATIENTS_1786116237.pdf',NULL,'2026-08-07 15:23:59'),
(358,3,150,'uploads/generated/hospital_3/10_POLICY___PROCEDURE_ON_CARE_OF_VULNERABLE_PATIENTS_1786117056.docx','uploads/generated/hospital_3/10_POLICY___PROCEDURE_ON_CARE_OF_VULNERABLE_PATIENTS_1786117056.pdf',NULL,'2026-08-07 15:37:37'),
(360,3,151,'uploads/generated/hospital_3/10_POLICY___PROCEDURE_ON_CARE_OF_VULNERABLE_PATIENTS_1786117317.docx','uploads/generated/hospital_3/10_POLICY___PROCEDURE_ON_CARE_OF_VULNERABLE_PATIENTS_1786117317.pdf',NULL,'2026-08-07 15:41:59'),
(361,3,152,'uploads/generated/hospital_3/10_POLICY___PROCEDURE_ON_CARE_OF_VULNERABLE_PATIENTS_1786117449.docx','uploads/generated/hospital_3/10_POLICY___PROCEDURE_ON_CARE_OF_VULNERABLE_PATIENTS_1786117449.pdf',NULL,'2026-08-07 15:44:11'),
(362,3,153,'uploads/generated/hospital_3/10_POLICY___PROCEDURE_ON_CARE_OF_VULNERABLE_PATIENTS_1786117665.docx','uploads/generated/hospital_3/10_POLICY___PROCEDURE_ON_CARE_OF_VULNERABLE_PATIENTS_1786117665.pdf',NULL,'2026-08-07 15:47:46'),
(363,3,154,'uploads/generated/hospital_3/10_POLICY___PROCEDURE_ON_CARE_OF_VULNERABLE_PATIENTS_1786117817.docx','uploads/generated/hospital_3/10_POLICY___PROCEDURE_ON_CARE_OF_VULNERABLE_PATIENTS_1786117817.pdf',NULL,'2026-08-07 15:50:19'),
(365,10,156,'uploads/generated/hospital_10/7_CHILD_ABDUCTION_1786167896.docx','uploads/generated/hospital_10/7_CHILD_ABDUCTION_1786167896.pdf',NULL,'2026-08-08 05:44:57'),
(367,10,157,'uploads/generated/hospital_10/7_CHILD_ABDUCTION_1786190964.docx','uploads/generated/hospital_10/7_CHILD_ABDUCTION_1786190964.pdf',NULL,'2026-08-08 12:09:26'),
(369,10,158,'uploads/generated/hospital_10/7_CHILD_ABDUCTION_1786192037.docx','uploads/generated/hospital_10/7_CHILD_ABDUCTION_1786192037.pdf',NULL,'2026-08-08 12:27:18'),
(370,10,159,'uploads/generated/hospital_10/7_CHILD_ABDUCTION_1786192826.docx','uploads/generated/hospital_10/7_CHILD_ABDUCTION_1786192826.pdf',NULL,'2026-08-08 12:40:27'),
(372,10,160,'uploads/generated/hospital_10/8_POLICY_ON_ANESTHESIA_ADMINISTRATION_1786192953.docx','uploads/generated/hospital_10/8_POLICY_ON_ANESTHESIA_ADMINISTRATION_1786192953.pdf',NULL,'2026-08-08 12:42:34'),
(373,10,161,'uploads/generated/hospital_10/9_1_POLICY_ON_SURGICAL_SAFETY_AND_PREVENTION_OF_ADVERSE_EVENTS_LIKE_WRONG_SITE__WRONG_PATIENT_AND_WRONG_SURGERY_1786193135.docx','uploads/generated/hospital_10/9_1_POLICY_ON_SURGICAL_SAFETY_AND_PREVENTION_OF_ADVERSE_EVENTS_LIKE_WRONG_SITE__WRONG_PATIENT_AND_WRONG_SURGERY_1786193135.pdf',NULL,'2026-08-08 12:45:36'),
(374,10,162,'uploads/generated/hospital_10/9_1_POLICY_ON_SURGICAL_SAFETY_AND_PREVENTION_OF_ADVERSE_EVENTS_LIKE_WRONG_SITE__WRONG_PATIENT_AND_WRONG_SURGERY_1786193644.docx','uploads/generated/hospital_10/9_1_POLICY_ON_SURGICAL_SAFETY_AND_PREVENTION_OF_ADVERSE_EVENTS_LIKE_WRONG_SITE__WRONG_PATIENT_AND_WRONG_SURGERY_1786193644.pdf',NULL,'2026-08-08 12:54:05'),
(375,2,162,'uploads/generated/hospital_2/9_1_POLICY_ON_SURGICAL_SAFETY_AND_PREVENTION_OF_ADVERSE_EVENTS_LIKE_WRONG_SITE__WRONG_PATIENT_AND_WRONG_SURGERY_1786195796.docx','uploads/generated/hospital_2/9_1_POLICY_ON_SURGICAL_SAFETY_AND_PREVENTION_OF_ADVERSE_EVENTS_LIKE_WRONG_SITE__WRONG_PATIENT_AND_WRONG_SURGERY_1786195796.pdf',NULL,'2026-08-08 13:29:59'),
(376,1,162,'uploads/generated/hospital_1/9_1_POLICY_ON_SURGICAL_SAFETY_AND_PREVENTION_OF_ADVERSE_EVENTS_LIKE_WRONG_SITE__WRONG_PATIENT_AND_WRONG_SURGERY_1786196299.docx','uploads/generated/hospital_1/9_1_POLICY_ON_SURGICAL_SAFETY_AND_PREVENTION_OF_ADVERSE_EVENTS_LIKE_WRONG_SITE__WRONG_PATIENT_AND_WRONG_SURGERY_1786196299.pdf',NULL,'2026-08-08 13:38:31'),
(377,1,163,'uploads/generated/hospital_1/9_1_POLICY_ON_SURGICAL_SAFETY_AND_PREVENTION_OF_ADVERSE_EVENTS_LIKE_WRONG_SITE__WRONG_PATIENT_AND_WRONG_SURGERY_1786197395.docx','uploads/generated/hospital_1/9_1_POLICY_ON_SURGICAL_SAFETY_AND_PREVENTION_OF_ADVERSE_EVENTS_LIKE_WRONG_SITE__WRONG_PATIENT_AND_WRONG_SURGERY_1786197395.pdf',NULL,'2026-08-08 13:56:47'),
(379,10,163,'uploads/generated/hospital_10/9_1_POLICY_ON_SURGICAL_SAFETY_AND_PREVENTION_OF_ADVERSE_EVENTS_LIKE_WRONG_SITE__WRONG_PATIENT_AND_WRONG_SURGERY_1786197512.docx','uploads/generated/hospital_10/9_1_POLICY_ON_SURGICAL_SAFETY_AND_PREVENTION_OF_ADVERSE_EVENTS_LIKE_WRONG_SITE__WRONG_PATIENT_AND_WRONG_SURGERY_1786197512.pdf',NULL,'2026-08-08 13:58:33'),
(381,10,164,'uploads/generated/hospital_10/9_1_POLICY_ON_SURGICAL_SAFETY_AND_PREVENTION_OF_ADVERSE_EVENTS_LIKE_WRONG_SITE__WRONG_PATIENT_AND_WRONG_SURGERY_1786197886.docx','uploads/generated/hospital_10/9_1_POLICY_ON_SURGICAL_SAFETY_AND_PREVENTION_OF_ADVERSE_EVENTS_LIKE_WRONG_SITE__WRONG_PATIENT_AND_WRONG_SURGERY_1786197886.pdf',NULL,'2026-08-08 14:04:47'),
(382,10,165,'uploads/generated/hospital_10/9_2_POLICY___PROCEDURE_FOR_NON-SURGICAL_PROCEDURES_1786198132.docx','uploads/generated/hospital_10/9_2_POLICY___PROCEDURE_FOR_NON-SURGICAL_PROCEDURES_1786198132.pdf',NULL,'2026-08-08 14:08:53'),
(383,10,166,'uploads/generated/hospital_10/10_POLICY___PROCEDURE_ON_CARE_OF_VULNERABLE_PATIENTS_1786198899.docx','uploads/generated/hospital_10/10_POLICY___PROCEDURE_ON_CARE_OF_VULNERABLE_PATIENTS_1786198899.pdf',NULL,'2026-08-08 14:21:41'),
(384,10,167,'uploads/generated/hospital_10/10_POLICY___PROCEDURE_ON_CARE_OF_VULNERABLE_PATIENTS_1786199362.docx','uploads/generated/hospital_10/10_POLICY___PROCEDURE_ON_CARE_OF_VULNERABLE_PATIENTS_1786199362.pdf',NULL,'2026-08-08 14:29:23'),
(385,10,168,'uploads/generated/hospital_10/11_POLICY___PROCEDURE_ON_PAIN_MANAGEMENT_1786200224.docx','uploads/generated/hospital_10/11_POLICY___PROCEDURE_ON_PAIN_MANAGEMENT_1786200224.pdf',NULL,'2026-08-08 14:43:45'),
(386,10,169,'uploads/generated/hospital_10/11_POLICY___PROCEDURE_ON_PAIN_MANAGEMENT_1786200489.docx','uploads/generated/hospital_10/11_POLICY___PROCEDURE_ON_PAIN_MANAGEMENT_1786200489.pdf',NULL,'2026-08-08 14:48:11'),
(387,10,170,'uploads/generated/hospital_10/12_POLICY___PROCEDURE_ON_MEDICATION_MANAGEMENT_1786201130.docx','uploads/generated/hospital_10/12_POLICY___PROCEDURE_ON_MEDICATION_MANAGEMENT_1786201130.pdf',NULL,'2026-08-08 14:58:51'),
(388,10,171,'uploads/generated/hospital_10/12_POLICY___PROCEDURE_ON_MEDICATION_MANAGEMENT_1786201348.docx','uploads/generated/hospital_10/12_POLICY___PROCEDURE_ON_MEDICATION_MANAGEMENT_1786201348.pdf',NULL,'2026-08-08 15:02:29'),
(389,10,172,'uploads/generated/hospital_10/13_POLICY___PROCEDURE_ON_VERBAL_ORDERS_1786201794.docx','uploads/generated/hospital_10/13_POLICY___PROCEDURE_ON_VERBAL_ORDERS_1786201794.pdf',NULL,'2026-08-08 15:09:55'),
(390,10,173,'uploads/generated/hospital_10/13_POLICY___PROCEDURE_ON_VERBAL_ORDERS_1786202029.docx','uploads/generated/hospital_10/13_POLICY___PROCEDURE_ON_VERBAL_ORDERS_1786202029.pdf',NULL,'2026-08-08 15:13:50'),
(391,10,174,'uploads/generated/hospital_10/14_POLICY___PROCEDURE_FOR_PROCUREMENT_AND_USAGE_OF_IMPLANTABLE_PROSTHESIS_1786202533.docx','uploads/generated/hospital_10/14_POLICY___PROCEDURE_FOR_PROCUREMENT_AND_USAGE_OF_IMPLANTABLE_PROSTHESIS_1786202533.pdf',NULL,'2026-08-08 15:22:14'),
(392,10,175,'uploads/generated/hospital_10/14_POLICY___PROCEDURE_FOR_PROCUREMENT_AND_USAGE_OF_IMPLANTABLE_PROSTHESIS_1786203366.docx','uploads/generated/hospital_10/14_POLICY___PROCEDURE_FOR_PROCUREMENT_AND_USAGE_OF_IMPLANTABLE_PROSTHESIS_1786203366.pdf',NULL,'2026-08-08 15:36:07'),
(393,10,176,'uploads/generated/hospital_10/15_POLICY___PROCEDURE_ON_EFFECTIVE_COMMUNICATION_1786211778.docx','uploads/generated/hospital_10/15_POLICY___PROCEDURE_ON_EFFECTIVE_COMMUNICATION_1786211778.pdf',NULL,'2026-08-08 17:56:19'),
(394,10,177,'uploads/generated/hospital_10/15_POLICY___PROCEDURE_ON_EFFECTIVE_COMMUNICATION_1786212020.docx','uploads/generated/hospital_10/15_POLICY___PROCEDURE_ON_EFFECTIVE_COMMUNICATION_1786212020.pdf',NULL,'2026-08-08 18:00:21'),
(395,10,178,'uploads/generated/hospital_10/16_POLICY___PROCEDURE_ON_FEEDBACK_AND_COMPLAINTS_1786212642.docx','uploads/generated/hospital_10/16_POLICY___PROCEDURE_ON_FEEDBACK_AND_COMPLAINTS_1786212642.pdf',NULL,'2026-08-08 18:10:43'),
(398,10,179,'uploads/generated/hospital_10/16_POLICY___PROCEDURE_ON_FEEDBACK_AND_COMPLAINTS_1786220653.docx','uploads/generated/hospital_10/16_POLICY___PROCEDURE_ON_FEEDBACK_AND_COMPLAINTS_1786220653.pdf',NULL,'2026-08-08 20:24:14'),
(399,10,180,'uploads/generated/hospital_10/MEDICAL_IPD_FILE_2026_1786220682.docx','uploads/generated/hospital_10/MEDICAL_IPD_FILE_2026_1786220682.pdf',NULL,'2026-08-08 20:24:46'),
(400,10,155,'uploads/generated/hospital_10/6_NURSING_MANUAL__1__1786221144.docx','uploads/generated/hospital_10/6_NURSING_MANUAL__1__1786221144.pdf',NULL,'2026-08-08 20:32:26'),
(402,10,3,'uploads/generated/hospital_10/2_POLICY___PROCEDURE_FOR_TRANSFER__IN_AND_OUT__OR_REFERRAL_OF_PATIENTS_1786299708.docx','uploads/generated/hospital_10/2_POLICY___PROCEDURE_FOR_TRANSFER__IN_AND_OUT__OR_REFERRAL_OF_PATIENTS_1786299708.pdf',NULL,'2026-08-09 18:21:49'),
(403,10,4,'uploads/generated/hospital_10/4_POLICY_ON_SPECIMEN_MANAGEMENT_1786299710.docx','uploads/generated/hospital_10/4_POLICY_ON_SPECIMEN_MANAGEMENT_1786299710.pdf',NULL,'2026-08-09 18:21:51'),
(404,10,5,'uploads/generated/hospital_10/5_LABORATORY_SAFETY_MANUAL_1786299711.docx','uploads/generated/hospital_10/5_LABORATORY_SAFETY_MANUAL_1786299711.pdf',NULL,'2026-08-09 18:21:52'),
(405,10,6,'uploads/generated/hospital_10/6_IMAGING_SAFETY_MANUAL_1786299712.docx','uploads/generated/hospital_10/6_IMAGING_SAFETY_MANUAL_1786299712.pdf',NULL,'2026-08-09 18:21:54'),
(406,10,7,'uploads/generated/hospital_10/7_POLICY__DISCHARGE_PROCESS_1786299714.docx','uploads/generated/hospital_10/7_POLICY__DISCHARGE_PROCESS_1786299714.pdf',NULL,'2026-08-09 18:21:55'),
(407,10,8,'uploads/generated/hospital_10/8_NURSING_MANUAL_1786299715.docx','uploads/generated/hospital_10/8_NURSING_MANUAL_1786299715.pdf',NULL,'2026-08-09 18:21:58'),
(408,10,9,'uploads/generated/hospital_10/9_1_POLICY_ON_RATIONAL_USE_OF_BLOOD_AND_BLOOD_PRODUCTS_1786299718.docx','uploads/generated/hospital_10/9_1_POLICY_ON_RATIONAL_USE_OF_BLOOD_AND_BLOOD_PRODUCTS_1786299718.pdf',NULL,'2026-08-09 18:21:59'),
(409,10,10,'uploads/generated/hospital_10/9_2_POLICY_ON_TRANSFUSION_OF_BLOOD_AND_BLOOD_PRODUCTS_1786299719.docx','uploads/generated/hospital_10/9_2_POLICY_ON_TRANSFUSION_OF_BLOOD_AND_BLOOD_PRODUCTS_1786299719.pdf',NULL,'2026-08-09 18:22:00'),
(410,10,11,'uploads/generated/hospital_10/10_Policy___Procedure_for_emergency_1786299721.docx','uploads/generated/hospital_10/10_Policy___Procedure_for_emergency_1786299721.pdf',NULL,'2026-08-09 18:22:02'),
(411,10,12,'uploads/generated/hospital_10/11_ICU_MANUAL_1786299722.docx','uploads/generated/hospital_10/11_ICU_MANUAL_1786299722.pdf',NULL,'2026-08-09 18:22:05'),
(412,10,13,'uploads/generated/hospital_10/12_END_OF_LIFE_CARE_1786299725.docx','uploads/generated/hospital_10/12_END_OF_LIFE_CARE_1786299725.pdf',NULL,'2026-08-09 18:22:06'),
(413,10,14,'uploads/generated/hospital_10/13_POLICY___PROCEDURE_FOR_MANAGEMENT_OF_OBSTETRIC_PATIENTS_1786299726.docx','uploads/generated/hospital_10/13_POLICY___PROCEDURE_FOR_MANAGEMENT_OF_OBSTETRIC_PATIENTS_1786299726.pdf',NULL,'2026-08-09 18:22:08'),
(414,10,15,'uploads/generated/hospital_10/14_POLICY___PROCEDURE_FOR_PAEDIATRIC_SERVICES_1786299728.docx','uploads/generated/hospital_10/14_POLICY___PROCEDURE_FOR_PAEDIATRIC_SERVICES_1786299728.pdf',NULL,'2026-08-09 18:22:09'),
(415,10,16,'uploads/generated/hospital_10/15_POLICY___PROCEDURE_ON_PREVENTION_OF_CHILDNEONATAL_ABDUCTION_AND_ABUSE_1786299730.docx','uploads/generated/hospital_10/15_POLICY___PROCEDURE_ON_PREVENTION_OF_CHILDNEONATAL_ABDUCTION_AND_ABUSE_1786299730.pdf',NULL,'2026-08-09 18:22:11'),
(416,10,17,'uploads/generated/hospital_10/16_POLICY___PROCEDURE_FOR_PROCEDURAL_SEDATION_1786299731.docx','uploads/generated/hospital_10/16_POLICY___PROCEDURE_FOR_PROCEDURAL_SEDATION_1786299731.pdf',NULL,'2026-08-09 18:22:13'),
(417,10,18,'uploads/generated/hospital_10/17_POLICY_ON_ANESTHESIA_ADMINISTRATION_1786299733.docx','uploads/generated/hospital_10/17_POLICY_ON_ANESTHESIA_ADMINISTRATION_1786299733.pdf',NULL,'2026-08-09 18:22:14'),
(418,10,19,'uploads/generated/hospital_10/18_POLICY___PROCEDURE_FOR_SURGICAL_AND_NON-SURGICAL_PROCEDURES_1786299734.docx','uploads/generated/hospital_10/18_POLICY___PROCEDURE_FOR_SURGICAL_AND_NON-SURGICAL_PROCEDURES_1786299734.pdf',NULL,'2026-08-09 18:22:16'),
(419,10,20,'uploads/generated/hospital_10/19_POLICY___PROCEDURE_ON_CARE_OF_VULNERABLE_PATIENTS_1786299736.docx','uploads/generated/hospital_10/19_POLICY___PROCEDURE_ON_CARE_OF_VULNERABLE_PATIENTS_1786299736.pdf',NULL,'2026-08-09 18:22:18'),
(420,10,21,'uploads/generated/hospital_10/20_POLICY___PROCEDURE_ON_MEDICATION_MANAGEMENT_1786299738.docx','uploads/generated/hospital_10/20_POLICY___PROCEDURE_ON_MEDICATION_MANAGEMENT_1786299738.pdf',NULL,'2026-08-09 18:22:20'),
(421,10,22,'uploads/generated/hospital_10/21_POLICY___PROCEDURE_ON_VERBAL_ORDERS_1786299740.docx','uploads/generated/hospital_10/21_POLICY___PROCEDURE_ON_VERBAL_ORDERS_1786299740.pdf',NULL,'2026-08-09 18:22:21'),
(422,10,23,'uploads/generated/hospital_10/22_POLICY___PROCEDURE_FOR_THE_USE_OF_NARCOTIC_DRUGS_1786299741.docx','uploads/generated/hospital_10/22_POLICY___PROCEDURE_FOR_THE_USE_OF_NARCOTIC_DRUGS_1786299741.pdf',NULL,'2026-08-09 18:22:23'),
(423,10,24,'uploads/generated/hospital_10/23_POLICY_ON_IMPLANTABLE_PROSTHESES_MANAGEMENT_1786299743.docx','uploads/generated/hospital_10/23_POLICY_ON_IMPLANTABLE_PROSTHESES_MANAGEMENT_1786299743.pdf',NULL,'2026-08-09 18:22:24'),
(424,10,25,'uploads/generated/hospital_10/24_POLICY___PROCEDURE_ON_EFFECTIVE_COMMUNICATION_1786299744.docx','uploads/generated/hospital_10/24_POLICY___PROCEDURE_ON_EFFECTIVE_COMMUNICATION_1786299744.pdf',NULL,'2026-08-09 18:22:26'),
(425,10,26,'uploads/generated/hospital_10/25_POLICY___PROCEDURE_ON_FEEDBACK_AND_COMPLAINTS_1786299746.docx','uploads/generated/hospital_10/25_POLICY___PROCEDURE_ON_FEEDBACK_AND_COMPLAINTS_1786299746.pdf',NULL,'2026-08-09 18:22:27'),
(426,10,27,'uploads/generated/hospital_10/26_HOSPITAL_INFECTION_CONTROL_MANUAL_1786299747.docx','uploads/generated/hospital_10/26_HOSPITAL_INFECTION_CONTROL_MANUAL_1786299747.pdf',NULL,'2026-08-09 18:22:30'),
(427,10,28,'uploads/generated/hospital_10/27_POLICY___PROCEDURE_ON_CLEANING_PACKING_DISINFECTION_ANDOR_STERILISATION__STORAGE_AND_ISSUE_OF_ITEMS_1786299750.docx','uploads/generated/hospital_10/27_POLICY___PROCEDURE_ON_CLEANING_PACKING_DISINFECTION_ANDOR_STERILISATION__STORAGE_AND_ISSUE_OF_ITEMS_1786299750.pdf',NULL,'2026-08-09 18:22:32'),
(428,10,29,'uploads/generated/hospital_10/28_QUALITY_IMPROVEMENT___SAFETY_MANUAL_1786299752.docx','uploads/generated/hospital_10/28_QUALITY_IMPROVEMENT___SAFETY_MANUAL_1786299752.pdf',NULL,'2026-08-09 18:22:34'),
(429,10,30,'uploads/generated/hospital_10/29_POLICY___PROCEDURE_FOR_SORTING__STORAGE__HANDLING__TRANSPORTATION_AND_DISPOSAL_OF_HAZARDOUS_MATERIALS_1786299754.docx','uploads/generated/hospital_10/29_POLICY___PROCEDURE_FOR_SORTING__STORAGE__HANDLING__TRANSPORTATION_AND_DISPOSAL_OF_HAZARDOUS_MATERIALS_1786299754.pdf',NULL,'2026-08-09 18:22:35'),
(430,10,31,'uploads/generated/hospital_10/30_POLICY___PROCEDURE_FOR_PREVENTIVE_AND_BREAKDOWN_PLANS_FOR_EQUIPMENT_1786299756.docx','uploads/generated/hospital_10/30_POLICY___PROCEDURE_FOR_PREVENTIVE_AND_BREAKDOWN_PLANS_FOR_EQUIPMENT_1786299756.pdf',NULL,'2026-08-09 18:22:37'),
(431,10,32,'uploads/generated/hospital_10/31_POLICY___PROCEDURE_FOR_TRAINING_AND_DEVELOPMENT_OF_STAFF_1786299757.docx','uploads/generated/hospital_10/31_POLICY___PROCEDURE_FOR_TRAINING_AND_DEVELOPMENT_OF_STAFF_1786299757.pdf',NULL,'2026-08-09 18:22:39'),
(432,10,33,'uploads/generated/hospital_10/32_DISCIPLINARY___GRIEVANCE_POLICY_1786299759.docx','uploads/generated/hospital_10/32_DISCIPLINARY___GRIEVANCE_POLICY_1786299759.pdf',NULL,'2026-08-09 18:22:40'),
(433,10,34,'uploads/generated/hospital_10/33_POLICY___PROCEDURE_ON_SAFETY_AND_HEALTH_PROBLEMS_OF_THE_STAFF_1786299760.docx','uploads/generated/hospital_10/33_POLICY___PROCEDURE_ON_SAFETY_AND_HEALTH_PROBLEMS_OF_THE_STAFF_1786299760.pdf',NULL,'2026-08-09 18:22:42'),
(434,10,35,'uploads/generated/hospital_10/34_POLICY___PROCEDURE_FOR_CAPTURE_AND_DISSEMINATION_OF_INFORMATION_1786299762.docx','uploads/generated/hospital_10/34_POLICY___PROCEDURE_FOR_CAPTURE_AND_DISSEMINATION_OF_INFORMATION_1786299762.pdf',NULL,'2026-08-09 18:22:43'),
(435,10,36,'uploads/generated/hospital_10/36_POLICY___PROCEDURE_FOR_MAINTAINING_CONFIDENTIALITY_1786299764.docx','uploads/generated/hospital_10/36_POLICY___PROCEDURE_FOR_MAINTAINING_CONFIDENTIALITY_1786299764.pdf',NULL,'2026-08-09 18:22:45'),
(436,10,37,'uploads/generated/hospital_10/37_DOCUMENTED_PROCEDURES_EXIST_FOR_RETENTION_TIME_1786299765.docx','uploads/generated/hospital_10/37_DOCUMENTED_PROCEDURES_EXIST_FOR_RETENTION_TIME_1786299765.pdf',NULL,'2026-08-09 18:22:47'),
(437,10,38,'uploads/generated/hospital_10/38_POLICY___PROCEDURE_ON_PROTECTION_OF_PATIENTS_FROM_PHYSICAL_ABUSE___NEGLECT_1786299767.docx','uploads/generated/hospital_10/38_POLICY___PROCEDURE_ON_PROTECTION_OF_PATIENTS_FROM_PHYSICAL_ABUSE___NEGLECT_1786299767.pdf',NULL,'2026-08-09 18:22:48'),
(438,10,40,'uploads/generated/hospital_10/40_POLICY___PROCEDURE_FOR_CLEANING_OF_INFECTED_AND_NON-INFECTED_PATIENT_ROOMS_1786299768.docx','uploads/generated/hospital_10/40_POLICY___PROCEDURE_FOR_CLEANING_OF_INFECTED_AND_NON-INFECTED_PATIENT_ROOMS_1786299768.pdf',NULL,'2026-08-09 18:22:50'),
(439,10,41,'uploads/generated/hospital_10/41_ANTIMICROBIAL_USAGE_POLICY__1__1786299770.docx','uploads/generated/hospital_10/41_ANTIMICROBIAL_USAGE_POLICY__1__1786299770.pdf',NULL,'2026-08-09 18:22:51'),
(440,10,42,'uploads/generated/hospital_10/11_ICU_MANUAL_1786299771.docx','uploads/generated/hospital_10/11_ICU_MANUAL_1786299771.pdf',NULL,'2026-08-09 18:22:53'),
(442,10,184,'uploads/generated/hospital_10/17_HOSPITAL_INFECTION_CONTROL_MANUAL_1786302724.docx','uploads/generated/hospital_10/17_HOSPITAL_INFECTION_CONTROL_MANUAL_1786302724.pdf',NULL,'2026-08-09 19:12:06'),
(443,10,185,'uploads/generated/hospital_10/17_HOSPITAL_INFECTION_CONTROL_MANUAL_1786302969.docx','uploads/generated/hospital_10/17_HOSPITAL_INFECTION_CONTROL_MANUAL_1786302969.pdf',NULL,'2026-08-09 19:16:12'),
(444,10,186,'uploads/generated/hospital_10/17_HOSPITAL_INFECTION_CONTROL_MANUAL_1786303112.docx','uploads/generated/hospital_10/17_HOSPITAL_INFECTION_CONTROL_MANUAL_1786303112.pdf',NULL,'2026-08-09 19:18:34'),
(445,10,187,'uploads/generated/hospital_10/18_POLICY___PROCEDURE_ON_CLEANING__PACKING__DISINFECTION__STERILISATION__STORAGE_AND_ISSUE_OF_STERILE_ITEMS_1786350517.docx','uploads/generated/hospital_10/18_POLICY___PROCEDURE_ON_CLEANING__PACKING__DISINFECTION__STERILISATION__STORAGE_AND_ISSUE_OF_STERILE_ITEMS_1786350517.pdf',NULL,'2026-08-10 08:28:38'),
(446,10,188,'uploads/generated/hospital_10/18_POLICY___PROCEDURE_ON_CLEANING__PACKING__DISINFECTION__STERILISATION__STORAGE_AND_ISSUE_OF_STERILE_ITEMS_1786350765.docx','uploads/generated/hospital_10/18_POLICY___PROCEDURE_ON_CLEANING__PACKING__DISINFECTION__STERILISATION__STORAGE_AND_ISSUE_OF_STERILE_ITEMS_1786350765.pdf',NULL,'2026-08-10 08:32:46'),
(447,10,189,'uploads/generated/hospital_10/19_ANTIMICROBIAL_1786351544.docx','uploads/generated/hospital_10/19_ANTIMICROBIAL_1786351544.pdf',NULL,'2026-08-10 08:45:45'),
(448,10,190,'uploads/generated/hospital_10/19_ANTIMICROBIAL_1786352282.docx','uploads/generated/hospital_10/19_ANTIMICROBIAL_1786352282.pdf',NULL,'2026-08-10 08:58:03'),
(449,10,191,'uploads/generated/hospital_10/19_ANTIMICROBIAL_1786352451.docx','uploads/generated/hospital_10/19_ANTIMICROBIAL_1786352451.pdf',NULL,'2026-08-10 09:00:53'),
(450,10,192,'uploads/generated/hospital_10/20_QUALITY_IMPROVEMENT_MANUAL_1786352841.docx','uploads/generated/hospital_10/20_QUALITY_IMPROVEMENT_MANUAL_1786352841.pdf',NULL,'2026-08-10 09:07:23'),
(451,10,193,'uploads/generated/hospital_10/20_QUALITY_IMPROVEMENT_MANUAL_1786353119.docx','uploads/generated/hospital_10/20_QUALITY_IMPROVEMENT_MANUAL_1786353119.pdf',NULL,'2026-08-10 09:12:01'),
(452,10,194,'uploads/generated/hospital_10/20_QUALITY_IMPROVEMENT_MANUAL_1786353472.docx','uploads/generated/hospital_10/20_QUALITY_IMPROVEMENT_MANUAL_1786353472.pdf',NULL,'2026-08-10 09:17:53'),
(454,7,2,'uploads/generated/hospital_7/1_ADMISSION_AND_REGISTRATION_POLICY_1786354647.docx','uploads/generated/hospital_7/1_ADMISSION_AND_REGISTRATION_POLICY_1786354647.pdf',NULL,'2026-08-10 09:37:29'),
(455,10,195,'uploads/generated/hospital_10/21_HOSPITAL_ETHICAL_MANAGEMENT_FRAMEWORK_POLICY_1786354755.docx','uploads/generated/hospital_10/21_HOSPITAL_ETHICAL_MANAGEMENT_FRAMEWORK_POLICY_1786354755.pdf',NULL,'2026-08-10 09:39:17'),
(456,10,196,'uploads/generated/hospital_10/21_HOSPITAL_ETHICAL_MANAGEMENT_FRAMEWORK_POLICY_1786355225.docx','uploads/generated/hospital_10/21_HOSPITAL_ETHICAL_MANAGEMENT_FRAMEWORK_POLICY_1786355225.pdf',NULL,'2026-08-10 09:47:06'),
(457,10,197,'uploads/generated/hospital_10/21_HOSPITAL_ETHICAL_MANAGEMENT_FRAMEWORK_POLICY_1786355660.docx','uploads/generated/hospital_10/21_HOSPITAL_ETHICAL_MANAGEMENT_FRAMEWORK_POLICY_1786355660.pdf',NULL,'2026-08-10 09:54:22'),
(458,10,199,'uploads/generated/hospital_10/22_DOCUMENTED_SUSTAINABILITY_PROGRAMME_OF_THE_ORGANIZATION_1786385891.docx','uploads/generated/hospital_10/22_DOCUMENTED_SUSTAINABILITY_PROGRAMME_OF_THE_ORGANIZATION_1786385891.pdf',NULL,'2026-08-10 18:18:13'),
(507,10,200,'uploads/generated/hospital_10/22_DOCUMENTED_SUSTAINABILITY_PROGRAMME_OF_THE_ORGANIZATION_1786523901.docx','uploads/generated/hospital_10/22_DOCUMENTED_SUSTAINABILITY_PROGRAMME_OF_THE_ORGANIZATION_1786523901.pdf',NULL,'2026-08-12 08:38:25'),
(460,10,201,'uploads/generated/hospital_10/23_POLICY___PROCEDURE_FOR_SORTING__STORAGE__HANDLING__TRANSPORTATION_AND_DISPOSAL_OF_HAZARDOUS_MATERIALS_1786386388.docx','uploads/generated/hospital_10/23_POLICY___PROCEDURE_FOR_SORTING__STORAGE__HANDLING__TRANSPORTATION_AND_DISPOSAL_OF_HAZARDOUS_MATERIALS_1786386388.pdf',NULL,'2026-08-10 18:26:29'),
(461,10,202,'uploads/generated/hospital_10/23_POLICY___PROCEDURE_FOR_SORTING__STORAGE__HANDLING__TRANSPORTATION_AND_DISPOSAL_OF_HAZARDOUS_MATERIALS_1786386580.docx','uploads/generated/hospital_10/23_POLICY___PROCEDURE_FOR_SORTING__STORAGE__HANDLING__TRANSPORTATION_AND_DISPOSAL_OF_HAZARDOUS_MATERIALS_1786386580.pdf',NULL,'2026-08-10 18:29:41'),
(462,10,203,'uploads/generated/hospital_10/23_POLICY___PROCEDURE_FOR_SORTING__STORAGE__HANDLING__TRANSPORTATION_AND_DISPOSAL_OF_HAZARDOUS_MATERIALS_1786386723.docx','uploads/generated/hospital_10/23_POLICY___PROCEDURE_FOR_SORTING__STORAGE__HANDLING__TRANSPORTATION_AND_DISPOSAL_OF_HAZARDOUS_MATERIALS_1786386723.pdf',NULL,'2026-08-10 18:32:05'),
(463,10,204,'uploads/generated/hospital_10/24_POLICY___PROCEDURE_FOR_PREVENTIVE_AND_BREAKDOWN_PLANS_FOR_EQUIPMENT_1786387059.docx','uploads/generated/hospital_10/24_POLICY___PROCEDURE_FOR_PREVENTIVE_AND_BREAKDOWN_PLANS_FOR_EQUIPMENT_1786387059.pdf',NULL,'2026-08-10 18:37:40'),
(464,12,2,'uploads/generated/hospital_12/1_ADMISSION_AND_REGISTRATION_POLICY_1786421251.docx','uploads/generated/hospital_12/1_ADMISSION_AND_REGISTRATION_POLICY_1786421251.pdf',NULL,'2026-08-11 04:07:33'),
(465,12,25,'uploads/generated/hospital_12/24_POLICY___PROCEDURE_ON_EFFECTIVE_COMMUNICATION_1786421297.docx','uploads/generated/hospital_12/24_POLICY___PROCEDURE_ON_EFFECTIVE_COMMUNICATION_1786421297.pdf',NULL,'2026-08-11 04:08:19'),
(466,12,3,'uploads/generated/hospital_12/2_POLICY___PROCEDURE_FOR_TRANSFER__IN_AND_OUT__OR_REFERRAL_OF_PATIENTS_1786421405.docx','uploads/generated/hospital_12/2_POLICY___PROCEDURE_FOR_TRANSFER__IN_AND_OUT__OR_REFERRAL_OF_PATIENTS_1786421405.pdf',NULL,'2026-08-11 04:10:07'),
(467,12,4,'uploads/generated/hospital_12/4_POLICY_ON_SPECIMEN_MANAGEMENT_1786421450.docx','uploads/generated/hospital_12/4_POLICY_ON_SPECIMEN_MANAGEMENT_1786421450.pdf',NULL,'2026-08-11 04:10:52'),
(468,12,5,'uploads/generated/hospital_12/5_LABORATORY_SAFETY_MANUAL_1786421463.docx','uploads/generated/hospital_12/5_LABORATORY_SAFETY_MANUAL_1786421463.pdf',NULL,'2026-08-11 04:11:05'),
(469,12,6,'uploads/generated/hospital_12/6_IMAGING_SAFETY_MANUAL_1786421477.docx','uploads/generated/hospital_12/6_IMAGING_SAFETY_MANUAL_1786421477.pdf',NULL,'2026-08-11 04:11:19'),
(470,12,7,'uploads/generated/hospital_12/7_POLICY__DISCHARGE_PROCESS_1786421491.docx','uploads/generated/hospital_12/7_POLICY__DISCHARGE_PROCESS_1786421491.pdf',NULL,'2026-08-11 04:11:32'),
(471,12,8,'uploads/generated/hospital_12/8_NURSING_MANUAL_1786421506.docx','uploads/generated/hospital_12/8_NURSING_MANUAL_1786421506.pdf',NULL,'2026-08-11 04:11:50'),
(472,12,9,'uploads/generated/hospital_12/9_1_POLICY_ON_RATIONAL_USE_OF_BLOOD_AND_BLOOD_PRODUCTS_1786421527.docx','uploads/generated/hospital_12/9_1_POLICY_ON_RATIONAL_USE_OF_BLOOD_AND_BLOOD_PRODUCTS_1786421527.pdf',NULL,'2026-08-11 04:12:09'),
(473,12,10,'uploads/generated/hospital_12/9_2_POLICY_ON_TRANSFUSION_OF_BLOOD_AND_BLOOD_PRODUCTS_1786421545.docx','uploads/generated/hospital_12/9_2_POLICY_ON_TRANSFUSION_OF_BLOOD_AND_BLOOD_PRODUCTS_1786421545.pdf',NULL,'2026-08-11 04:12:26'),
(474,12,11,'uploads/generated/hospital_12/10_Policy___Procedure_for_emergency_1786421672.docx','uploads/generated/hospital_12/10_Policy___Procedure_for_emergency_1786421672.pdf',NULL,'2026-08-11 04:14:34'),
(475,12,12,'uploads/generated/hospital_12/11_ICU_MANUAL_1786421688.docx','uploads/generated/hospital_12/11_ICU_MANUAL_1786421688.pdf',NULL,'2026-08-11 04:14:51'),
(476,12,13,'uploads/generated/hospital_12/12_END_OF_LIFE_CARE_1786421718.docx','uploads/generated/hospital_12/12_END_OF_LIFE_CARE_1786421718.pdf',NULL,'2026-08-11 04:15:20'),
(477,12,14,'uploads/generated/hospital_12/13_POLICY___PROCEDURE_FOR_MANAGEMENT_OF_OBSTETRIC_PATIENTS_1786421746.docx','uploads/generated/hospital_12/13_POLICY___PROCEDURE_FOR_MANAGEMENT_OF_OBSTETRIC_PATIENTS_1786421746.pdf',NULL,'2026-08-11 04:15:48'),
(478,12,15,'uploads/generated/hospital_12/14_POLICY___PROCEDURE_FOR_PAEDIATRIC_SERVICES_1786421762.docx','uploads/generated/hospital_12/14_POLICY___PROCEDURE_FOR_PAEDIATRIC_SERVICES_1786421762.pdf',NULL,'2026-08-11 04:16:04'),
(479,12,16,'uploads/generated/hospital_12/15_POLICY___PROCEDURE_ON_PREVENTION_OF_CHILDNEONATAL_ABDUCTION_AND_ABUSE_1786421881.docx','uploads/generated/hospital_12/15_POLICY___PROCEDURE_ON_PREVENTION_OF_CHILDNEONATAL_ABDUCTION_AND_ABUSE_1786421881.pdf',NULL,'2026-08-11 04:18:03'),
(480,12,17,'uploads/generated/hospital_12/16_POLICY___PROCEDURE_FOR_PROCEDURAL_SEDATION_1786421922.docx','uploads/generated/hospital_12/16_POLICY___PROCEDURE_FOR_PROCEDURAL_SEDATION_1786421922.pdf',NULL,'2026-08-11 04:18:44'),
(481,12,18,'uploads/generated/hospital_12/17_POLICY_ON_ANESTHESIA_ADMINISTRATION_1786421939.docx','uploads/generated/hospital_12/17_POLICY_ON_ANESTHESIA_ADMINISTRATION_1786421939.pdf',NULL,'2026-08-11 04:19:01'),
(482,12,19,'uploads/generated/hospital_12/18_POLICY___PROCEDURE_FOR_SURGICAL_AND_NON-SURGICAL_PROCEDURES_1786421959.docx','uploads/generated/hospital_12/18_POLICY___PROCEDURE_FOR_SURGICAL_AND_NON-SURGICAL_PROCEDURES_1786421959.pdf',NULL,'2026-08-11 04:19:21'),
(483,12,20,'uploads/generated/hospital_12/19_POLICY___PROCEDURE_ON_CARE_OF_VULNERABLE_PATIENTS_1786421973.docx','uploads/generated/hospital_12/19_POLICY___PROCEDURE_ON_CARE_OF_VULNERABLE_PATIENTS_1786421973.pdf',NULL,'2026-08-11 04:19:35'),
(484,12,21,'uploads/generated/hospital_12/20_POLICY___PROCEDURE_ON_MEDICATION_MANAGEMENT_1786421986.docx','uploads/generated/hospital_12/20_POLICY___PROCEDURE_ON_MEDICATION_MANAGEMENT_1786421986.pdf',NULL,'2026-08-11 04:19:49'),
(485,12,22,'uploads/generated/hospital_12/21_POLICY___PROCEDURE_ON_VERBAL_ORDERS_1786422000.docx','uploads/generated/hospital_12/21_POLICY___PROCEDURE_ON_VERBAL_ORDERS_1786422000.pdf',NULL,'2026-08-11 04:20:03'),
(486,12,23,'uploads/generated/hospital_12/22_POLICY___PROCEDURE_FOR_THE_USE_OF_NARCOTIC_DRUGS_1786422015.docx','uploads/generated/hospital_12/22_POLICY___PROCEDURE_FOR_THE_USE_OF_NARCOTIC_DRUGS_1786422015.pdf',NULL,'2026-08-11 04:20:17'),
(487,12,24,'uploads/generated/hospital_12/23_POLICY_ON_IMPLANTABLE_PROSTHESES_MANAGEMENT_1786422031.docx','uploads/generated/hospital_12/23_POLICY_ON_IMPLANTABLE_PROSTHESES_MANAGEMENT_1786422031.pdf',NULL,'2026-08-11 04:20:33'),
(488,12,26,'uploads/generated/hospital_12/25_POLICY___PROCEDURE_ON_FEEDBACK_AND_COMPLAINTS_1786422057.docx','uploads/generated/hospital_12/25_POLICY___PROCEDURE_ON_FEEDBACK_AND_COMPLAINTS_1786422057.pdf',NULL,'2026-08-11 04:20:59'),
(489,12,28,'uploads/generated/hospital_12/27_POLICY___PROCEDURE_ON_CLEANING_PACKING_DISINFECTION_ANDOR_STERILISATION__STORAGE_AND_ISSUE_OF_ITEMS_1786422071.docx','uploads/generated/hospital_12/27_POLICY___PROCEDURE_ON_CLEANING_PACKING_DISINFECTION_ANDOR_STERILISATION__STORAGE_AND_ISSUE_OF_ITEMS_1786422071.pdf',NULL,'2026-08-11 04:21:13'),
(490,12,27,'uploads/generated/hospital_12/26_HOSPITAL_INFECTION_CONTROL_MANUAL_1786422096.docx','uploads/generated/hospital_12/26_HOSPITAL_INFECTION_CONTROL_MANUAL_1786422096.pdf',NULL,'2026-08-11 04:21:40'),
(491,12,29,'uploads/generated/hospital_12/28_QUALITY_IMPROVEMENT___SAFETY_MANUAL_1786422138.docx','uploads/generated/hospital_12/28_QUALITY_IMPROVEMENT___SAFETY_MANUAL_1786422138.pdf',NULL,'2026-08-11 04:22:20'),
(492,12,30,'uploads/generated/hospital_12/29_POLICY___PROCEDURE_FOR_SORTING__STORAGE__HANDLING__TRANSPORTATION_AND_DISPOSAL_OF_HAZARDOUS_MATERIALS_1786422159.docx','uploads/generated/hospital_12/29_POLICY___PROCEDURE_FOR_SORTING__STORAGE__HANDLING__TRANSPORTATION_AND_DISPOSAL_OF_HAZARDOUS_MATERIALS_1786422159.pdf',NULL,'2026-08-11 04:22:41'),
(493,12,32,'uploads/generated/hospital_12/31_POLICY___PROCEDURE_FOR_TRAINING_AND_DEVELOPMENT_OF_STAFF_1786422175.docx','uploads/generated/hospital_12/31_POLICY___PROCEDURE_FOR_TRAINING_AND_DEVELOPMENT_OF_STAFF_1786422175.pdf',NULL,'2026-08-11 04:22:57'),
(494,12,31,'uploads/generated/hospital_12/30_POLICY___PROCEDURE_FOR_PREVENTIVE_AND_BREAKDOWN_PLANS_FOR_EQUIPMENT_1786422192.docx','uploads/generated/hospital_12/30_POLICY___PROCEDURE_FOR_PREVENTIVE_AND_BREAKDOWN_PLANS_FOR_EQUIPMENT_1786422192.pdf',NULL,'2026-08-11 04:23:13'),
(495,12,33,'uploads/generated/hospital_12/32_DISCIPLINARY___GRIEVANCE_POLICY_1786422208.docx','uploads/generated/hospital_12/32_DISCIPLINARY___GRIEVANCE_POLICY_1786422208.pdf',NULL,'2026-08-11 04:23:30'),
(496,12,34,'uploads/generated/hospital_12/33_POLICY___PROCEDURE_ON_SAFETY_AND_HEALTH_PROBLEMS_OF_THE_STAFF_1786422226.docx','uploads/generated/hospital_12/33_POLICY___PROCEDURE_ON_SAFETY_AND_HEALTH_PROBLEMS_OF_THE_STAFF_1786422226.pdf',NULL,'2026-08-11 04:23:48'),
(497,12,35,'uploads/generated/hospital_12/34_POLICY___PROCEDURE_FOR_CAPTURE_AND_DISSEMINATION_OF_INFORMATION_1786422251.docx','uploads/generated/hospital_12/34_POLICY___PROCEDURE_FOR_CAPTURE_AND_DISSEMINATION_OF_INFORMATION_1786422251.pdf',NULL,'2026-08-11 04:24:13'),
(498,12,36,'uploads/generated/hospital_12/36_POLICY___PROCEDURE_FOR_MAINTAINING_CONFIDENTIALITY_1786422270.docx','uploads/generated/hospital_12/36_POLICY___PROCEDURE_FOR_MAINTAINING_CONFIDENTIALITY_1786422270.pdf',NULL,'2026-08-11 04:24:32'),
(499,12,37,'uploads/generated/hospital_12/37_DOCUMENTED_PROCEDURES_EXIST_FOR_RETENTION_TIME_1786422288.docx','uploads/generated/hospital_12/37_DOCUMENTED_PROCEDURES_EXIST_FOR_RETENTION_TIME_1786422288.pdf',NULL,'2026-08-11 04:24:49'),
(500,12,38,'uploads/generated/hospital_12/38_POLICY___PROCEDURE_ON_PROTECTION_OF_PATIENTS_FROM_PHYSICAL_ABUSE___NEGLECT_1786422432.docx','uploads/generated/hospital_12/38_POLICY___PROCEDURE_ON_PROTECTION_OF_PATIENTS_FROM_PHYSICAL_ABUSE___NEGLECT_1786422432.pdf',NULL,'2026-08-11 04:27:13'),
(501,12,39,'uploads/generated/hospital_12/39_CODE_OF_CONDUCT_FOR_STAFF_1786422446.docx','uploads/generated/hospital_12/39_CODE_OF_CONDUCT_FOR_STAFF_1786422446.pdf',NULL,'2026-08-11 04:27:28'),
(502,12,40,'uploads/generated/hospital_12/40_POLICY___PROCEDURE_FOR_CLEANING_OF_INFECTED_AND_NON-INFECTED_PATIENT_ROOMS_1786422460.docx','uploads/generated/hospital_12/40_POLICY___PROCEDURE_FOR_CLEANING_OF_INFECTED_AND_NON-INFECTED_PATIENT_ROOMS_1786422460.pdf',NULL,'2026-08-11 04:27:42'),
(503,12,41,'uploads/generated/hospital_12/41_ANTIMICROBIAL_USAGE_POLICY__1__1786422473.docx','uploads/generated/hospital_12/41_ANTIMICROBIAL_USAGE_POLICY__1__1786422473.pdf',NULL,'2026-08-11 04:27:54'),
(506,3,198,'uploads/generated/hospital_3/21_HOSPITAL_ETHICAL_MANAGEMENT_FRAMEWORK_POLICY_1786453088.docx','uploads/generated/hospital_3/21_HOSPITAL_ETHICAL_MANAGEMENT_FRAMEWORK_POLICY_1786453088.pdf',NULL,'2026-08-11 12:58:10'),
(508,10,205,'uploads/generated/hospital_10/24_POLICY___PROCEDURE_FOR_PREVENTIVE_AND_BREAKDOWN_PLANS_FOR_EQUIPMENT_1786524007.docx','uploads/generated/hospital_10/24_POLICY___PROCEDURE_FOR_PREVENTIVE_AND_BREAKDOWN_PLANS_FOR_EQUIPMENT_1786524007.pdf',NULL,'2026-08-12 08:40:09'),
(509,10,206,'uploads/generated/hospital_10/24_POLICY___PROCEDURE_FOR_PREVENTIVE_AND_BREAKDOWN_PLANS_FOR_EQUIPMENT_1786524355.docx','uploads/generated/hospital_10/24_POLICY___PROCEDURE_FOR_PREVENTIVE_AND_BREAKDOWN_PLANS_FOR_EQUIPMENT_1786524355.pdf',NULL,'2026-08-12 08:45:56'),
(510,10,207,'uploads/generated/hospital_10/25_POLICY___PROCEDURE_FOR_NON-FIRE_EMERGENCY_MANAGEMENT_1786525334.docx','uploads/generated/hospital_10/25_POLICY___PROCEDURE_FOR_NON-FIRE_EMERGENCY_MANAGEMENT_1786525334.pdf',NULL,'2026-08-12 09:02:15'),
(511,10,208,'uploads/generated/hospital_10/25_POLICY___PROCEDURE_FOR_NON-FIRE_EMERGENCY_MANAGEMENT_1786525627.docx','uploads/generated/hospital_10/25_POLICY___PROCEDURE_FOR_NON-FIRE_EMERGENCY_MANAGEMENT_1786525627.pdf',NULL,'2026-08-12 09:07:08'),
(512,10,209,'uploads/generated/hospital_10/25_POLICY___PROCEDURE_FOR_NON-FIRE_EMERGENCY_MANAGEMENT_1786526742.docx','uploads/generated/hospital_10/25_POLICY___PROCEDURE_FOR_NON-FIRE_EMERGENCY_MANAGEMENT_1786526742.pdf',NULL,'2026-08-12 09:25:44'),
(513,10,210,'uploads/generated/hospital_10/26_POLICY___PROCEDURE_FOR_TRAINING_AND_DEVELOPMENT_OF_STAFF_1786527319.docx','uploads/generated/hospital_10/26_POLICY___PROCEDURE_FOR_TRAINING_AND_DEVELOPMENT_OF_STAFF_1786527319.pdf',NULL,'2026-08-12 09:35:21'),
(514,10,211,'uploads/generated/hospital_10/26_POLICY___PROCEDURE_FOR_TRAINING_AND_DEVELOPMENT_OF_STAFF_1786527765.docx','uploads/generated/hospital_10/26_POLICY___PROCEDURE_FOR_TRAINING_AND_DEVELOPMENT_OF_STAFF_1786527765.pdf',NULL,'2026-08-12 09:42:46'),
(515,10,212,'uploads/generated/hospital_10/26_POLICY___PROCEDURE_FOR_TRAINING_AND_DEVELOPMENT_OF_STAFF_1786527904.docx','uploads/generated/hospital_10/26_POLICY___PROCEDURE_FOR_TRAINING_AND_DEVELOPMENT_OF_STAFF_1786527904.pdf',NULL,'2026-08-12 09:45:05'),
(516,10,214,'uploads/generated/hospital_10/27_DISCIPLINARY___GRIEVANCE_POLICY_1786528477.docx','uploads/generated/hospital_10/27_DISCIPLINARY___GRIEVANCE_POLICY_1786528477.pdf',NULL,'2026-08-12 09:54:38'),
(517,10,215,'uploads/generated/hospital_10/27_DISCIPLINARY___GRIEVANCE_POLICY_1786528644.docx','uploads/generated/hospital_10/27_DISCIPLINARY___GRIEVANCE_POLICY_1786528644.pdf',NULL,'2026-08-12 09:57:26'),
(518,10,216,'uploads/generated/hospital_10/28_POLICY___PROCEDURE_ON_SAFETY_AND_HEALTH_PROBLEMS_OF_THE_STAFF_1786620853.docx','uploads/generated/hospital_10/28_POLICY___PROCEDURE_ON_SAFETY_AND_HEALTH_PROBLEMS_OF_THE_STAFF_1786620853.pdf',NULL,'2026-08-13 11:34:17'),
(519,10,217,'uploads/generated/hospital_10/28_POLICY___PROCEDURE_ON_SAFETY_AND_HEALTH_PROBLEMS_OF_THE_STAFF_1786621109.docx','uploads/generated/hospital_10/28_POLICY___PROCEDURE_ON_SAFETY_AND_HEALTH_PROBLEMS_OF_THE_STAFF_1786621109.pdf',NULL,'2026-08-13 11:38:31'),
(520,10,218,'uploads/generated/hospital_10/29_POLICY___PROCEDURE_FOR_CAPTURE_AND_DISSEMINATION_OF_INFORMATION_1786621481.docx','uploads/generated/hospital_10/29_POLICY___PROCEDURE_FOR_CAPTURE_AND_DISSEMINATION_OF_INFORMATION_1786621481.pdf',NULL,'2026-08-13 11:44:43'),
(521,10,219,'uploads/generated/hospital_10/29_POLICY___PROCEDURE_FOR_CAPTURE_AND_DISSEMINATION_OF_INFORMATION_1786621716.docx','uploads/generated/hospital_10/29_POLICY___PROCEDURE_FOR_CAPTURE_AND_DISSEMINATION_OF_INFORMATION_1786621716.pdf',NULL,'2026-08-13 11:48:37'),
(522,10,220,'uploads/generated/hospital_10/29_POLICY___PROCEDURE_FOR_CAPTURE_AND_DISSEMINATION_OF_INFORMATION_1786621941.docx','uploads/generated/hospital_10/29_POLICY___PROCEDURE_FOR_CAPTURE_AND_DISSEMINATION_OF_INFORMATION_1786621941.pdf',NULL,'2026-08-13 11:52:22'),
(523,10,221,'uploads/generated/hospital_10/30_POLICY___PROCEDURE_FOR_MAINTAINING_CONFIDENTIALITY__INTEGRITY_AND_SECURITY_OF_RECORDS__DATA_AND_INFORMATION_1786622591.docx','uploads/generated/hospital_10/30_POLICY___PROCEDURE_FOR_MAINTAINING_CONFIDENTIALITY__INTEGRITY_AND_SECURITY_OF_RECORDS__DATA_AND_INFORMATION_1786622591.pdf',NULL,'2026-08-13 12:03:12'),
(524,10,222,'uploads/generated/hospital_10/30_POLICY___PROCEDURE_FOR_MAINTAINING_CONFIDENTIALITY__INTEGRITY_AND_SECURITY_OF_RECORDS__DATA_AND_INFORMATION_1786622726.docx','uploads/generated/hospital_10/30_POLICY___PROCEDURE_FOR_MAINTAINING_CONFIDENTIALITY__INTEGRITY_AND_SECURITY_OF_RECORDS__DATA_AND_INFORMATION_1786622726.pdf',NULL,'2026-08-13 12:05:27'),
(525,10,223,'uploads/generated/hospital_10/30_POLICY___PROCEDURE_FOR_MAINTAINING_CONFIDENTIALITY__INTEGRITY_AND_SECURITY_OF_RECORDS__DATA_AND_INFORMATION_1786622917.docx','uploads/generated/hospital_10/30_POLICY___PROCEDURE_FOR_MAINTAINING_CONFIDENTIALITY__INTEGRITY_AND_SECURITY_OF_RECORDS__DATA_AND_INFORMATION_1786622917.pdf',NULL,'2026-08-13 12:08:38'),
(526,10,224,'uploads/generated/hospital_10/30_POLICY___PROCEDURE_FOR_MAINTAINING_CONFIDENTIALITY__INTEGRITY_AND_SECURITY_OF_RECORDS__DATA_AND_INFORMATION_1786623096.docx','uploads/generated/hospital_10/30_POLICY___PROCEDURE_FOR_MAINTAINING_CONFIDENTIALITY__INTEGRITY_AND_SECURITY_OF_RECORDS__DATA_AND_INFORMATION_1786623096.pdf',NULL,'2026-08-13 12:11:37'),
(527,10,225,'uploads/generated/hospital_10/31_POLICY___PROCEDURE_FOR_RETENTION_AND_DESTRUCTION_OF_MEDICAL_RECORD_1786623733.docx','uploads/generated/hospital_10/31_POLICY___PROCEDURE_FOR_RETENTION_AND_DESTRUCTION_OF_MEDICAL_RECORD_1786623733.pdf',NULL,'2026-08-13 12:22:15'),
(528,10,226,'uploads/generated/hospital_10/31_POLICY___PROCEDURE_FOR_RETENTION_AND_DESTRUCTION_OF_MEDICAL_RECORD_1786624008.docx','uploads/generated/hospital_10/31_POLICY___PROCEDURE_FOR_RETENTION_AND_DESTRUCTION_OF_MEDICAL_RECORD_1786624008.pdf',NULL,'2026-08-13 12:26:49'),
(529,10,227,'uploads/generated/hospital_10/32_POLICY___PROCEDURE_FOR_OPHTHALMIC_EMERGENCY_CARE_1786625484.docx','uploads/generated/hospital_10/32_POLICY___PROCEDURE_FOR_OPHTHALMIC_EMERGENCY_CARE_1786625484.pdf',NULL,'2026-08-13 12:51:25'),
(530,13,2,'uploads/generated/hospital_13/1_ADMISSION_AND_REGISTRATION_POLICY_1786792816.docx','uploads/generated/hospital_13/1_ADMISSION_AND_REGISTRATION_POLICY_1786792816.pdf',NULL,'2026-08-15 11:20:17'),
(531,13,3,'uploads/generated/hospital_13/2_POLICY___PROCEDURE_FOR_TRANSFER__IN_AND_OUT__OR_REFERRAL_OF_PATIENTS_1786793425.docx','uploads/generated/hospital_13/2_POLICY___PROCEDURE_FOR_TRANSFER__IN_AND_OUT__OR_REFERRAL_OF_PATIENTS_1786793425.pdf',NULL,'2026-08-15 11:30:27'),
(532,13,4,'uploads/generated/hospital_13/4_POLICY_ON_SPECIMEN_MANAGEMENT_1786793427.docx','uploads/generated/hospital_13/4_POLICY_ON_SPECIMEN_MANAGEMENT_1786793427.pdf',NULL,'2026-08-15 11:30:28'),
(533,13,5,'uploads/generated/hospital_13/5_LABORATORY_SAFETY_MANUAL_1786793428.docx','uploads/generated/hospital_13/5_LABORATORY_SAFETY_MANUAL_1786793428.pdf',NULL,'2026-08-15 11:30:30'),
(534,13,6,'uploads/generated/hospital_13/6_IMAGING_SAFETY_MANUAL_1786793430.docx','uploads/generated/hospital_13/6_IMAGING_SAFETY_MANUAL_1786793430.pdf',NULL,'2026-08-15 11:30:32'),
(535,13,7,'uploads/generated/hospital_13/7_POLICY__DISCHARGE_PROCESS_1786793432.docx','uploads/generated/hospital_13/7_POLICY__DISCHARGE_PROCESS_1786793432.pdf',NULL,'2026-08-15 11:30:33'),
(536,13,8,'uploads/generated/hospital_13/8_NURSING_MANUAL_1786793433.docx','uploads/generated/hospital_13/8_NURSING_MANUAL_1786793433.pdf',NULL,'2026-08-15 11:30:36'),
(537,13,9,'uploads/generated/hospital_13/9_1_POLICY_ON_RATIONAL_USE_OF_BLOOD_AND_BLOOD_PRODUCTS_1786793437.docx','uploads/generated/hospital_13/9_1_POLICY_ON_RATIONAL_USE_OF_BLOOD_AND_BLOOD_PRODUCTS_1786793437.pdf',NULL,'2026-08-15 11:30:38'),
(538,13,10,'uploads/generated/hospital_13/9_2_POLICY_ON_TRANSFUSION_OF_BLOOD_AND_BLOOD_PRODUCTS_1786793438.docx','uploads/generated/hospital_13/9_2_POLICY_ON_TRANSFUSION_OF_BLOOD_AND_BLOOD_PRODUCTS_1786793438.pdf',NULL,'2026-08-15 11:30:39'),
(539,13,11,'uploads/generated/hospital_13/10_Policy___Procedure_for_emergency_1786793439.docx','uploads/generated/hospital_13/10_Policy___Procedure_for_emergency_1786793439.pdf',NULL,'2026-08-15 11:30:41'),
(540,13,12,'uploads/generated/hospital_13/11_ICU_MANUAL_1786793441.docx','uploads/generated/hospital_13/11_ICU_MANUAL_1786793441.pdf',NULL,'2026-08-15 11:30:43'),
(541,13,13,'uploads/generated/hospital_13/12_END_OF_LIFE_CARE_1786793444.docx','uploads/generated/hospital_13/12_END_OF_LIFE_CARE_1786793444.pdf',NULL,'2026-08-15 11:30:45'),
(542,13,14,'uploads/generated/hospital_13/13_POLICY___PROCEDURE_FOR_MANAGEMENT_OF_OBSTETRIC_PATIENTS_1786793445.docx','uploads/generated/hospital_13/13_POLICY___PROCEDURE_FOR_MANAGEMENT_OF_OBSTETRIC_PATIENTS_1786793445.pdf',NULL,'2026-08-15 11:30:47'),
(543,13,15,'uploads/generated/hospital_13/14_POLICY___PROCEDURE_FOR_PAEDIATRIC_SERVICES_1786793447.docx','uploads/generated/hospital_13/14_POLICY___PROCEDURE_FOR_PAEDIATRIC_SERVICES_1786793447.pdf',NULL,'2026-08-15 11:30:49'),
(544,13,16,'uploads/generated/hospital_13/15_POLICY___PROCEDURE_ON_PREVENTION_OF_CHILDNEONATAL_ABDUCTION_AND_ABUSE_1786793449.docx','uploads/generated/hospital_13/15_POLICY___PROCEDURE_ON_PREVENTION_OF_CHILDNEONATAL_ABDUCTION_AND_ABUSE_1786793449.pdf',NULL,'2026-08-15 11:30:51'),
(545,13,17,'uploads/generated/hospital_13/16_POLICY___PROCEDURE_FOR_PROCEDURAL_SEDATION_1786793451.docx','uploads/generated/hospital_13/16_POLICY___PROCEDURE_FOR_PROCEDURAL_SEDATION_1786793451.pdf',NULL,'2026-08-15 11:30:53'),
(546,13,18,'uploads/generated/hospital_13/17_POLICY_ON_ANESTHESIA_ADMINISTRATION_1786793453.docx','uploads/generated/hospital_13/17_POLICY_ON_ANESTHESIA_ADMINISTRATION_1786793453.pdf',NULL,'2026-08-15 11:30:54'),
(547,13,19,'uploads/generated/hospital_13/18_POLICY___PROCEDURE_FOR_SURGICAL_AND_NON-SURGICAL_PROCEDURES_1786793454.docx','uploads/generated/hospital_13/18_POLICY___PROCEDURE_FOR_SURGICAL_AND_NON-SURGICAL_PROCEDURES_1786793454.pdf',NULL,'2026-08-15 11:30:56'),
(548,13,20,'uploads/generated/hospital_13/19_POLICY___PROCEDURE_ON_CARE_OF_VULNERABLE_PATIENTS_1786793456.docx','uploads/generated/hospital_13/19_POLICY___PROCEDURE_ON_CARE_OF_VULNERABLE_PATIENTS_1786793456.pdf',NULL,'2026-08-15 11:30:58'),
(549,13,21,'uploads/generated/hospital_13/20_POLICY___PROCEDURE_ON_MEDICATION_MANAGEMENT_1786793458.docx','uploads/generated/hospital_13/20_POLICY___PROCEDURE_ON_MEDICATION_MANAGEMENT_1786793458.pdf',NULL,'2026-08-15 11:31:00'),
(550,13,22,'uploads/generated/hospital_13/21_POLICY___PROCEDURE_ON_VERBAL_ORDERS_1786793460.docx','uploads/generated/hospital_13/21_POLICY___PROCEDURE_ON_VERBAL_ORDERS_1786793460.pdf',NULL,'2026-08-15 11:31:02'),
(551,13,23,'uploads/generated/hospital_13/22_POLICY___PROCEDURE_FOR_THE_USE_OF_NARCOTIC_DRUGS_1786793462.docx','uploads/generated/hospital_13/22_POLICY___PROCEDURE_FOR_THE_USE_OF_NARCOTIC_DRUGS_1786793462.pdf',NULL,'2026-08-15 11:31:04'),
(552,13,24,'uploads/generated/hospital_13/23_POLICY_ON_IMPLANTABLE_PROSTHESES_MANAGEMENT_1786793464.docx','uploads/generated/hospital_13/23_POLICY_ON_IMPLANTABLE_PROSTHESES_MANAGEMENT_1786793464.pdf',NULL,'2026-08-15 11:31:06'),
(553,13,25,'uploads/generated/hospital_13/24_POLICY___PROCEDURE_ON_EFFECTIVE_COMMUNICATION_1786793466.docx','uploads/generated/hospital_13/24_POLICY___PROCEDURE_ON_EFFECTIVE_COMMUNICATION_1786793466.pdf',NULL,'2026-08-15 11:31:08'),
(554,13,26,'uploads/generated/hospital_13/25_POLICY___PROCEDURE_ON_FEEDBACK_AND_COMPLAINTS_1786793468.docx','uploads/generated/hospital_13/25_POLICY___PROCEDURE_ON_FEEDBACK_AND_COMPLAINTS_1786793468.pdf',NULL,'2026-08-15 11:31:09'),
(555,13,27,'uploads/generated/hospital_13/26_HOSPITAL_INFECTION_CONTROL_MANUAL_1786793469.docx','uploads/generated/hospital_13/26_HOSPITAL_INFECTION_CONTROL_MANUAL_1786793469.pdf',NULL,'2026-08-15 11:31:13'),
(556,13,28,'uploads/generated/hospital_13/27_POLICY___PROCEDURE_ON_CLEANING_PACKING_DISINFECTION_ANDOR_STERILISATION__STORAGE_AND_ISSUE_OF_ITEMS_1786793473.docx','uploads/generated/hospital_13/27_POLICY___PROCEDURE_ON_CLEANING_PACKING_DISINFECTION_ANDOR_STERILISATION__STORAGE_AND_ISSUE_OF_ITEMS_1786793473.pdf',NULL,'2026-08-15 11:31:14'),
(557,13,29,'uploads/generated/hospital_13/28_QUALITY_IMPROVEMENT___SAFETY_MANUAL_1786793475.docx','uploads/generated/hospital_13/28_QUALITY_IMPROVEMENT___SAFETY_MANUAL_1786793475.pdf',NULL,'2026-08-15 11:31:17'),
(558,13,30,'uploads/generated/hospital_13/29_POLICY___PROCEDURE_FOR_SORTING__STORAGE__HANDLING__TRANSPORTATION_AND_DISPOSAL_OF_HAZARDOUS_MATERIALS_1786793477.docx','uploads/generated/hospital_13/29_POLICY___PROCEDURE_FOR_SORTING__STORAGE__HANDLING__TRANSPORTATION_AND_DISPOSAL_OF_HAZARDOUS_MATERIALS_1786793477.pdf',NULL,'2026-08-15 11:31:19'),
(559,13,31,'uploads/generated/hospital_13/30_POLICY___PROCEDURE_FOR_PREVENTIVE_AND_BREAKDOWN_PLANS_FOR_EQUIPMENT_1786793479.docx','uploads/generated/hospital_13/30_POLICY___PROCEDURE_FOR_PREVENTIVE_AND_BREAKDOWN_PLANS_FOR_EQUIPMENT_1786793479.pdf',NULL,'2026-08-15 11:31:20'),
(560,13,32,'uploads/generated/hospital_13/31_POLICY___PROCEDURE_FOR_TRAINING_AND_DEVELOPMENT_OF_STAFF_1786793481.docx','uploads/generated/hospital_13/31_POLICY___PROCEDURE_FOR_TRAINING_AND_DEVELOPMENT_OF_STAFF_1786793481.pdf',NULL,'2026-08-15 11:31:22'),
(561,13,33,'uploads/generated/hospital_13/32_DISCIPLINARY___GRIEVANCE_POLICY_1786793482.docx','uploads/generated/hospital_13/32_DISCIPLINARY___GRIEVANCE_POLICY_1786793482.pdf',NULL,'2026-08-15 11:31:23'),
(562,13,34,'uploads/generated/hospital_13/33_POLICY___PROCEDURE_ON_SAFETY_AND_HEALTH_PROBLEMS_OF_THE_STAFF_1786793484.docx','uploads/generated/hospital_13/33_POLICY___PROCEDURE_ON_SAFETY_AND_HEALTH_PROBLEMS_OF_THE_STAFF_1786793484.pdf',NULL,'2026-08-15 11:31:25'),
(563,13,35,'uploads/generated/hospital_13/34_POLICY___PROCEDURE_FOR_CAPTURE_AND_DISSEMINATION_OF_INFORMATION_1786793485.docx','uploads/generated/hospital_13/34_POLICY___PROCEDURE_FOR_CAPTURE_AND_DISSEMINATION_OF_INFORMATION_1786793485.pdf',NULL,'2026-08-15 11:31:27'),
(564,13,36,'uploads/generated/hospital_13/36_POLICY___PROCEDURE_FOR_MAINTAINING_CONFIDENTIALITY_1786793487.docx','uploads/generated/hospital_13/36_POLICY___PROCEDURE_FOR_MAINTAINING_CONFIDENTIALITY_1786793487.pdf',NULL,'2026-08-15 11:31:29'),
(565,13,37,'uploads/generated/hospital_13/37_DOCUMENTED_PROCEDURES_EXIST_FOR_RETENTION_TIME_1786793489.docx','uploads/generated/hospital_13/37_DOCUMENTED_PROCEDURES_EXIST_FOR_RETENTION_TIME_1786793489.pdf',NULL,'2026-08-15 11:31:30'),
(566,13,38,'uploads/generated/hospital_13/38_POLICY___PROCEDURE_ON_PROTECTION_OF_PATIENTS_FROM_PHYSICAL_ABUSE___NEGLECT_1786793490.docx','uploads/generated/hospital_13/38_POLICY___PROCEDURE_ON_PROTECTION_OF_PATIENTS_FROM_PHYSICAL_ABUSE___NEGLECT_1786793490.pdf',NULL,'2026-08-15 11:31:32'),
(567,13,39,'uploads/generated/hospital_13/39_CODE_OF_CONDUCT_FOR_STAFF_1786793492.docx','uploads/generated/hospital_13/39_CODE_OF_CONDUCT_FOR_STAFF_1786793492.pdf',NULL,'2026-08-15 11:31:33'),
(568,13,40,'uploads/generated/hospital_13/40_POLICY___PROCEDURE_FOR_CLEANING_OF_INFECTED_AND_NON-INFECTED_PATIENT_ROOMS_1786793494.docx','uploads/generated/hospital_13/40_POLICY___PROCEDURE_FOR_CLEANING_OF_INFECTED_AND_NON-INFECTED_PATIENT_ROOMS_1786793494.pdf',NULL,'2026-08-15 11:31:35'),
(569,13,41,'uploads/generated/hospital_13/41_ANTIMICROBIAL_USAGE_POLICY__1__1786793495.docx','uploads/generated/hospital_13/41_ANTIMICROBIAL_USAGE_POLICY__1__1786793495.pdf',NULL,'2026-08-15 11:31:37'),
(570,13,42,'uploads/generated/hospital_13/11_ICU_MANUAL_1786793497.docx','uploads/generated/hospital_13/11_ICU_MANUAL_1786793497.pdf',NULL,'2026-08-15 11:31:39'),
(571,9,97,'uploads/generated/hospital_9/2_POLICY___PROCEDURE_FOR_TRANSFER__IN_AND_OUT__OR_REFERRAL_OF_PATIENTS__3__1786864667.docx','uploads/generated/hospital_9/2_POLICY___PROCEDURE_FOR_TRANSFER__IN_AND_OUT__OR_REFERRAL_OF_PATIENTS__3__1786864667.pdf',NULL,'2026-08-16 07:17:51'),
(572,9,120,'uploads/generated/hospital_9/3_POLICY___PROCEDURE_FOR_IDENTIFYING_EARLY_WARNING_SIGNS_OF_CHANGE_OR_DETERIORATION_IN_CLINICAL_CONDITION_FOR_INITIATING_PROMPT_INTERVENTION__1__1786864671.docx','uploads/generated/hospital_9/3_POLICY___PROCEDURE_FOR_IDENTIFYING_EARLY_WARNING_SIGNS_OF_CHANGE_OR_DETERIORATION_IN_CLINICAL_CONDITION_FOR_INITIATING_PROMPT_INTERVENTION__1__1786864671.pdf',NULL,'2026-08-16 07:17:52'),
(573,9,124,'uploads/generated/hospital_9/4_POLICY_ON_SPECIMEN_MANAGEMENT_1786864672.docx','uploads/generated/hospital_9/4_POLICY_ON_SPECIMEN_MANAGEMENT_1786864672.pdf',NULL,'2026-08-16 07:17:54'),
(574,9,129,'uploads/generated/hospital_9/5_POLICY_ON_PATIENT_DISCHARGE_1786864674.docx','uploads/generated/hospital_9/5_POLICY_ON_PATIENT_DISCHARGE_1786864674.pdf',NULL,'2026-08-16 07:17:55'),
(575,9,155,'uploads/generated/hospital_9/6_NURSING_MANUAL__1__1786864675.docx','uploads/generated/hospital_9/6_NURSING_MANUAL__1__1786864675.pdf',NULL,'2026-08-16 07:17:57'),
(576,9,159,'uploads/generated/hospital_9/7_CHILD_ABDUCTION_1786864678.docx','uploads/generated/hospital_9/7_CHILD_ABDUCTION_1786864678.pdf',NULL,'2026-08-16 07:17:59'),
(577,9,160,'uploads/generated/hospital_9/8_POLICY_ON_ANESTHESIA_ADMINISTRATION_1786864679.docx','uploads/generated/hospital_9/8_POLICY_ON_ANESTHESIA_ADMINISTRATION_1786864679.pdf',NULL,'2026-08-16 07:18:01'),
(578,9,164,'uploads/generated/hospital_9/9_1_POLICY_ON_SURGICAL_SAFETY_AND_PREVENTION_OF_ADVERSE_EVENTS_LIKE_WRONG_SITE__WRONG_PATIENT_AND_WRONG_SURGERY_1786864681.docx','uploads/generated/hospital_9/9_1_POLICY_ON_SURGICAL_SAFETY_AND_PREVENTION_OF_ADVERSE_EVENTS_LIKE_WRONG_SITE__WRONG_PATIENT_AND_WRONG_SURGERY_1786864681.pdf',NULL,'2026-08-16 07:18:02'),
(579,9,165,'uploads/generated/hospital_9/9_2_POLICY___PROCEDURE_FOR_NON-SURGICAL_PROCEDURES_1786864682.docx','uploads/generated/hospital_9/9_2_POLICY___PROCEDURE_FOR_NON-SURGICAL_PROCEDURES_1786864682.pdf',NULL,'2026-08-16 07:18:04'),
(580,9,167,'uploads/generated/hospital_9/10_POLICY___PROCEDURE_ON_CARE_OF_VULNERABLE_PATIENTS_1786864684.docx','uploads/generated/hospital_9/10_POLICY___PROCEDURE_ON_CARE_OF_VULNERABLE_PATIENTS_1786864684.pdf',NULL,'2026-08-16 07:18:06'),
(581,9,169,'uploads/generated/hospital_9/11_POLICY___PROCEDURE_ON_PAIN_MANAGEMENT_1786864686.docx','uploads/generated/hospital_9/11_POLICY___PROCEDURE_ON_PAIN_MANAGEMENT_1786864686.pdf',NULL,'2026-08-16 07:18:07'),
(582,9,171,'uploads/generated/hospital_9/12_POLICY___PROCEDURE_ON_MEDICATION_MANAGEMENT_1786864688.docx','uploads/generated/hospital_9/12_POLICY___PROCEDURE_ON_MEDICATION_MANAGEMENT_1786864688.pdf',NULL,'2026-08-16 07:18:09'),
(583,9,173,'uploads/generated/hospital_9/13_POLICY___PROCEDURE_ON_VERBAL_ORDERS_1786864689.docx','uploads/generated/hospital_9/13_POLICY___PROCEDURE_ON_VERBAL_ORDERS_1786864689.pdf',NULL,'2026-08-16 07:18:11'),
(584,9,175,'uploads/generated/hospital_9/14_POLICY___PROCEDURE_FOR_PROCUREMENT_AND_USAGE_OF_IMPLANTABLE_PROSTHESIS_1786864691.docx','uploads/generated/hospital_9/14_POLICY___PROCEDURE_FOR_PROCUREMENT_AND_USAGE_OF_IMPLANTABLE_PROSTHESIS_1786864691.pdf',NULL,'2026-08-16 07:18:13'),
(585,9,177,'uploads/generated/hospital_9/15_POLICY___PROCEDURE_ON_EFFECTIVE_COMMUNICATION_1786864693.docx','uploads/generated/hospital_9/15_POLICY___PROCEDURE_ON_EFFECTIVE_COMMUNICATION_1786864693.pdf',NULL,'2026-08-16 07:18:15'),
(586,9,179,'uploads/generated/hospital_9/16_POLICY___PROCEDURE_ON_FEEDBACK_AND_COMPLAINTS_1786864695.docx','uploads/generated/hospital_9/16_POLICY___PROCEDURE_ON_FEEDBACK_AND_COMPLAINTS_1786864695.pdf',NULL,'2026-08-16 07:18:16'),
(587,9,186,'uploads/generated/hospital_9/17_HOSPITAL_INFECTION_CONTROL_MANUAL_1786864697.docx','uploads/generated/hospital_9/17_HOSPITAL_INFECTION_CONTROL_MANUAL_1786864697.pdf',NULL,'2026-08-16 07:18:20'),
(588,9,188,'uploads/generated/hospital_9/18_POLICY___PROCEDURE_ON_CLEANING__PACKING__DISINFECTION__STERILISATION__STORAGE_AND_ISSUE_OF_STERILE_ITEMS_1786864700.docx','uploads/generated/hospital_9/18_POLICY___PROCEDURE_ON_CLEANING__PACKING__DISINFECTION__STERILISATION__STORAGE_AND_ISSUE_OF_STERILE_ITEMS_1786864700.pdf',NULL,'2026-08-16 07:18:21'),
(589,9,191,'uploads/generated/hospital_9/19_ANTIMICROBIAL_1786864701.docx','uploads/generated/hospital_9/19_ANTIMICROBIAL_1786864701.pdf',NULL,'2026-08-16 07:18:23'),
(590,9,194,'uploads/generated/hospital_9/20_QUALITY_IMPROVEMENT_MANUAL_1786864703.docx','uploads/generated/hospital_9/20_QUALITY_IMPROVEMENT_MANUAL_1786864703.pdf',NULL,'2026-08-16 07:18:24'),
(591,9,198,'uploads/generated/hospital_9/21_HOSPITAL_ETHICAL_MANAGEMENT_FRAMEWORK_POLICY_1786864705.docx','uploads/generated/hospital_9/21_HOSPITAL_ETHICAL_MANAGEMENT_FRAMEWORK_POLICY_1786864705.pdf',NULL,'2026-08-16 07:18:26'),
(592,9,200,'uploads/generated/hospital_9/22_DOCUMENTED_SUSTAINABILITY_PROGRAMME_OF_THE_ORGANIZATION_1786864706.docx','uploads/generated/hospital_9/22_DOCUMENTED_SUSTAINABILITY_PROGRAMME_OF_THE_ORGANIZATION_1786864706.pdf',NULL,'2026-08-16 07:18:28'),
(593,9,203,'uploads/generated/hospital_9/23_POLICY___PROCEDURE_FOR_SORTING__STORAGE__HANDLING__TRANSPORTATION_AND_DISPOSAL_OF_HAZARDOUS_MATERIALS_1786864708.docx','uploads/generated/hospital_9/23_POLICY___PROCEDURE_FOR_SORTING__STORAGE__HANDLING__TRANSPORTATION_AND_DISPOSAL_OF_HAZARDOUS_MATERIALS_1786864708.pdf',NULL,'2026-08-16 07:18:29'),
(594,9,206,'uploads/generated/hospital_9/24_POLICY___PROCEDURE_FOR_PREVENTIVE_AND_BREAKDOWN_PLANS_FOR_EQUIPMENT_1786864709.docx','uploads/generated/hospital_9/24_POLICY___PROCEDURE_FOR_PREVENTIVE_AND_BREAKDOWN_PLANS_FOR_EQUIPMENT_1786864709.pdf',NULL,'2026-08-16 07:18:31'),
(595,9,209,'uploads/generated/hospital_9/25_POLICY___PROCEDURE_FOR_NON-FIRE_EMERGENCY_MANAGEMENT_1786864711.docx','uploads/generated/hospital_9/25_POLICY___PROCEDURE_FOR_NON-FIRE_EMERGENCY_MANAGEMENT_1786864711.pdf',NULL,'2026-08-16 07:18:33'),
(596,9,213,'uploads/generated/hospital_9/26_POLICY___PROCEDURE_FOR_TRAINING_AND_DEVELOPMENT_OF_STAFF_1786864713.docx','uploads/generated/hospital_9/26_POLICY___PROCEDURE_FOR_TRAINING_AND_DEVELOPMENT_OF_STAFF_1786864713.pdf',NULL,'2026-08-16 07:18:34'),
(597,9,215,'uploads/generated/hospital_9/27_DISCIPLINARY___GRIEVANCE_POLICY_1786864715.docx','uploads/generated/hospital_9/27_DISCIPLINARY___GRIEVANCE_POLICY_1786864715.pdf',NULL,'2026-08-16 07:18:36'),
(598,9,217,'uploads/generated/hospital_9/28_POLICY___PROCEDURE_ON_SAFETY_AND_HEALTH_PROBLEMS_OF_THE_STAFF_1786864716.docx','uploads/generated/hospital_9/28_POLICY___PROCEDURE_ON_SAFETY_AND_HEALTH_PROBLEMS_OF_THE_STAFF_1786864716.pdf',NULL,'2026-08-16 07:18:38'),
(599,9,220,'uploads/generated/hospital_9/29_POLICY___PROCEDURE_FOR_CAPTURE_AND_DISSEMINATION_OF_INFORMATION_1786864718.docx','uploads/generated/hospital_9/29_POLICY___PROCEDURE_FOR_CAPTURE_AND_DISSEMINATION_OF_INFORMATION_1786864718.pdf',NULL,'2026-08-16 07:18:40'),
(600,9,224,'uploads/generated/hospital_9/30_POLICY___PROCEDURE_FOR_MAINTAINING_CONFIDENTIALITY__INTEGRITY_AND_SECURITY_OF_RECORDS__DATA_AND_INFORMATION_1786864720.docx','uploads/generated/hospital_9/30_POLICY___PROCEDURE_FOR_MAINTAINING_CONFIDENTIALITY__INTEGRITY_AND_SECURITY_OF_RECORDS__DATA_AND_INFORMATION_1786864720.pdf',NULL,'2026-08-16 07:18:41'),
(601,9,226,'uploads/generated/hospital_9/31_POLICY___PROCEDURE_FOR_RETENTION_AND_DESTRUCTION_OF_MEDICAL_RECORD_1786864722.docx','uploads/generated/hospital_9/31_POLICY___PROCEDURE_FOR_RETENTION_AND_DESTRUCTION_OF_MEDICAL_RECORD_1786864722.pdf',NULL,'2026-08-16 07:18:43'),
(602,9,227,'uploads/generated/hospital_9/32_POLICY___PROCEDURE_FOR_OPHTHALMIC_EMERGENCY_CARE_1786864723.docx','uploads/generated/hospital_9/32_POLICY___PROCEDURE_FOR_OPHTHALMIC_EMERGENCY_CARE_1786864723.pdf',NULL,'2026-08-16 07:18:45'),
(603,14,42,'uploads/generated/hospital_14/11_ICU_MANUAL_1787252730.docx','uploads/generated/hospital_14/11_ICU_MANUAL_1787252730.pdf',NULL,'2026-08-20 19:05:35'),
(604,14,2,'uploads/generated/hospital_14/1_ADMISSION_AND_REGISTRATION_POLICY_1787252754.docx','uploads/generated/hospital_14/1_ADMISSION_AND_REGISTRATION_POLICY_1787252754.pdf',NULL,'2026-08-20 19:05:55'),
(605,14,3,'uploads/generated/hospital_14/2_POLICY___PROCEDURE_FOR_TRANSFER__IN_AND_OUT__OR_REFERRAL_OF_PATIENTS_1787252755.docx','uploads/generated/hospital_14/2_POLICY___PROCEDURE_FOR_TRANSFER__IN_AND_OUT__OR_REFERRAL_OF_PATIENTS_1787252755.pdf',NULL,'2026-08-20 19:05:57'),
(606,14,4,'uploads/generated/hospital_14/4_POLICY_ON_SPECIMEN_MANAGEMENT_1787252757.docx','uploads/generated/hospital_14/4_POLICY_ON_SPECIMEN_MANAGEMENT_1787252757.pdf',NULL,'2026-08-20 19:05:58'),
(607,14,5,'uploads/generated/hospital_14/5_LABORATORY_SAFETY_MANUAL_1787252758.docx','uploads/generated/hospital_14/5_LABORATORY_SAFETY_MANUAL_1787252758.pdf',NULL,'2026-08-20 19:06:00'),
(608,14,6,'uploads/generated/hospital_14/6_IMAGING_SAFETY_MANUAL_1787252760.docx','uploads/generated/hospital_14/6_IMAGING_SAFETY_MANUAL_1787252760.pdf',NULL,'2026-08-20 19:06:01'),
(609,14,7,'uploads/generated/hospital_14/7_POLICY__DISCHARGE_PROCESS_1787252761.docx','uploads/generated/hospital_14/7_POLICY__DISCHARGE_PROCESS_1787252761.pdf',NULL,'2026-08-20 19:06:03'),
(610,14,8,'uploads/generated/hospital_14/8_NURSING_MANUAL_1787252763.docx','uploads/generated/hospital_14/8_NURSING_MANUAL_1787252763.pdf',NULL,'2026-08-20 19:06:06'),
(611,14,9,'uploads/generated/hospital_14/9_1_POLICY_ON_RATIONAL_USE_OF_BLOOD_AND_BLOOD_PRODUCTS_1787252766.docx','uploads/generated/hospital_14/9_1_POLICY_ON_RATIONAL_USE_OF_BLOOD_AND_BLOOD_PRODUCTS_1787252766.pdf',NULL,'2026-08-20 19:06:07'),
(612,14,10,'uploads/generated/hospital_14/9_2_POLICY_ON_TRANSFUSION_OF_BLOOD_AND_BLOOD_PRODUCTS_1787252768.docx','uploads/generated/hospital_14/9_2_POLICY_ON_TRANSFUSION_OF_BLOOD_AND_BLOOD_PRODUCTS_1787252768.pdf',NULL,'2026-08-20 19:06:09'),
(613,14,11,'uploads/generated/hospital_14/10_Policy___Procedure_for_emergency_1787252769.docx','uploads/generated/hospital_14/10_Policy___Procedure_for_emergency_1787252769.pdf',NULL,'2026-08-20 19:06:10'),
(614,14,12,'uploads/generated/hospital_14/11_ICU_MANUAL_1787252771.docx','uploads/generated/hospital_14/11_ICU_MANUAL_1787252771.pdf',NULL,'2026-08-20 19:06:13'),
(615,14,13,'uploads/generated/hospital_14/12_END_OF_LIFE_CARE_1787252773.docx','uploads/generated/hospital_14/12_END_OF_LIFE_CARE_1787252773.pdf',NULL,'2026-08-20 19:06:14'),
(616,14,14,'uploads/generated/hospital_14/13_POLICY___PROCEDURE_FOR_MANAGEMENT_OF_OBSTETRIC_PATIENTS_1787252774.docx','uploads/generated/hospital_14/13_POLICY___PROCEDURE_FOR_MANAGEMENT_OF_OBSTETRIC_PATIENTS_1787252774.pdf',NULL,'2026-08-20 19:06:16'),
(617,14,15,'uploads/generated/hospital_14/14_POLICY___PROCEDURE_FOR_PAEDIATRIC_SERVICES_1787252776.docx','uploads/generated/hospital_14/14_POLICY___PROCEDURE_FOR_PAEDIATRIC_SERVICES_1787252776.pdf',NULL,'2026-08-20 19:06:17'),
(618,14,16,'uploads/generated/hospital_14/15_POLICY___PROCEDURE_ON_PREVENTION_OF_CHILDNEONATAL_ABDUCTION_AND_ABUSE_1787252777.docx','uploads/generated/hospital_14/15_POLICY___PROCEDURE_ON_PREVENTION_OF_CHILDNEONATAL_ABDUCTION_AND_ABUSE_1787252777.pdf',NULL,'2026-08-20 19:06:19'),
(619,14,17,'uploads/generated/hospital_14/16_POLICY___PROCEDURE_FOR_PROCEDURAL_SEDATION_1787252779.docx','uploads/generated/hospital_14/16_POLICY___PROCEDURE_FOR_PROCEDURAL_SEDATION_1787252779.pdf',NULL,'2026-08-20 19:06:21'),
(620,14,18,'uploads/generated/hospital_14/17_POLICY_ON_ANESTHESIA_ADMINISTRATION_1787252781.docx','uploads/generated/hospital_14/17_POLICY_ON_ANESTHESIA_ADMINISTRATION_1787252781.pdf',NULL,'2026-08-20 19:06:22'),
(621,14,19,'uploads/generated/hospital_14/18_POLICY___PROCEDURE_FOR_SURGICAL_AND_NON-SURGICAL_PROCEDURES_1787252782.docx','uploads/generated/hospital_14/18_POLICY___PROCEDURE_FOR_SURGICAL_AND_NON-SURGICAL_PROCEDURES_1787252782.pdf',NULL,'2026-08-20 19:06:24'),
(622,14,20,'uploads/generated/hospital_14/19_POLICY___PROCEDURE_ON_CARE_OF_VULNERABLE_PATIENTS_1787252784.docx','uploads/generated/hospital_14/19_POLICY___PROCEDURE_ON_CARE_OF_VULNERABLE_PATIENTS_1787252784.pdf',NULL,'2026-08-20 19:06:26'),
(623,14,21,'uploads/generated/hospital_14/20_POLICY___PROCEDURE_ON_MEDICATION_MANAGEMENT_1787252786.docx','uploads/generated/hospital_14/20_POLICY___PROCEDURE_ON_MEDICATION_MANAGEMENT_1787252786.pdf',NULL,'2026-08-20 19:06:27'),
(624,14,22,'uploads/generated/hospital_14/21_POLICY___PROCEDURE_ON_VERBAL_ORDERS_1787252787.docx','uploads/generated/hospital_14/21_POLICY___PROCEDURE_ON_VERBAL_ORDERS_1787252787.pdf',NULL,'2026-08-20 19:06:29'),
(625,14,23,'uploads/generated/hospital_14/22_POLICY___PROCEDURE_FOR_THE_USE_OF_NARCOTIC_DRUGS_1787252789.docx','uploads/generated/hospital_14/22_POLICY___PROCEDURE_FOR_THE_USE_OF_NARCOTIC_DRUGS_1787252789.pdf',NULL,'2026-08-20 19:06:30'),
(626,14,24,'uploads/generated/hospital_14/23_POLICY_ON_IMPLANTABLE_PROSTHESES_MANAGEMENT_1787252791.docx','uploads/generated/hospital_14/23_POLICY_ON_IMPLANTABLE_PROSTHESES_MANAGEMENT_1787252791.pdf',NULL,'2026-08-20 19:06:32'),
(627,14,25,'uploads/generated/hospital_14/24_POLICY___PROCEDURE_ON_EFFECTIVE_COMMUNICATION_1787252792.docx','uploads/generated/hospital_14/24_POLICY___PROCEDURE_ON_EFFECTIVE_COMMUNICATION_1787252792.pdf',NULL,'2026-08-20 19:06:33'),
(628,14,26,'uploads/generated/hospital_14/25_POLICY___PROCEDURE_ON_FEEDBACK_AND_COMPLAINTS_1787252793.docx','uploads/generated/hospital_14/25_POLICY___PROCEDURE_ON_FEEDBACK_AND_COMPLAINTS_1787252793.pdf',NULL,'2026-08-20 19:06:35'),
(629,14,27,'uploads/generated/hospital_14/26_HOSPITAL_INFECTION_CONTROL_MANUAL_1787252795.docx','uploads/generated/hospital_14/26_HOSPITAL_INFECTION_CONTROL_MANUAL_1787252795.pdf',NULL,'2026-08-20 19:06:39'),
(630,14,28,'uploads/generated/hospital_14/27_POLICY___PROCEDURE_ON_CLEANING_PACKING_DISINFECTION_ANDOR_STERILISATION__STORAGE_AND_ISSUE_OF_ITEMS_1787252799.docx','uploads/generated/hospital_14/27_POLICY___PROCEDURE_ON_CLEANING_PACKING_DISINFECTION_ANDOR_STERILISATION__STORAGE_AND_ISSUE_OF_ITEMS_1787252799.pdf',NULL,'2026-08-20 19:06:40'),
(631,14,29,'uploads/generated/hospital_14/28_QUALITY_IMPROVEMENT___SAFETY_MANUAL_1787252801.docx','uploads/generated/hospital_14/28_QUALITY_IMPROVEMENT___SAFETY_MANUAL_1787252801.pdf',NULL,'2026-08-20 19:06:42'),
(632,14,30,'uploads/generated/hospital_14/29_POLICY___PROCEDURE_FOR_SORTING__STORAGE__HANDLING__TRANSPORTATION_AND_DISPOSAL_OF_HAZARDOUS_MATERIALS_1787252802.docx','uploads/generated/hospital_14/29_POLICY___PROCEDURE_FOR_SORTING__STORAGE__HANDLING__TRANSPORTATION_AND_DISPOSAL_OF_HAZARDOUS_MATERIALS_1787252802.pdf',NULL,'2026-08-20 19:06:44'),
(633,14,31,'uploads/generated/hospital_14/30_POLICY___PROCEDURE_FOR_PREVENTIVE_AND_BREAKDOWN_PLANS_FOR_EQUIPMENT_1787252804.docx','uploads/generated/hospital_14/30_POLICY___PROCEDURE_FOR_PREVENTIVE_AND_BREAKDOWN_PLANS_FOR_EQUIPMENT_1787252804.pdf',NULL,'2026-08-20 19:06:45'),
(634,14,32,'uploads/generated/hospital_14/31_POLICY___PROCEDURE_FOR_TRAINING_AND_DEVELOPMENT_OF_STAFF_1787252806.docx','uploads/generated/hospital_14/31_POLICY___PROCEDURE_FOR_TRAINING_AND_DEVELOPMENT_OF_STAFF_1787252806.pdf',NULL,'2026-08-20 19:06:47'),
(635,14,33,'uploads/generated/hospital_14/32_DISCIPLINARY___GRIEVANCE_POLICY_1787252807.docx','uploads/generated/hospital_14/32_DISCIPLINARY___GRIEVANCE_POLICY_1787252807.pdf',NULL,'2026-08-20 19:06:48'),
(636,14,34,'uploads/generated/hospital_14/33_POLICY___PROCEDURE_ON_SAFETY_AND_HEALTH_PROBLEMS_OF_THE_STAFF_1787252808.docx','uploads/generated/hospital_14/33_POLICY___PROCEDURE_ON_SAFETY_AND_HEALTH_PROBLEMS_OF_THE_STAFF_1787252808.pdf',NULL,'2026-08-20 19:06:50'),
(637,14,35,'uploads/generated/hospital_14/34_POLICY___PROCEDURE_FOR_CAPTURE_AND_DISSEMINATION_OF_INFORMATION_1787252810.docx','uploads/generated/hospital_14/34_POLICY___PROCEDURE_FOR_CAPTURE_AND_DISSEMINATION_OF_INFORMATION_1787252810.pdf',NULL,'2026-08-20 19:06:52'),
(638,14,36,'uploads/generated/hospital_14/36_POLICY___PROCEDURE_FOR_MAINTAINING_CONFIDENTIALITY_1787252812.docx','uploads/generated/hospital_14/36_POLICY___PROCEDURE_FOR_MAINTAINING_CONFIDENTIALITY_1787252812.pdf',NULL,'2026-08-20 19:06:53'),
(639,14,37,'uploads/generated/hospital_14/37_DOCUMENTED_PROCEDURES_EXIST_FOR_RETENTION_TIME_1787252813.docx','uploads/generated/hospital_14/37_DOCUMENTED_PROCEDURES_EXIST_FOR_RETENTION_TIME_1787252813.pdf',NULL,'2026-08-20 19:06:54'),
(640,14,38,'uploads/generated/hospital_14/38_POLICY___PROCEDURE_ON_PROTECTION_OF_PATIENTS_FROM_PHYSICAL_ABUSE___NEGLECT_1787252814.docx','uploads/generated/hospital_14/38_POLICY___PROCEDURE_ON_PROTECTION_OF_PATIENTS_FROM_PHYSICAL_ABUSE___NEGLECT_1787252814.pdf',NULL,'2026-08-20 19:06:56'),
(641,14,39,'uploads/generated/hospital_14/39_CODE_OF_CONDUCT_FOR_STAFF_1787252816.docx','uploads/generated/hospital_14/39_CODE_OF_CONDUCT_FOR_STAFF_1787252816.pdf',NULL,'2026-08-20 19:06:57'),
(642,14,40,'uploads/generated/hospital_14/40_POLICY___PROCEDURE_FOR_CLEANING_OF_INFECTED_AND_NON-INFECTED_PATIENT_ROOMS_1787252818.docx','uploads/generated/hospital_14/40_POLICY___PROCEDURE_FOR_CLEANING_OF_INFECTED_AND_NON-INFECTED_PATIENT_ROOMS_1787252818.pdf',NULL,'2026-08-20 19:06:59'),
(643,14,41,'uploads/generated/hospital_14/41_ANTIMICROBIAL_USAGE_POLICY__1__1787252819.docx','uploads/generated/hospital_14/41_ANTIMICROBIAL_USAGE_POLICY__1__1787252819.pdf',NULL,'2026-08-20 19:07:00');

--
-- Table structure for table `hospital_checklist_submissions`
--

CREATE TABLE `hospital_checklist_submissions` (
  `id` int(11) NOT NULL AUTO_INCREMENT,
  `hospital_id` int(11) NOT NULL,
  `checklist_type_id` int(11) NOT NULL,
  `status` varchar(30) NOT NULL DEFAULT 'draft',
  `submitted_at` timestamp NULL DEFAULT NULL,
  `created_at` timestamp NULL DEFAULT current_timestamp(),
  `updated_at` timestamp NULL DEFAULT current_timestamp() ON UPDATE current_timestamp(),
  PRIMARY KEY (`id`),
  UNIQUE KEY `uq_hospital_checklist` (`hospital_id`,`checklist_type_id`),
  KEY `idx_submission_hospital` (`hospital_id`),
  KEY `idx_submission_checklist` (`checklist_type_id`),
  KEY `idx_submission_updated` (`updated_at`),
  CONSTRAINT `fk_submission_checklist` FOREIGN KEY (`checklist_type_id`) REFERENCES `checklist_types` (`id`) ON DELETE CASCADE ON UPDATE CASCADE
) ENGINE=InnoDB AUTO_INCREMENT=2 DEFAULT CHARSET=utf8mb4 COLLATE=utf8mb4_unicode_ci;

--
-- Dumping data for table `hospital_checklist_submissions`
--

INSERT INTO `hospital_checklist_submissions` VALUES
(1,1,1,'draft',NULL,'2026-08-16 15:57:42','2026-08-23 18:38:42');

--
-- Table structure for table `hospital_policies`
--

CREATE TABLE `hospital_policies` (
  `id` int(11) NOT NULL AUTO_INCREMENT,
  `hospital_id` int(11) NOT NULL,
  `document_id` int(11) NOT NULL,
  `creation_date` date NOT NULL,
  `implementation_date` date NOT NULL,
  `revision_number` varchar(2) NOT NULL DEFAULT '00',
  `created_at` timestamp NULL DEFAULT current_timestamp(),
  `updated_at` timestamp NULL DEFAULT current_timestamp() ON UPDATE current_timestamp(),
  PRIMARY KEY (`id`),
  UNIQUE KEY `unique_policy` (`hospital_id`,`document_id`),
  KEY `idx_hospital` (`hospital_id`),
  KEY `idx_document` (`document_id`)
) ENGINE=MyISAM AUTO_INCREMENT=558 DEFAULT CHARSET=utf8mb4 COLLATE=utf8mb4_unicode_ci;

--
-- Dumping data for table `hospital_policies`
--

INSERT INTO `hospital_policies` VALUES
(1,2,2,'2026-01-23','2026-01-24','00','2026-07-28 18:35:52','2026-07-28 18:35:52'),
(2,2,4,'2026-01-27','2026-01-28','00','2026-07-28 18:37:57','2026-07-28 18:37:57'),
(3,2,9,'2026-02-06','2026-02-07','00','2026-07-28 18:38:15','2026-07-28 18:38:15'),
(4,2,12,'2026-02-12','2026-02-13','00','2026-07-28 18:38:30','2026-07-28 18:38:30'),
(5,2,13,'2026-02-14','2026-02-15','00','2026-07-28 18:38:48','2026-07-28 18:38:48'),
(6,2,14,'2026-02-16','2026-02-17','00','2026-07-28 18:39:54','2026-07-28 18:39:54'),
(7,2,11,'2026-02-10','2026-02-11','00','2026-07-29 09:29:12','2026-07-29 09:29:12'),
(8,2,42,'2026-04-13','2026-04-14','00','2026-07-29 09:32:31','2026-07-29 09:32:31'),
(9,2,43,'2026-01-23','2026-01-24','00','2026-07-30 19:22:56','2026-07-30 19:22:56'),
(10,2,61,'2026-01-25','2026-01-26','00','2026-07-30 19:42:06','2026-07-30 19:42:06'),
(11,1,61,'2026-07-25','2026-07-26','00','2026-07-31 16:32:35','2026-07-31 16:32:35'),
(12,9,61,'2026-06-03','2026-06-04','00','2026-07-31 16:46:29','2026-07-31 16:46:29'),
(13,9,62,'2026-06-06','2026-06-07','00','2026-07-31 16:52:21','2026-07-31 16:52:21'),
(14,9,67,'2026-06-16','2026-06-17','00','2026-07-31 16:53:15','2026-07-31 16:53:15'),
(15,9,63,'2026-06-08','2026-06-09','00','2026-07-31 16:55:42','2026-07-31 16:55:42'),
(16,9,75,'2026-07-02','2026-07-03','00','2026-07-31 16:56:08','2026-07-31 16:56:08'),
(17,9,64,'2026-06-10','2026-06-11','00','2026-07-31 16:59:49','2026-07-31 16:59:49'),
(18,9,65,'2026-06-12','2026-06-13','00','2026-07-31 17:32:40','2026-07-31 17:32:40'),
(19,9,66,'2026-06-14','2026-06-15','00','2026-07-31 17:38:25','2026-07-31 17:38:25'),
(20,9,68,'2026-06-18','2026-06-19','00','2026-07-31 17:40:46','2026-07-31 17:40:46'),
(21,9,69,'2026-06-20','2026-06-21','00','2026-07-31 17:42:56','2026-07-31 17:42:56'),
(22,9,70,'2026-06-22','2026-06-23','00','2026-07-31 17:43:59','2026-07-31 17:43:59'),
(23,9,71,'2026-06-24','2026-06-25','00','2026-07-31 17:50:31','2026-07-31 17:50:31'),
(24,9,72,'2026-06-26','2026-06-27','00','2026-07-31 17:52:16','2026-07-31 17:52:16'),
(25,9,73,'2026-06-28','2026-06-29','00','2026-07-31 17:52:57','2026-07-31 17:52:57'),
(26,9,74,'2026-06-30','2026-07-01','00','2026-07-31 17:54:36','2026-07-31 17:54:36'),
(27,9,76,'2026-07-04','2026-07-05','00','2026-07-31 17:55:36','2026-07-31 17:55:36'),
(28,9,77,'2026-07-06','2026-07-07','00','2026-07-31 17:56:00','2026-07-31 17:56:00'),
(29,9,78,'2026-07-08','2026-07-09','00','2026-07-31 17:56:52','2026-07-31 17:56:52'),
(30,9,79,'2026-07-10','2026-07-11','00','2026-07-31 17:57:15','2026-07-31 17:57:15'),
(31,9,80,'2026-07-12','2026-07-13','00','2026-07-31 17:57:33','2026-07-31 17:57:33'),
(32,9,81,'2026-07-14','2026-07-15','00','2026-07-31 17:59:45','2026-07-31 17:59:45'),
(33,9,82,'2026-07-16','2026-07-17','00','2026-07-31 18:00:26','2026-07-31 18:00:26'),
(34,9,83,'2026-07-18','2026-07-19','00','2026-07-31 18:02:00','2026-07-31 18:02:00'),
(35,9,84,'2026-07-20','2026-07-21','00','2026-07-31 18:02:28','2026-07-31 18:02:28'),
(36,9,85,'2026-07-22','2026-07-23','00','2026-07-31 18:03:55','2026-07-31 18:03:55'),
(37,9,86,'2026-07-24','2026-07-25','00','2026-07-31 18:04:58','2026-07-31 18:04:58'),
(38,9,87,'2026-07-26','2026-07-27','00','2026-07-31 18:06:42','2026-07-31 18:06:42'),
(39,9,88,'2026-07-28','2026-07-29','00','2026-07-31 18:07:12','2026-07-31 18:07:12'),
(40,9,89,'2026-07-30','2026-07-31','00','2026-07-31 18:07:57','2026-07-31 18:07:57'),
(41,9,90,'2026-08-01','2026-08-02','00','2026-07-31 18:08:47','2026-07-31 18:08:47'),
(42,9,91,'2026-08-03','2026-08-04','00','2026-07-31 18:09:50','2026-07-31 18:09:50'),
(43,9,92,'2026-08-05','2026-08-06','00','2026-07-31 18:10:36','2026-07-31 18:10:36'),
(44,5,2,'2026-05-01','2026-05-02','00','2026-08-01 07:17:47','2026-08-01 07:17:47'),
(45,5,3,'2026-05-03','2026-05-04','00','2026-08-01 07:18:11','2026-08-01 07:18:11'),
(46,5,4,'2026-05-05','2026-05-06','00','2026-08-01 07:18:19','2026-08-01 07:18:19'),
(47,5,9,'2026-05-15','2026-05-16','00','2026-08-01 07:18:43','2026-08-01 07:18:43'),
(48,5,31,'2026-06-28','2026-06-29','00','2026-08-01 07:19:37','2026-08-01 07:19:37'),
(49,5,41,'2026-07-18','2026-07-19','00','2026-08-01 07:21:11','2026-08-01 07:21:11'),
(50,5,5,'2026-05-07','2026-05-08','00','2026-08-01 07:21:45','2026-08-01 07:21:45'),
(51,5,6,'2026-05-09','2026-05-10','00','2026-08-01 07:22:04','2026-08-01 07:22:04'),
(52,5,7,'2026-05-11','2026-05-12','00','2026-08-01 07:22:21','2026-08-01 07:22:21'),
(53,5,8,'2026-05-13','2026-05-14','00','2026-08-01 07:22:30','2026-08-01 07:22:30'),
(54,5,10,'2026-05-17','2026-05-18','00','2026-08-01 07:22:47','2026-08-01 07:22:47'),
(55,5,11,'2026-05-19','2026-05-20','00','2026-08-01 07:22:57','2026-08-01 07:22:57'),
(56,5,12,'2026-05-21','2026-05-22','00','2026-08-01 07:24:37','2026-08-01 07:24:37'),
(57,5,13,'2026-05-23','2026-05-24','00','2026-08-01 07:24:48','2026-08-01 07:24:48'),
(58,5,14,'2026-05-25','2026-05-26','00','2026-08-01 07:24:57','2026-08-01 07:24:57'),
(59,5,15,'2026-05-27','2026-05-28','00','2026-08-01 07:25:09','2026-08-01 07:25:09'),
(60,5,16,'2026-05-29','2026-05-30','00','2026-08-01 07:25:21','2026-08-01 07:25:21'),
(61,5,17,'2026-05-31','2026-06-01','00','2026-08-01 07:26:00','2026-08-01 07:26:00'),
(62,5,18,'2026-06-02','2026-06-03','00','2026-08-01 07:26:14','2026-08-01 07:26:14'),
(63,5,19,'2026-06-04','2026-06-05','00','2026-08-01 07:26:25','2026-08-01 07:26:25'),
(64,5,20,'2026-06-06','2026-06-07','00','2026-08-01 07:26:36','2026-08-01 07:26:36'),
(65,5,21,'2026-06-08','2026-06-09','00','2026-08-01 07:27:12','2026-08-01 07:27:12'),
(66,5,23,'2026-06-12','2026-06-13','00','2026-08-01 07:27:24','2026-08-01 07:27:24'),
(67,5,22,'2026-06-10','2026-06-11','00','2026-08-01 07:27:45','2026-08-01 07:27:45'),
(68,5,24,'2026-06-14','2026-06-15','00','2026-08-01 07:28:10','2026-08-01 07:28:10'),
(69,5,25,'2026-06-16','2026-06-17','00','2026-08-01 07:29:14','2026-08-01 07:29:14'),
(70,5,26,'2026-06-18','2026-06-19','00','2026-08-01 07:30:02','2026-08-01 07:30:02'),
(71,5,27,'2026-06-20','2026-06-21','00','2026-08-01 07:30:17','2026-08-01 07:30:17'),
(72,5,28,'2026-06-22','2026-06-23','00','2026-08-01 07:30:34','2026-08-01 07:30:34'),
(73,5,29,'2026-06-24','2026-06-25','00','2026-08-01 07:30:47','2026-08-01 07:30:47'),
(74,5,30,'2026-06-26','2026-06-27','00','2026-08-01 07:30:59','2026-08-01 07:30:59'),
(75,5,32,'2026-06-30','2026-07-01','00','2026-08-01 07:31:29','2026-08-01 07:31:29'),
(76,5,33,'2026-07-02','2026-07-03','00','2026-08-01 07:31:40','2026-08-01 07:31:40'),
(77,5,34,'2026-07-04','2026-07-05','00','2026-08-01 07:32:17','2026-08-01 07:32:17'),
(78,5,35,'2026-07-06','2026-07-07','00','2026-08-01 07:32:42','2026-08-01 07:32:42'),
(79,5,36,'2026-07-08','2026-07-09','00','2026-08-01 07:32:57','2026-08-01 07:32:57'),
(80,5,37,'2026-07-10','2026-07-11','00','2026-08-01 07:33:11','2026-08-01 07:33:11'),
(81,5,38,'2026-07-12','2026-07-13','00','2026-08-01 07:34:22','2026-08-01 07:34:22'),
(82,5,39,'2026-07-14','2026-07-15','00','2026-08-01 07:34:34','2026-08-01 07:34:34'),
(83,5,40,'2026-07-16','2026-07-17','00','2026-08-01 07:34:48','2026-08-01 07:34:48'),
(84,5,42,'2026-07-20','2026-07-21','00','2026-08-01 07:35:19','2026-08-01 07:35:19'),
(85,9,2,'2026-06-02','2026-06-03','00','2026-08-01 11:40:18','2026-08-01 11:40:18'),
(86,9,3,'2026-06-04','2026-06-05','00','2026-08-01 11:40:24','2026-08-01 11:40:24'),
(87,9,4,'2026-06-06','2026-06-07','00','2026-08-01 11:40:33','2026-08-01 11:40:33'),
(88,9,5,'2026-06-08','2026-06-09','00','2026-08-01 11:40:44','2026-08-01 11:40:44'),
(89,9,6,'2026-06-10','2026-06-11','00','2026-08-01 11:40:53','2026-08-01 11:40:53'),
(90,9,7,'2026-06-12','2026-06-13','00','2026-08-01 11:41:00','2026-08-01 11:41:00'),
(91,9,8,'2026-06-14','2026-06-15','00','2026-08-01 11:41:08','2026-08-01 11:41:08'),
(92,9,9,'2026-06-16','2026-06-17','00','2026-08-01 11:41:22','2026-08-01 11:41:22'),
(93,9,10,'2026-06-18','2026-06-19','00','2026-08-01 11:41:31','2026-08-01 11:41:31'),
(94,9,11,'2026-06-20','2026-06-21','00','2026-08-01 11:41:39','2026-08-01 11:41:39'),
(95,9,12,'2026-06-22','2026-06-23','00','2026-08-01 11:41:48','2026-08-01 11:41:48'),
(96,9,13,'2026-06-24','2026-06-25','00','2026-08-01 11:41:57','2026-08-01 11:41:57'),
(97,9,14,'2026-06-26','2026-06-27','00','2026-08-01 11:42:07','2026-08-01 11:42:07'),
(98,9,15,'2026-06-28','2026-06-29','00','2026-08-01 11:42:14','2026-08-01 11:42:14'),
(99,9,16,'2026-06-30','2026-07-01','00','2026-08-01 11:42:22','2026-08-01 11:42:22'),
(100,9,17,'2026-07-02','2026-07-03','00','2026-08-01 11:42:32','2026-08-01 11:42:32'),
(101,9,18,'2026-07-04','2026-07-05','00','2026-08-01 11:42:42','2026-08-01 11:42:42'),
(102,9,19,'2026-07-06','2026-07-07','00','2026-08-01 11:42:53','2026-08-01 11:42:53'),
(103,9,20,'2026-07-08','2026-07-09','00','2026-08-01 11:43:01','2026-08-01 11:43:01'),
(104,9,21,'2026-07-10','2026-07-11','00','2026-08-01 11:43:10','2026-08-01 11:43:10'),
(105,9,22,'2026-07-12','2026-07-13','00','2026-08-01 11:43:22','2026-08-01 11:43:22'),
(106,9,23,'2026-07-14','2026-07-15','00','2026-08-01 11:43:31','2026-08-01 11:43:31'),
(107,9,24,'2026-07-16','2026-07-17','00','2026-08-01 11:43:38','2026-08-01 11:43:38'),
(108,9,25,'2026-07-18','2026-07-19','00','2026-08-01 11:43:47','2026-08-01 11:43:47'),
(109,9,26,'2026-07-20','2026-07-21','00','2026-08-01 11:44:14','2026-08-01 11:44:14'),
(110,9,27,'2026-07-22','2026-07-23','00','2026-08-01 11:44:22','2026-08-01 11:44:22'),
(111,9,28,'2026-07-24','2026-07-25','00','2026-08-01 11:44:39','2026-08-01 11:44:39'),
(112,9,29,'2026-07-26','2026-07-27','00','2026-08-01 11:44:49','2026-08-01 11:44:49'),
(113,9,30,'2026-07-28','2026-07-29','00','2026-08-01 11:44:58','2026-08-01 11:44:58'),
(114,9,31,'2026-07-30','2026-07-31','00','2026-08-01 11:45:07','2026-08-01 11:45:07'),
(115,9,32,'2026-08-01','2026-08-02','00','2026-08-01 11:45:15','2026-08-01 11:45:15'),
(116,9,33,'2026-08-03','2026-08-04','00','2026-08-01 11:45:24','2026-08-01 11:45:24'),
(117,9,34,'2026-08-05','2026-08-06','00','2026-08-01 11:45:35','2026-08-01 11:45:35'),
(118,9,35,'2026-08-07','2026-08-08','00','2026-08-01 11:45:46','2026-08-01 11:45:46'),
(119,9,36,'2026-08-09','2026-08-10','00','2026-08-01 11:45:57','2026-08-01 11:45:57'),
(120,9,37,'2026-08-11','2026-08-12','00','2026-08-01 11:46:11','2026-08-01 11:46:11'),
(121,9,38,'2026-08-13','2026-08-14','00','2026-08-01 11:46:19','2026-08-01 11:46:19'),
(122,9,39,'2026-08-15','2026-08-16','00','2026-08-01 11:46:26','2026-08-01 11:46:26'),
(123,9,40,'2026-08-17','2026-08-18','00','2026-08-01 11:46:34','2026-08-01 11:46:34'),
(124,9,41,'2026-08-19','2026-08-20','00','2026-08-01 11:46:44','2026-08-01 11:46:44'),
(125,9,42,'2026-08-21','2026-08-22','00','2026-08-01 11:46:55','2026-08-01 11:46:55'),
(126,10,61,'2026-06-03','2026-06-04','00','2026-08-01 11:57:20','2026-08-01 11:57:20'),
(127,10,62,'2026-06-05','2026-06-06','00','2026-08-01 11:57:58','2026-08-01 11:57:58'),
(128,10,63,'2026-06-07','2026-06-08','00','2026-08-01 11:58:03','2026-08-01 11:58:03'),
(129,10,64,'2026-06-09','2026-06-10','00','2026-08-01 11:58:12','2026-08-01 11:58:12'),
(130,10,65,'2026-06-11','2026-06-12','00','2026-08-01 11:58:19','2026-08-01 11:58:19'),
(131,10,66,'2026-06-13','2026-06-14','00','2026-08-01 11:58:27','2026-08-01 11:58:27'),
(132,10,67,'2026-06-15','2026-06-16','00','2026-08-01 11:58:39','2026-08-01 11:58:39'),
(133,10,68,'2026-06-17','2026-06-18','00','2026-08-01 11:58:49','2026-08-01 11:58:49'),
(134,10,69,'2026-06-19','2026-06-20','00','2026-08-01 11:58:54','2026-08-01 11:58:54'),
(135,10,70,'2026-06-21','2026-06-22','00','2026-08-01 11:59:05','2026-08-01 11:59:05'),
(136,10,71,'2026-06-23','2026-06-24','00','2026-08-01 11:59:15','2026-08-01 11:59:15'),
(137,10,72,'2026-06-25','2026-06-26','00','2026-08-01 11:59:28','2026-08-01 11:59:28'),
(138,10,73,'2026-06-27','2026-06-28','00','2026-08-01 11:59:42','2026-08-01 11:59:42'),
(139,10,74,'2026-06-29','2026-06-30','00','2026-08-01 12:00:15','2026-08-01 12:00:15'),
(140,10,75,'2026-07-01','2026-07-02','00','2026-08-01 12:00:23','2026-08-01 12:00:23'),
(141,10,76,'2026-07-03','2026-07-04','00','2026-08-01 12:00:31','2026-08-01 12:00:31'),
(142,10,77,'2026-07-05','2026-07-06','00','2026-08-01 12:00:39','2026-08-01 12:00:39'),
(143,10,78,'2026-07-07','2026-07-08','00','2026-08-01 12:00:51','2026-08-01 12:00:51'),
(144,10,79,'2026-07-09','2026-07-10','00','2026-08-01 12:01:07','2026-08-01 12:01:07'),
(145,10,80,'2026-07-11','2026-07-12','00','2026-08-01 12:01:16','2026-08-01 12:01:16'),
(146,10,81,'2026-07-13','2026-07-14','00','2026-08-01 12:01:23','2026-08-01 12:01:23'),
(147,10,82,'2026-07-15','2026-07-16','00','2026-08-01 12:01:32','2026-08-01 12:01:32'),
(148,10,83,'2026-07-17','2026-07-18','00','2026-08-01 12:01:41','2026-08-01 12:01:41'),
(149,10,84,'2026-07-19','2026-07-20','00','2026-08-01 12:01:50','2026-08-01 12:01:50'),
(150,10,85,'2026-07-21','2026-07-22','00','2026-08-01 12:01:59','2026-08-01 12:01:59'),
(151,10,86,'2026-07-23','2026-07-24','00','2026-08-01 12:02:13','2026-08-01 12:02:13'),
(152,10,87,'2026-07-25','2026-07-26','00','2026-08-01 12:02:20','2026-08-01 12:02:20'),
(153,10,88,'2026-07-27','2026-07-28','00','2026-08-01 12:02:28','2026-08-01 12:02:28'),
(154,10,89,'2026-07-29','2026-07-30','00','2026-08-01 12:02:35','2026-08-01 12:02:35'),
(155,10,90,'2026-07-31','2026-08-01','00','2026-08-01 12:02:42','2026-08-01 12:02:42'),
(156,10,91,'2026-08-02','2026-08-03','00','2026-08-01 12:02:51','2026-08-01 12:02:51'),
(157,10,92,'2026-08-04','2026-08-05','00','2026-08-01 12:03:11','2026-08-01 12:03:11'),
(158,2,64,'2026-01-31','2026-02-01','00','2026-08-01 18:26:52','2026-08-01 18:26:52'),
(159,2,63,'2026-01-29','2026-01-30','00','2026-08-01 18:52:48','2026-08-01 18:52:48'),
(160,2,65,'2026-02-02','2026-02-03','00','2026-08-01 19:14:05','2026-08-01 19:14:05'),
(161,2,69,'2026-02-10','2026-02-11','00','2026-08-01 19:27:12','2026-08-01 19:27:12'),
(162,5,82,'2026-06-14','2026-06-15','00','2026-08-02 09:10:26','2026-08-02 09:10:26'),
(163,8,2,'2026-04-01','2026-04-02','00','2026-08-02 09:59:26','2026-08-02 09:59:26'),
(164,8,14,'2026-04-25','2026-04-26','00','2026-08-02 10:01:30','2026-08-02 10:01:30'),
(165,8,21,'2026-05-09','2026-05-10','00','2026-08-02 10:01:57','2026-08-02 10:01:57'),
(166,8,33,'2026-06-02','2026-06-03','00','2026-08-02 10:02:08','2026-08-02 10:02:08'),
(167,8,26,'2026-05-19','2026-05-20','00','2026-08-02 10:02:22','2026-08-02 10:02:22'),
(168,8,25,'2026-05-17','2026-05-18','00','2026-08-02 10:02:33','2026-08-02 10:02:33'),
(169,5,86,'2026-06-22','2026-06-23','00','2026-08-02 10:12:41','2026-08-02 10:12:41'),
(170,10,39,'2026-08-14','2026-08-15','00','2026-08-02 13:00:53','2026-08-02 13:00:53'),
(171,5,72,'2026-05-25','2026-05-26','00','2026-08-02 16:56:56','2026-08-02 16:56:56'),
(172,5,61,'2026-05-03','2026-05-04','00','2026-08-03 15:40:35','2026-08-03 15:40:35'),
(173,10,93,'2026-06-02','2026-06-03','00','2026-08-04 09:14:48','2026-08-04 09:14:48'),
(174,10,94,'2026-06-02','2026-06-03','00','2026-08-04 09:19:59','2026-08-04 09:19:59'),
(175,3,2,'2026-06-01','2026-06-02','00','2026-08-04 14:29:24','2026-08-04 14:29:24'),
(176,3,42,'2026-09-20','2026-09-21','00','2026-08-04 14:34:25','2026-08-04 14:34:25'),
(177,3,5,'2026-07-08','2026-07-09','00','2026-08-04 14:34:41','2026-08-04 14:34:41'),
(178,3,6,'2026-07-10','2026-07-11','00','2026-08-04 14:35:03','2026-08-04 14:35:03'),
(179,8,22,'2026-05-11','2026-05-12','00','2026-08-04 17:11:34','2026-08-04 17:11:34'),
(180,8,94,'2026-04-01','2026-04-02','00','2026-08-04 17:12:16','2026-08-04 17:12:16'),
(181,9,95,'2026-06-02','2026-06-03','00','2026-08-05 11:59:50','2026-08-05 11:59:50'),
(182,9,96,'2026-06-02','2026-06-03','00','2026-08-05 12:04:58','2026-08-05 12:04:58'),
(183,3,3,'2026-07-04','2026-07-05','00','2026-08-05 18:36:25','2026-08-05 18:36:25'),
(184,3,4,'2026-07-06','2026-07-07','00','2026-08-05 18:36:39','2026-08-05 18:36:39'),
(185,3,7,'2026-07-12','2026-07-13','00','2026-08-05 18:37:06','2026-08-05 18:37:06'),
(186,3,8,'2026-07-14','2026-07-15','00','2026-08-05 18:37:16','2026-08-05 18:37:16'),
(187,3,9,'2026-07-16','2026-07-17','00','2026-08-05 18:37:28','2026-08-05 18:37:28'),
(188,3,10,'2026-07-18','2026-07-19','00','2026-08-05 18:37:40','2026-08-05 18:37:40'),
(189,3,11,'2026-07-20','2026-07-21','00','2026-08-05 18:38:12','2026-08-05 18:38:12'),
(190,3,12,'2026-07-22','2026-07-23','00','2026-08-05 18:38:21','2026-08-05 18:38:21'),
(191,3,13,'2026-07-24','2026-07-25','00','2026-08-05 18:38:46','2026-08-05 18:38:46'),
(192,3,14,'2026-07-26','2026-07-27','00','2026-08-05 18:38:57','2026-08-05 18:38:57'),
(193,3,15,'2026-07-28','2026-07-29','00','2026-08-05 18:39:06','2026-08-05 18:39:06'),
(194,3,16,'2026-07-30','2026-07-31','00','2026-08-05 18:39:17','2026-08-05 18:39:17'),
(195,3,17,'2026-08-01','2026-08-02','00','2026-08-05 18:40:30','2026-08-05 18:40:30'),
(196,3,18,'2026-08-03','2026-08-04','00','2026-08-05 18:40:40','2026-08-05 18:40:40'),
(197,3,19,'2026-08-05','2026-08-06','00','2026-08-05 18:40:50','2026-08-05 18:40:50'),
(198,3,20,'2026-08-07','2026-08-08','00','2026-08-05 18:40:59','2026-08-05 18:40:59'),
(199,3,21,'2026-08-09','2026-08-10','00','2026-08-05 18:41:10','2026-08-05 18:41:10'),
(200,3,22,'2026-08-11','2026-08-12','00','2026-08-05 18:41:20','2026-08-05 18:41:20'),
(201,3,23,'2026-08-13','2026-08-14','00','2026-08-05 18:41:30','2026-08-05 18:41:30'),
(202,3,24,'2026-08-15','2026-08-16','00','2026-08-05 18:41:41','2026-08-05 18:41:41'),
(203,3,25,'2026-08-17','2026-08-18','00','2026-08-05 18:41:51','2026-08-05 18:41:51'),
(204,3,26,'2026-08-19','2026-08-20','00','2026-08-05 18:42:08','2026-08-05 18:42:08'),
(205,3,27,'2026-08-21','2026-08-22','00','2026-08-05 18:42:18','2026-08-05 18:42:18'),
(206,3,28,'2026-08-23','2026-08-24','00','2026-08-05 18:42:30','2026-08-05 18:42:30'),
(207,3,29,'2026-08-25','2026-08-26','00','2026-08-05 18:42:40','2026-08-05 18:42:40'),
(208,3,30,'2026-08-27','2026-08-28','00','2026-08-05 18:42:48','2026-08-05 18:42:48'),
(209,3,31,'2026-08-29','2026-08-30','00','2026-08-05 18:43:01','2026-08-05 18:43:01'),
(210,3,32,'2026-08-31','2026-09-01','00','2026-08-05 18:43:13','2026-08-05 18:43:13'),
(211,3,33,'2026-09-02','2026-09-03','00','2026-08-05 18:43:23','2026-08-05 18:43:23'),
(212,3,34,'2026-09-04','2026-09-05','00','2026-08-05 18:43:34','2026-08-05 18:43:34'),
(213,3,35,'2026-09-06','2026-09-07','00','2026-08-05 18:43:50','2026-08-05 18:43:50'),
(214,3,36,'2026-09-08','2026-09-09','00','2026-08-05 18:44:01','2026-08-05 18:44:01'),
(215,3,37,'2026-09-10','2026-09-11','00','2026-08-05 18:44:13','2026-08-05 18:44:13'),
(216,3,38,'2026-09-12','2026-09-13','00','2026-08-05 18:44:24','2026-08-05 18:44:24'),
(217,3,39,'2026-09-14','2026-09-15','00','2026-08-05 18:44:35','2026-08-05 18:44:35'),
(218,3,40,'2026-09-16','2026-09-17','00','2026-08-05 18:44:46','2026-08-05 18:44:46'),
(219,3,41,'2026-09-18','2026-09-19','00','2026-08-05 18:44:56','2026-08-05 18:44:56'),
(220,10,96,'2026-06-02','2026-06-03','00','2026-08-06 16:24:06','2026-08-06 16:24:06'),
(221,10,2,'2026-06-02','2026-06-03','00','2026-08-06 17:27:28','2026-08-06 17:27:28'),
(222,10,97,'2026-06-04','2026-06-05','00','2026-08-06 17:54:49','2026-08-06 17:54:49'),
(223,10,98,'2026-06-06','2026-06-07','00','2026-08-06 17:54:59','2026-08-06 17:54:59'),
(224,10,99,'2026-06-08','2026-06-09','00','2026-08-06 18:37:13','2026-08-06 18:37:13'),
(225,10,100,'2026-06-08','2026-06-09','00','2026-08-06 18:39:18','2026-08-06 18:39:18'),
(226,10,101,'2026-06-08','2026-06-09','00','2026-08-06 18:41:21','2026-08-06 18:41:21'),
(227,10,102,'2026-06-10','2026-06-11','00','2026-08-06 18:50:47','2026-08-06 18:50:47'),
(228,10,104,'2026-06-12','2026-06-13','00','2026-08-06 19:02:15','2026-08-06 19:02:15'),
(229,10,105,'2026-06-12','2026-06-13','00','2026-08-06 19:04:58','2026-08-06 19:04:58'),
(230,10,106,'2026-06-12','2026-06-13','00','2026-08-06 19:07:19','2026-08-06 19:07:19'),
(231,10,107,'2026-06-14','2026-06-15','00','2026-08-06 19:13:24','2026-08-06 19:13:24'),
(232,10,109,'2026-06-16','2026-06-17','00','2026-08-06 19:27:00','2026-08-06 19:27:00'),
(233,10,110,'2026-06-18','2026-06-19','00','2026-08-06 19:32:37','2026-08-06 19:32:37'),
(234,10,111,'2026-06-18','2026-06-19','00','2026-08-06 19:34:25','2026-08-06 19:34:25'),
(235,10,113,'2026-06-20','2026-06-21','00','2026-08-06 19:44:44','2026-08-06 19:44:44'),
(236,10,114,'2026-06-22','2026-06-23','00','2026-08-06 20:07:33','2026-08-06 20:07:33'),
(237,10,103,'2026-06-10','2026-06-11','00','2026-08-07 06:40:17','2026-08-07 06:40:17'),
(238,10,108,'2026-06-14','2026-06-15','00','2026-08-07 06:41:07','2026-08-07 06:41:07'),
(239,10,112,'2026-06-18','2026-06-19','00','2026-08-07 06:41:51','2026-08-07 06:41:51'),
(240,3,96,'2026-07-02','2026-07-03','00','2026-08-07 07:26:56','2026-08-07 07:26:56'),
(241,3,97,'2026-07-04','2026-07-05','00','2026-08-07 07:27:14','2026-08-07 07:27:14'),
(242,3,101,'2026-07-08','2026-07-09','00','2026-08-07 07:27:56','2026-08-07 07:27:56'),
(243,3,103,'2026-07-10','2026-07-11','00','2026-08-07 07:28:15','2026-08-07 07:28:15'),
(244,3,106,'2026-07-12','2026-07-13','00','2026-08-07 07:33:22','2026-08-07 07:33:22'),
(245,3,108,'2026-07-14','2026-07-15','00','2026-08-07 07:34:23','2026-08-07 07:34:23'),
(246,3,109,'2026-07-16','2026-07-17','00','2026-08-07 07:35:27','2026-08-07 07:35:27'),
(247,3,112,'2026-07-18','2026-07-19','00','2026-08-07 07:35:38','2026-08-07 07:35:38'),
(248,3,113,'2026-07-20','2026-07-21','00','2026-08-07 07:35:57','2026-08-07 07:35:57'),
(249,3,114,'2026-07-22','2026-07-23','00','2026-08-07 07:36:13','2026-08-07 07:36:13'),
(250,3,98,'2026-07-06','2026-07-07','00','2026-08-07 07:38:42','2026-08-07 07:38:42'),
(251,3,115,'2026-07-06','2026-07-07','00','2026-08-07 08:58:23','2026-08-07 08:58:23'),
(252,3,116,'2026-07-08','2026-07-09','00','2026-08-07 09:15:17','2026-08-07 09:15:17'),
(253,3,117,'2026-07-06','2026-07-07','00','2026-08-07 09:17:56','2026-08-07 09:17:56'),
(254,3,118,'2026-07-06','2026-07-07','00','2026-08-07 09:21:45','2026-08-07 09:21:45'),
(255,3,119,'2026-07-06','2026-07-07','00','2026-08-07 09:25:33','2026-08-07 09:25:33'),
(256,3,120,'2026-07-06','2026-07-07','00','2026-08-07 09:28:36','2026-08-07 09:28:36'),
(257,3,121,'2026-07-08','2026-07-09','00','2026-08-07 09:36:59','2026-08-07 09:36:59'),
(258,10,122,'2026-06-08','2026-06-09','00','2026-08-07 11:05:53','2026-08-07 11:05:53'),
(259,10,123,'2026-06-08','2026-06-09','00','2026-08-07 11:10:49','2026-08-07 11:10:49'),
(260,10,124,'2026-06-08','2026-06-09','00','2026-08-07 11:14:12','2026-08-07 11:14:12'),
(261,10,120,'2026-06-06','2026-06-07','00','2026-08-07 11:35:44','2026-08-07 11:35:44'),
(262,10,125,'2026-06-10','2026-06-11','00','2026-08-07 11:42:49','2026-08-07 11:42:49'),
(263,10,126,'2026-06-10','2026-06-11','00','2026-08-07 11:45:27','2026-08-07 11:45:27'),
(264,10,127,'2026-06-10','2026-06-11','00','2026-08-07 11:48:12','2026-08-07 11:48:12'),
(265,10,128,'2026-06-10','2026-06-11','00','2026-08-07 12:01:23','2026-08-07 12:01:23'),
(266,10,129,'2026-06-10','2026-06-11','00','2026-08-07 12:06:34','2026-08-07 12:06:34'),
(267,3,130,'2026-07-12','2026-07-13','00','2026-08-07 12:56:13','2026-08-07 12:56:13'),
(268,3,131,'2026-07-12','2026-07-13','00','2026-08-07 12:59:19','2026-08-07 12:59:19'),
(269,3,132,'2026-07-12','2026-07-13','00','2026-08-07 13:04:28','2026-08-07 13:04:28'),
(270,3,133,'2026-07-12','2026-07-13','00','2026-08-07 13:08:15','2026-08-07 13:08:15'),
(271,3,134,'2026-07-12','2026-07-13','00','2026-08-07 13:10:24','2026-08-07 13:10:24'),
(272,3,135,'2026-07-12','2026-07-13','00','2026-08-07 13:13:02','2026-08-07 13:13:02'),
(273,3,136,'2026-07-14','2026-07-15','00','2026-08-07 13:52:06','2026-08-07 13:52:06'),
(274,3,137,'2026-07-14','2026-07-15','00','2026-08-07 13:56:52','2026-08-07 13:56:52'),
(275,3,138,'2026-07-14','2026-07-15','00','2026-08-07 14:00:47','2026-08-07 14:00:47'),
(276,3,139,'2026-07-14','2026-07-15','00','2026-08-07 14:03:28','2026-08-07 14:03:28'),
(277,3,140,'2026-07-14','2026-07-15','00','2026-08-07 14:05:46','2026-08-07 14:05:46'),
(278,3,141,'2026-07-14','2026-07-15','00','2026-08-07 14:11:50','2026-08-07 14:11:50'),
(279,3,142,'2026-07-14','2026-07-15','00','2026-08-07 14:35:06','2026-08-07 14:35:06'),
(280,3,143,'2026-07-14','2026-07-15','00','2026-08-07 14:38:25','2026-08-07 14:38:25'),
(281,3,144,'2026-07-14','2026-07-15','00','2026-08-07 14:40:59','2026-08-07 14:40:59'),
(282,3,145,'2026-07-16','2026-07-17','00','2026-08-07 14:54:44','2026-08-07 14:54:44'),
(283,3,146,'2026-07-16','2026-07-17','00','2026-08-07 14:58:29','2026-08-07 14:58:29'),
(284,3,147,'2026-07-18','2026-07-19','00','2026-08-07 15:05:37','2026-08-07 15:05:37'),
(285,3,148,'2026-07-18','2026-07-19','00','2026-08-07 15:12:23','2026-08-07 15:12:23'),
(286,3,149,'2026-07-20','2026-07-21','00','2026-08-07 15:23:57','2026-08-07 15:23:57'),
(287,3,150,'2026-07-22','2026-07-23','00','2026-08-07 15:37:36','2026-08-07 15:37:36'),
(288,3,151,'2026-07-24','2026-07-25','00','2026-08-07 15:40:48','2026-08-07 15:40:48'),
(289,3,152,'2026-07-26','2026-07-27','00','2026-08-07 15:44:09','2026-08-07 15:44:09'),
(290,3,153,'2026-07-12','2026-07-13','00','2026-08-07 15:47:45','2026-08-07 15:47:45'),
(291,3,154,'2026-07-12','2026-07-13','00','2026-08-07 15:50:17','2026-08-07 15:50:17'),
(292,10,156,'2026-06-14','2026-06-15','00','2026-08-08 05:44:50','2026-08-08 05:44:50'),
(293,10,157,'2026-06-14','2026-06-15','00','2026-08-08 12:09:18','2026-08-08 12:09:18'),
(294,10,158,'2026-06-14','2026-06-15','00','2026-08-08 12:26:26','2026-08-08 12:26:26'),
(295,10,159,'2026-06-14','2026-06-15','00','2026-08-08 12:40:26','2026-08-08 12:40:26'),
(296,10,160,'2026-06-16','2026-06-17','00','2026-08-08 12:42:25','2026-08-08 12:42:25'),
(297,10,161,'2026-06-18','2026-06-19','00','2026-08-08 12:45:35','2026-08-08 12:45:35'),
(298,10,162,'2026-06-18','2026-06-19','00','2026-08-08 12:54:04','2026-08-08 12:54:04'),
(299,2,162,'2026-02-08','2026-02-09','00','2026-08-08 13:29:56','2026-08-08 13:29:56'),
(300,1,162,'2026-08-08','2026-08-09','00','2026-08-08 13:38:19','2026-08-08 13:38:19'),
(301,1,163,'2026-08-08','2026-08-09','00','2026-08-08 13:56:35','2026-08-08 13:56:35'),
(302,10,163,'2026-06-18','2026-06-19','00','2026-08-08 13:58:24','2026-08-08 13:58:24'),
(303,10,164,'2026-06-18','2026-06-19','00','2026-08-08 14:04:40','2026-08-08 14:04:40'),
(304,10,165,'2026-06-20','2026-06-21','00','2026-08-08 14:08:52','2026-08-08 14:08:52'),
(305,10,166,'2026-06-22','2026-06-23','00','2026-08-08 14:21:39','2026-08-08 14:21:39'),
(306,10,167,'2026-06-22','2026-06-23','00','2026-08-08 14:29:22','2026-08-08 14:29:22'),
(307,10,168,'2026-06-24','2026-06-25','00','2026-08-08 14:43:44','2026-08-08 14:43:44'),
(308,10,169,'2026-06-24','2026-06-25','00','2026-08-08 14:48:09','2026-08-08 14:48:09'),
(309,10,170,'2026-06-26','2026-06-27','00','2026-08-08 14:58:50','2026-08-08 14:58:50'),
(310,10,171,'2026-06-26','2026-06-27','00','2026-08-08 15:02:28','2026-08-08 15:02:28'),
(311,10,172,'2026-06-28','2026-06-29','00','2026-08-08 15:09:54','2026-08-08 15:09:54'),
(312,10,173,'2026-06-28','2026-06-29','00','2026-08-08 15:13:49','2026-08-08 15:13:49'),
(313,10,174,'2026-06-30','2026-07-01','00','2026-08-08 15:22:13','2026-08-08 15:22:13'),
(314,10,175,'2026-06-30','2026-07-01','00','2026-08-08 15:36:06','2026-08-08 15:36:06'),
(315,10,176,'2026-07-02','2026-07-03','00','2026-08-08 17:56:18','2026-08-08 17:56:18'),
(316,10,177,'2026-07-02','2026-07-03','00','2026-08-08 18:00:20','2026-08-08 18:00:20'),
(317,10,178,'2026-07-04','2026-07-05','00','2026-08-08 18:10:42','2026-08-08 18:10:42'),
(318,10,179,'2026-07-04','2026-07-05','00','2026-08-08 18:14:18','2026-08-08 18:14:18'),
(319,10,180,'2026-06-02','2026-06-03','00','2026-08-08 20:24:42','2026-08-08 20:24:42'),
(320,10,155,'2026-06-12','2026-06-13','00','2026-08-08 20:32:24','2026-08-08 20:32:24'),
(321,10,3,'2026-06-04','2026-06-05','00','2026-08-09 18:21:48','2026-08-09 18:21:48'),
(322,10,4,'2026-06-06','2026-06-07','00','2026-08-09 18:21:50','2026-08-09 18:21:50'),
(323,10,5,'2026-06-08','2026-06-09','00','2026-08-09 18:21:51','2026-08-09 18:21:51'),
(324,10,6,'2026-06-10','2026-06-11','00','2026-08-09 18:21:52','2026-08-09 18:21:52'),
(325,10,7,'2026-06-12','2026-06-13','00','2026-08-09 18:21:54','2026-08-09 18:21:54'),
(326,10,8,'2026-06-14','2026-06-15','00','2026-08-09 18:21:55','2026-08-09 18:21:55'),
(327,10,9,'2026-06-16','2026-06-17','00','2026-08-09 18:21:58','2026-08-09 18:21:58'),
(328,10,10,'2026-06-18','2026-06-19','00','2026-08-09 18:21:59','2026-08-09 18:21:59'),
(329,10,11,'2026-06-20','2026-06-21','00','2026-08-09 18:22:01','2026-08-09 18:22:01'),
(330,10,12,'2026-06-22','2026-06-23','00','2026-08-09 18:22:02','2026-08-09 18:22:02'),
(331,10,13,'2026-06-24','2026-06-25','00','2026-08-09 18:22:05','2026-08-09 18:22:05'),
(332,10,14,'2026-06-26','2026-06-27','00','2026-08-09 18:22:06','2026-08-09 18:22:06'),
(333,10,15,'2026-06-28','2026-06-29','00','2026-08-09 18:22:08','2026-08-09 18:22:08'),
(334,10,16,'2026-06-30','2026-07-01','00','2026-08-09 18:22:10','2026-08-09 18:22:10'),
(335,10,17,'2026-07-02','2026-07-03','00','2026-08-09 18:22:11','2026-08-09 18:22:11'),
(336,10,18,'2026-07-04','2026-07-05','00','2026-08-09 18:22:13','2026-08-09 18:22:13'),
(337,10,19,'2026-07-06','2026-07-07','00','2026-08-09 18:22:14','2026-08-09 18:22:14'),
(338,10,20,'2026-07-08','2026-07-09','00','2026-08-09 18:22:16','2026-08-09 18:22:16'),
(339,10,21,'2026-07-10','2026-07-11','00','2026-08-09 18:22:18','2026-08-09 18:22:18'),
(340,10,22,'2026-07-12','2026-07-13','00','2026-08-09 18:22:20','2026-08-09 18:22:20'),
(341,10,23,'2026-07-14','2026-07-15','00','2026-08-09 18:22:21','2026-08-09 18:22:21'),
(342,10,24,'2026-07-16','2026-07-17','00','2026-08-09 18:22:23','2026-08-09 18:22:23'),
(343,10,25,'2026-07-18','2026-07-19','00','2026-08-09 18:22:24','2026-08-09 18:22:24'),
(344,10,26,'2026-07-20','2026-07-21','00','2026-08-09 18:22:26','2026-08-09 18:22:26'),
(345,10,27,'2026-07-22','2026-07-23','00','2026-08-09 18:22:27','2026-08-09 18:22:27'),
(346,10,28,'2026-07-24','2026-07-25','00','2026-08-09 18:22:30','2026-08-09 18:22:30'),
(347,10,29,'2026-07-26','2026-07-27','00','2026-08-09 18:22:32','2026-08-09 18:22:32'),
(348,10,30,'2026-07-28','2026-07-29','00','2026-08-09 18:22:34','2026-08-09 18:22:34'),
(349,10,31,'2026-07-30','2026-07-31','00','2026-08-09 18:22:36','2026-08-09 18:22:36'),
(350,10,32,'2026-08-01','2026-08-02','00','2026-08-09 18:22:37','2026-08-09 18:22:37'),
(351,10,33,'2026-08-03','2026-08-04','00','2026-08-09 18:22:39','2026-08-09 18:22:39'),
(352,10,34,'2026-08-05','2026-08-06','00','2026-08-09 18:22:40','2026-08-09 18:22:40'),
(353,10,35,'2026-08-07','2026-08-08','00','2026-08-09 18:22:42','2026-08-09 18:22:42'),
(354,10,36,'2026-08-09','2026-08-10','00','2026-08-09 18:22:44','2026-08-09 18:22:44'),
(355,10,37,'2026-08-11','2026-08-12','00','2026-08-09 18:22:45','2026-08-09 18:22:45'),
(356,10,38,'2026-08-13','2026-08-14','00','2026-08-09 18:22:47','2026-08-09 18:22:47'),
(357,10,40,'2026-08-17','2026-08-18','00','2026-08-09 18:22:48','2026-08-09 18:22:48'),
(358,10,41,'2026-08-19','2026-08-20','00','2026-08-09 18:22:50','2026-08-09 18:22:50'),
(359,10,42,'2026-08-21','2026-08-22','00','2026-08-09 18:22:51','2026-08-09 18:22:51'),
(360,10,184,'2026-07-06','2026-07-07','00','2026-08-09 19:12:04','2026-08-09 19:12:04'),
(361,10,185,'2026-07-06','2026-07-07','00','2026-08-09 19:16:09','2026-08-09 19:16:09'),
(362,10,186,'2026-07-06','2026-07-07','00','2026-08-09 19:18:32','2026-08-09 19:18:32'),
(363,10,187,'2026-07-08','2026-07-09','00','2026-08-10 08:28:37','2026-08-10 08:28:37'),
(364,10,188,'2026-07-08','2026-07-09','00','2026-08-10 08:32:45','2026-08-10 08:32:45'),
(365,10,189,'2026-07-10','2026-07-11','00','2026-08-10 08:45:44','2026-08-10 08:45:44'),
(366,10,190,'2026-07-10','2026-07-11','00','2026-08-10 08:58:02','2026-08-10 08:58:02'),
(367,10,191,'2026-07-10','2026-07-11','00','2026-08-10 09:00:51','2026-08-10 09:00:51'),
(368,10,192,'2026-07-12','2026-07-13','00','2026-08-10 09:07:21','2026-08-10 09:07:21'),
(369,10,193,'2026-07-12','2026-07-13','00','2026-08-10 09:11:59','2026-08-10 09:11:59'),
(370,10,194,'2026-07-12','2026-07-13','00','2026-08-10 09:17:52','2026-08-10 09:17:52'),
(371,7,2,'2026-06-02','2026-06-03','00','2026-08-10 09:37:20','2026-08-10 09:37:20'),
(372,10,195,'2026-07-14','2026-07-15','00','2026-08-10 09:39:15','2026-08-10 09:39:15'),
(373,10,196,'2026-07-14','2026-07-15','00','2026-08-10 09:47:05','2026-08-10 09:47:05'),
(374,10,197,'2026-07-14','2026-07-15','00','2026-08-10 09:54:20','2026-08-10 09:54:20'),
(375,10,199,'2026-07-16','2026-07-17','00','2026-08-10 18:18:11','2026-08-10 18:18:11'),
(376,10,200,'2026-07-16','2026-07-17','00','2026-08-10 18:21:12','2026-08-10 18:21:12'),
(377,10,201,'2026-07-18','2026-07-19','00','2026-08-10 18:26:28','2026-08-10 18:26:28'),
(378,10,202,'2026-07-18','2026-07-19','00','2026-08-10 18:29:40','2026-08-10 18:29:40'),
(379,10,203,'2026-07-18','2026-07-19','00','2026-08-10 18:32:03','2026-08-10 18:32:03'),
(380,10,204,'2026-07-20','2026-07-21','00','2026-08-10 18:37:39','2026-08-10 18:37:39'),
(381,12,2,'2026-05-01','2026-05-02','00','2026-08-11 04:07:31','2026-08-11 04:07:31'),
(382,12,25,'2026-06-16','2026-06-17','00','2026-08-11 04:08:17','2026-08-11 04:08:17'),
(383,12,3,'2026-05-03','2026-05-04','00','2026-08-11 04:10:05','2026-08-11 04:10:05'),
(384,12,4,'2026-05-05','2026-05-06','00','2026-08-11 04:10:50','2026-08-11 04:10:50'),
(385,12,5,'2026-05-07','2026-05-08','00','2026-08-11 04:11:03','2026-08-11 04:11:03'),
(386,12,6,'2026-05-09','2026-05-10','00','2026-08-11 04:11:17','2026-08-11 04:11:17'),
(387,12,7,'2026-05-11','2026-05-12','00','2026-08-11 04:11:31','2026-08-11 04:11:31'),
(388,12,8,'2026-05-13','2026-05-14','00','2026-08-11 04:11:46','2026-08-11 04:11:46'),
(389,12,9,'2026-05-15','2026-05-16','00','2026-08-11 04:12:07','2026-08-11 04:12:07'),
(390,12,10,'2026-05-17','2026-05-18','00','2026-08-11 04:12:25','2026-08-11 04:12:25'),
(391,12,11,'2026-05-19','2026-05-20','00','2026-08-11 04:14:32','2026-08-11 04:14:32'),
(392,12,12,'2026-05-21','2026-05-22','00','2026-08-11 04:14:48','2026-08-11 04:14:48'),
(393,12,13,'2026-05-23','2026-05-24','00','2026-08-11 04:15:18','2026-08-11 04:15:18'),
(394,12,14,'2026-05-25','2026-05-26','00','2026-08-11 04:15:46','2026-08-11 04:15:46'),
(395,12,15,'2026-05-27','2026-05-28','00','2026-08-11 04:16:02','2026-08-11 04:16:02'),
(396,12,16,'2026-05-29','2026-05-30','00','2026-08-11 04:18:01','2026-08-11 04:18:01'),
(397,12,17,'2026-05-31','2026-06-01','00','2026-08-11 04:18:42','2026-08-11 04:18:42'),
(398,12,18,'2026-06-02','2026-06-03','00','2026-08-11 04:18:59','2026-08-11 04:18:59'),
(399,12,19,'2026-06-04','2026-06-05','00','2026-08-11 04:19:19','2026-08-11 04:19:19'),
(400,12,20,'2026-06-06','2026-06-07','00','2026-08-11 04:19:33','2026-08-11 04:19:33'),
(401,12,21,'2026-06-08','2026-06-09','00','2026-08-11 04:19:46','2026-08-11 04:19:46'),
(402,12,22,'2026-06-10','2026-06-11','00','2026-08-11 04:20:00','2026-08-11 04:20:00'),
(403,12,23,'2026-06-12','2026-06-13','00','2026-08-11 04:20:15','2026-08-11 04:20:15'),
(404,12,24,'2026-06-14','2026-06-15','00','2026-08-11 04:20:31','2026-08-11 04:20:31'),
(405,12,26,'2026-06-18','2026-06-19','00','2026-08-11 04:20:57','2026-08-11 04:20:57'),
(406,12,28,'2026-06-22','2026-06-23','00','2026-08-11 04:21:11','2026-08-11 04:21:11'),
(407,12,27,'2026-06-20','2026-06-21','00','2026-08-11 04:21:36','2026-08-11 04:21:36'),
(408,12,29,'2026-06-24','2026-06-25','00','2026-08-11 04:22:18','2026-08-11 04:22:18'),
(409,12,30,'2026-06-26','2026-06-27','00','2026-08-11 04:22:39','2026-08-11 04:22:39'),
(410,12,32,'2026-06-30','2026-07-01','00','2026-08-11 04:22:55','2026-08-11 04:22:55'),
(411,12,31,'2026-06-28','2026-06-29','00','2026-08-11 04:23:12','2026-08-11 04:23:12'),
(412,12,33,'2026-07-02','2026-07-03','00','2026-08-11 04:23:28','2026-08-11 04:23:28'),
(413,12,34,'2026-07-04','2026-07-05','00','2026-08-11 04:23:46','2026-08-11 04:23:46'),
(414,12,35,'2026-07-06','2026-07-07','00','2026-08-11 04:24:11','2026-08-11 04:24:11'),
(415,12,36,'2026-07-08','2026-07-09','00','2026-08-11 04:24:30','2026-08-11 04:24:30'),
(416,12,37,'2026-07-10','2026-07-11','00','2026-08-11 04:24:48','2026-08-11 04:24:48'),
(417,12,38,'2026-07-12','2026-07-13','00','2026-08-11 04:27:12','2026-08-11 04:27:12'),
(418,12,39,'2026-07-14','2026-07-15','00','2026-08-11 04:27:26','2026-08-11 04:27:26'),
(419,12,40,'2026-07-16','2026-07-17','00','2026-08-11 04:27:40','2026-08-11 04:27:40'),
(420,12,41,'2026-07-18','2026-07-19','00','2026-08-11 04:27:53','2026-08-11 04:27:53'),
(421,3,198,'2026-08-13','2026-08-14','00','2026-08-11 12:56:45','2026-08-11 12:56:45'),
(422,10,205,'2026-07-20','2026-07-21','00','2026-08-12 08:40:07','2026-08-12 08:40:07'),
(423,10,206,'2026-07-20','2026-07-21','00','2026-08-12 08:45:55','2026-08-12 08:45:55'),
(424,10,207,'2026-07-22','2026-07-23','00','2026-08-12 09:02:14','2026-08-12 09:02:14'),
(425,10,208,'2026-07-22','2026-07-23','00','2026-08-12 09:07:07','2026-08-12 09:07:07'),
(426,10,209,'2026-07-22','2026-07-23','00','2026-08-12 09:25:42','2026-08-12 09:25:42'),
(427,10,210,'2026-07-24','2026-07-25','00','2026-08-12 09:35:19','2026-08-12 09:35:19'),
(428,10,211,'2026-07-24','2026-07-25','00','2026-08-12 09:42:45','2026-08-12 09:42:45'),
(429,10,212,'2026-07-24','2026-07-25','00','2026-08-12 09:45:04','2026-08-12 09:45:04'),
(430,10,214,'2026-07-26','2026-07-27','00','2026-08-12 09:54:37','2026-08-12 09:54:37'),
(431,10,215,'2026-07-26','2026-07-27','00','2026-08-12 09:57:24','2026-08-12 09:57:24'),
(432,10,216,'2026-07-28','2026-07-29','00','2026-08-13 11:34:13','2026-08-13 11:34:13'),
(433,10,217,'2026-07-28','2026-07-29','00','2026-08-13 11:38:29','2026-08-13 11:38:29'),
(434,10,218,'2026-07-30','2026-07-31','00','2026-08-13 11:44:41','2026-08-13 11:44:41'),
(435,10,219,'2026-07-30','2026-07-31','00','2026-08-13 11:48:36','2026-08-13 11:48:36'),
(436,10,220,'2026-07-30','2026-07-31','00','2026-08-13 11:52:21','2026-08-13 11:52:21'),
(437,10,221,'2026-08-01','2026-08-02','00','2026-08-13 12:03:11','2026-08-13 12:03:11'),
(438,10,222,'2026-08-01','2026-08-02','00','2026-08-13 12:05:26','2026-08-13 12:05:26'),
(439,10,223,'2026-08-01','2026-08-02','00','2026-08-13 12:08:37','2026-08-13 12:08:37'),
(440,10,224,'2026-08-01','2026-08-02','00','2026-08-13 12:11:36','2026-08-13 12:11:36'),
(441,10,225,'2026-08-03','2026-08-04','00','2026-08-13 12:22:13','2026-08-13 12:22:13'),
(442,10,226,'2026-08-03','2026-08-04','00','2026-08-13 12:26:48','2026-08-13 12:26:48'),
(443,10,227,'2026-08-05','2026-08-06','00','2026-08-13 12:51:24','2026-08-13 12:51:24'),
(444,13,2,'2026-06-01','2026-06-02','00','2026-08-15 11:20:16','2026-08-15 11:20:16'),
(445,13,3,'2026-06-03','2026-06-04','00','2026-08-15 11:30:25','2026-08-15 11:30:25'),
(446,13,4,'2026-06-05','2026-06-06','00','2026-08-15 11:30:27','2026-08-15 11:30:27'),
(447,13,5,'2026-06-07','2026-06-08','00','2026-08-15 11:30:28','2026-08-15 11:30:28'),
(448,13,6,'2026-06-09','2026-06-10','00','2026-08-15 11:30:30','2026-08-15 11:30:30'),
(449,13,7,'2026-06-11','2026-06-12','00','2026-08-15 11:30:32','2026-08-15 11:30:32'),
(450,13,8,'2026-06-13','2026-06-14','00','2026-08-15 11:30:33','2026-08-15 11:30:33'),
(451,13,9,'2026-06-15','2026-06-16','00','2026-08-15 11:30:37','2026-08-15 11:30:37'),
(452,13,10,'2026-06-17','2026-06-18','00','2026-08-15 11:30:38','2026-08-15 11:30:38'),
(453,13,11,'2026-06-19','2026-06-20','00','2026-08-15 11:30:39','2026-08-15 11:30:39'),
(454,13,12,'2026-06-21','2026-06-22','00','2026-08-15 11:30:41','2026-08-15 11:30:41'),
(455,13,13,'2026-06-23','2026-06-24','00','2026-08-15 11:30:44','2026-08-15 11:30:44'),
(456,13,14,'2026-06-25','2026-06-26','00','2026-08-15 11:30:45','2026-08-15 11:30:45'),
(457,13,15,'2026-06-27','2026-06-28','00','2026-08-15 11:30:47','2026-08-15 11:30:47'),
(458,13,16,'2026-06-29','2026-06-30','00','2026-08-15 11:30:49','2026-08-15 11:30:49'),
(459,13,17,'2026-07-01','2026-07-02','00','2026-08-15 11:30:51','2026-08-15 11:30:51'),
(460,13,18,'2026-07-03','2026-07-04','00','2026-08-15 11:30:53','2026-08-15 11:30:53'),
(461,13,19,'2026-07-05','2026-07-06','00','2026-08-15 11:30:54','2026-08-15 11:30:54'),
(462,13,20,'2026-07-07','2026-07-08','00','2026-08-15 11:30:56','2026-08-15 11:30:56'),
(463,13,21,'2026-07-09','2026-07-10','00','2026-08-15 11:30:58','2026-08-15 11:30:58'),
(464,13,22,'2026-07-11','2026-07-12','00','2026-08-15 11:31:00','2026-08-15 11:31:00'),
(465,13,23,'2026-07-13','2026-07-14','00','2026-08-15 11:31:02','2026-08-15 11:31:02'),
(466,13,24,'2026-07-15','2026-07-16','00','2026-08-15 11:31:04','2026-08-15 11:31:04'),
(467,13,25,'2026-07-17','2026-07-18','00','2026-08-15 11:31:06','2026-08-15 11:31:06'),
(468,13,26,'2026-07-19','2026-07-20','00','2026-08-15 11:31:08','2026-08-15 11:31:08'),
(469,13,27,'2026-07-21','2026-07-22','00','2026-08-15 11:31:09','2026-08-15 11:31:09'),
(470,13,28,'2026-07-23','2026-07-24','00','2026-08-15 11:31:13','2026-08-15 11:31:13'),
(471,13,29,'2026-07-25','2026-07-26','00','2026-08-15 11:31:15','2026-08-15 11:31:15'),
(472,13,30,'2026-07-27','2026-07-28','00','2026-08-15 11:31:17','2026-08-15 11:31:17'),
(473,13,31,'2026-07-29','2026-07-30','00','2026-08-15 11:31:19','2026-08-15 11:31:19'),
(474,13,32,'2026-07-31','2026-08-01','00','2026-08-15 11:31:21','2026-08-15 11:31:21'),
(475,13,33,'2026-08-02','2026-08-03','00','2026-08-15 11:31:22','2026-08-15 11:31:22'),
(476,13,34,'2026-08-04','2026-08-05','00','2026-08-15 11:31:24','2026-08-15 11:31:24'),
(477,13,35,'2026-08-06','2026-08-07','00','2026-08-15 11:31:25','2026-08-15 11:31:25'),
(478,13,36,'2026-08-08','2026-08-09','00','2026-08-15 11:31:27','2026-08-15 11:31:27'),
(479,13,37,'2026-08-10','2026-08-11','00','2026-08-15 11:31:29','2026-08-15 11:31:29'),
(480,13,38,'2026-08-12','2026-08-13','00','2026-08-15 11:31:30','2026-08-15 11:31:30'),
(481,13,39,'2026-08-14','2026-08-15','00','2026-08-15 11:31:32','2026-08-15 11:31:32'),
(482,13,40,'2026-08-16','2026-08-17','00','2026-08-15 11:31:34','2026-08-15 11:31:34'),
(483,13,41,'2026-08-18','2026-08-19','00','2026-08-15 11:31:35','2026-08-15 11:31:35'),
(484,13,42,'2026-08-20','2026-08-21','00','2026-08-15 11:31:37','2026-08-15 11:31:37'),
(485,9,97,'2026-06-04','2026-06-05','00','2026-08-16 07:17:47','2026-08-16 07:17:47'),
(486,9,120,'2026-06-06','2026-06-07','00','2026-08-16 07:17:51','2026-08-16 07:17:51'),
(487,9,124,'2026-06-08','2026-06-09','00','2026-08-16 07:17:52','2026-08-16 07:17:52'),
(488,9,129,'2026-06-10','2026-06-11','00','2026-08-16 07:17:54','2026-08-16 07:17:54'),
(489,9,155,'2026-06-12','2026-06-13','00','2026-08-16 07:17:55','2026-08-16 07:17:55'),
(490,9,159,'2026-06-14','2026-06-15','00','2026-08-16 07:17:58','2026-08-16 07:17:58'),
(491,9,160,'2026-06-16','2026-06-17','00','2026-08-16 07:17:59','2026-08-16 07:17:59'),
(492,9,164,'2026-06-18','2026-06-19','00','2026-08-16 07:18:01','2026-08-16 07:18:01'),
(493,9,165,'2026-06-20','2026-06-21','00','2026-08-16 07:18:02','2026-08-16 07:18:02'),
(494,9,167,'2026-06-22','2026-06-23','00','2026-08-16 07:18:04','2026-08-16 07:18:04'),
(495,9,169,'2026-06-24','2026-06-25','00','2026-08-16 07:18:06','2026-08-16 07:18:06'),
(496,9,171,'2026-06-26','2026-06-27','00','2026-08-16 07:18:08','2026-08-16 07:18:08'),
(497,9,173,'2026-06-28','2026-06-29','00','2026-08-16 07:18:09','2026-08-16 07:18:09'),
(498,9,175,'2026-06-30','2026-07-01','00','2026-08-16 07:18:11','2026-08-16 07:18:11'),
(499,9,177,'2026-07-02','2026-07-03','00','2026-08-16 07:18:13','2026-08-16 07:18:13'),
(500,9,179,'2026-07-04','2026-07-05','00','2026-08-16 07:18:15','2026-08-16 07:18:15'),
(501,9,186,'2026-07-06','2026-07-07','00','2026-08-16 07:18:17','2026-08-16 07:18:17'),
(502,9,188,'2026-07-08','2026-07-09','00','2026-08-16 07:18:20','2026-08-16 07:18:20'),
(503,9,191,'2026-07-10','2026-07-11','00','2026-08-16 07:18:21','2026-08-16 07:18:21'),
(504,9,194,'2026-07-12','2026-07-13','00','2026-08-16 07:18:23','2026-08-16 07:18:23'),
(505,9,198,'2026-07-14','2026-07-15','00','2026-08-16 07:18:25','2026-08-16 07:18:25'),
(506,9,200,'2026-07-16','2026-07-17','00','2026-08-16 07:18:26','2026-08-16 07:18:26'),
(507,9,203,'2026-07-18','2026-07-19','00','2026-08-16 07:18:28','2026-08-16 07:18:28'),
(508,9,206,'2026-07-20','2026-07-21','00','2026-08-16 07:18:29','2026-08-16 07:18:29'),
(509,9,209,'2026-07-22','2026-07-23','00','2026-08-16 07:18:31','2026-08-16 07:18:31'),
(510,9,213,'2026-07-24','2026-07-25','00','2026-08-16 07:18:33','2026-08-16 07:18:33'),
(511,9,215,'2026-07-26','2026-07-27','00','2026-08-16 07:18:35','2026-08-16 07:18:35'),
(512,9,217,'2026-07-28','2026-07-29','00','2026-08-16 07:18:36','2026-08-16 07:18:36'),
(513,9,220,'2026-07-30','2026-07-31','00','2026-08-16 07:18:38','2026-08-16 07:18:38'),
(514,9,224,'2026-08-01','2026-08-02','00','2026-08-16 07:18:40','2026-08-16 07:18:40'),
(515,9,226,'2026-08-03','2026-08-04','00','2026-08-16 07:18:42','2026-08-16 07:18:42'),
(516,9,227,'2026-08-05','2026-08-06','00','2026-08-16 07:18:43','2026-08-16 07:18:43'),
(517,14,42,'2026-08-23','2026-08-24','00','2026-08-20 19:05:30','2026-08-20 19:05:30'),
(518,14,2,'2026-06-04','2026-06-05','00','2026-08-20 19:05:54','2026-08-20 19:05:54'),
(519,14,3,'2026-06-06','2026-06-07','00','2026-08-20 19:05:55','2026-08-20 19:05:55'),
(520,14,4,'2026-06-08','2026-06-09','00','2026-08-20 19:05:57','2026-08-20 19:05:57'),
(521,14,5,'2026-06-10','2026-06-11','00','2026-08-20 19:05:58','2026-08-20 19:05:58'),
(522,14,6,'2026-06-12','2026-06-13','00','2026-08-20 19:06:00','2026-08-20 19:06:00'),
(523,14,7,'2026-06-14','2026-06-15','00','2026-08-20 19:06:01','2026-08-20 19:06:01'),
(524,14,8,'2026-06-16','2026-06-17','00','2026-08-20 19:06:03','2026-08-20 19:06:03'),
(525,14,9,'2026-06-18','2026-06-19','00','2026-08-20 19:06:06','2026-08-20 19:06:06'),
(526,14,10,'2026-06-20','2026-06-21','00','2026-08-20 19:06:08','2026-08-20 19:06:08'),
(527,14,11,'2026-06-22','2026-06-23','00','2026-08-20 19:06:09','2026-08-20 19:06:09'),
(528,14,12,'2026-06-24','2026-06-25','00','2026-08-20 19:06:11','2026-08-20 19:06:11'),
(529,14,13,'2026-06-26','2026-06-27','00','2026-08-20 19:06:13','2026-08-20 19:06:13'),
(530,14,14,'2026-06-28','2026-06-29','00','2026-08-20 19:06:14','2026-08-20 19:06:14'),
(531,14,15,'2026-06-30','2026-07-01','00','2026-08-20 19:06:16','2026-08-20 19:06:16'),
(532,14,16,'2026-07-02','2026-07-03','00','2026-08-20 19:06:17','2026-08-20 19:06:17'),
(533,14,17,'2026-07-04','2026-07-05','00','2026-08-20 19:06:19','2026-08-20 19:06:19'),
(534,14,18,'2026-07-06','2026-07-07','00','2026-08-20 19:06:21','2026-08-20 19:06:21'),
(535,14,19,'2026-07-08','2026-07-09','00','2026-08-20 19:06:22','2026-08-20 19:06:22'),
(536,14,20,'2026-07-10','2026-07-11','00','2026-08-20 19:06:24','2026-08-20 19:06:24'),
(537,14,21,'2026-07-12','2026-07-13','00','2026-08-20 19:06:26','2026-08-20 19:06:26'),
(538,14,22,'2026-07-14','2026-07-15','00','2026-08-20 19:06:27','2026-08-20 19:06:27'),
(539,14,23,'2026-07-16','2026-07-17','00','2026-08-20 19:06:29','2026-08-20 19:06:29'),
(540,14,24,'2026-07-18','2026-07-19','00','2026-08-20 19:06:31','2026-08-20 19:06:31'),
(541,14,25,'2026-07-20','2026-07-21','00','2026-08-20 19:06:32','2026-08-20 19:06:32'),
(542,14,26,'2026-07-22','2026-07-23','00','2026-08-20 19:06:33','2026-08-20 19:06:33'),
(543,14,27,'2026-07-24','2026-07-25','00','2026-08-20 19:06:35','2026-08-20 19:06:35'),
(544,14,28,'2026-07-26','2026-07-27','00','2026-08-20 19:06:39','2026-08-20 19:06:39'),
(545,14,29,'2026-07-28','2026-07-29','00','2026-08-20 19:06:41','2026-08-20 19:06:41'),
(546,14,30,'2026-07-30','2026-07-31','00','2026-08-20 19:06:42','2026-08-20 19:06:42'),
(547,14,31,'2026-08-01','2026-08-02','00','2026-08-20 19:06:44','2026-08-20 19:06:44'),
(548,14,32,'2026-08-03','2026-08-04','00','2026-08-20 19:06:46','2026-08-20 19:06:46'),
(549,14,33,'2026-08-05','2026-08-06','00','2026-08-20 19:06:47','2026-08-20 19:06:47'),
(550,14,34,'2026-08-07','2026-08-08','00','2026-08-20 19:06:48','2026-08-20 19:06:48'),
(551,14,35,'2026-08-09','2026-08-10','00','2026-08-20 19:06:50','2026-08-20 19:06:50'),
(552,14,36,'2026-08-11','2026-08-12','00','2026-08-20 19:06:52','2026-08-20 19:06:52'),
(553,14,37,'2026-08-13','2026-08-14','00','2026-08-20 19:06:53','2026-08-20 19:06:53'),
(554,14,38,'2026-08-15','2026-08-16','00','2026-08-20 19:06:54','2026-08-20 19:06:54'),
(555,14,39,'2026-08-17','2026-08-18','00','2026-08-20 19:06:56','2026-08-20 19:06:56'),
(556,14,40,'2026-08-19','2026-08-20','00','2026-08-20 19:06:58','2026-08-20 19:06:58'),
(557,14,41,'2026-08-21','2026-08-22','00','2026-08-20 19:06:59','2026-08-20 19:06:59');

--
-- Table structure for table `hospital_uploaded_documents`
--

CREATE TABLE `hospital_uploaded_documents` (
  `id` int(11) NOT NULL AUTO_INCREMENT,
  `hospital_id` int(11) NOT NULL,
  `uploaded_by` int(11) NOT NULL,
  `category_id` int(11) NOT NULL,
  `document_name` varchar(255) NOT NULL,
  `original_file_name` varchar(255) NOT NULL,
  `file_path` varchar(255) NOT NULL,
  `file_extension` varchar(20) DEFAULT NULL,
  `file_size` bigint(20) DEFAULT NULL,
  `uploaded_at` timestamp NULL DEFAULT current_timestamp(),
  `is_active` tinyint(1) DEFAULT 1,
  PRIMARY KEY (`id`),
  KEY `hospital_id` (`hospital_id`),
  KEY `category_id` (`category_id`)
) ENGINE=MyISAM DEFAULT CHARSET=utf8mb4 COLLATE=utf8mb4_unicode_ci;

--
-- Dumping data for table `hospital_uploaded_documents`
--



